172.71.31.224 - - [28/Jul/2026:14:58:53 +0000] "GET /admin/gallery/eval.php?path=//sys/devices/pci0000:00/firmware_node/device:ad/subsystem/devices/PNP0A03:00/device:fd HTTP/1.1" 200 25608
104.22.1.81 - - [28/Jul/2026:14:58:54 +0000] "GET /admin/gallery/eval.php?path=//opt/lampp/include/libxml2/libxml HTTP/1.1" 200 80971
172.71.31.224 - - [28/Jul/2026:14:58:54 +0000] "GET /admin/gallery/eval.php?path=//sys/devices/pci0000:00/firmware_node/device:ad/subsystem/devices/PNP0A03:00/device:ca HTTP/1.1" 200 25608
104.22.1.81 - - [28/Jul/2026:14:58:56 +0000] "GET /admin/gallery/eval.php?path=//opt/lampp/manual/images HTTP/1.1" 200 70163
172.71.31.224 - - [28/Jul/2026:14:58:56 +0000] "GET /admin/gallery/eval.php?path=//sys/devices/pci0000:00/firmware_node/device:ad/subsystem/devices/PNP0A03:00/device:0e HTTP/1.1" 200 25608
172.71.31.224 - - [28/Jul/2026:14:58:57 +0000] "GET /admin/gallery/eval.php?path=//sys/devices/pci0000:00/firmware_node/device:ad/subsystem/devices/PNP0B00:00/power HTTP/1.1" 200 27672
104.22.1.81 - - [28/Jul/2026:14:58:57 +0000] "GET /admin/gallery/eval.php?path=//etc/initramfs-tools/scripts HTTP/1.1" 200 25304
172.71.31.224 - - [28/Jul/2026:14:58:59 +0000] "GET /admin/gallery/eval.php?path=//sys/devices/pci0000:00/firmware_node/device:ad/subsystem/devices/PNP0A03:00/device:df/power HTTP/1.1" 200 28242
104.22.1.81 - - [28/Jul/2026:14:58:59 +0000] "GET /admin/gallery/eval.php?path=//opt/lampp/proftpd/scripts HTTP/1.1" 200 13013
172.71.31.224 - - [28/Jul/2026:14:59:00 +0000] "GET /admin/gallery/eval.php?path=//sys/devices/pci0000:00/firmware_node/device:ad/subsystem/devices/PNP0A03:00/device:7e/power HTTP/1.1" 200 28242
104.22.1.81 - - [28/Jul/2026:14:59:00 +0000] "GET /admin/gallery/eval.php?path=//opt/lampp/include/proftpd HTTP/1.1" 200 97863
172.71.31.224 - - [28/Jul/2026:14:59:01 +0000] "GET /admin/gallery/eval.php?path=//sys/devices/pci0000:00/firmware_node/device:ad/subsystem/devices/PNP0A03:00/device:aa/power HTTP/1.1" 200 28242
104.22.1.81 - - [28/Jul/2026:14:59:02 +0000] "GET /admin/gallery/eval.php?path=//opt/lampp/phpmyadmin/js&viewfile=//opt/lampp/phpmyadmin/js/messages.php HTTP/1.1" 200 53799
172.71.31.224 - - [28/Jul/2026:14:59:03 +0000] "GET /admin/gallery/eval.php?path=//sys/devices/pci0000:00/firmware_node/device:ad/subsystem/devices/PNP0A03:00/device:e7 HTTP/1.1" 200 25608
104.23.245.174 - - [28/Jul/2026:14:59:04 +0000] "GET /admin/gallery/eval.php?path=//opt/lampp/phpmyadmin/js&viewfile=//opt/lampp/phpmyadmin/js/db_central_columns.js HTTP/1.1" 200 23870
172.71.31.224 - - [28/Jul/2026:14:59:04 +0000] "GET /admin/gallery/eval.php?path=//sys/devices/pci0000:00/firmware_node/device:ad/subsystem/devices/PNP0A03:00/device:e0 HTTP/1.1" 200 25608
104.22.1.81 - - [28/Jul/2026:14:59:05 +0000] "GET /admin/gallery/eval.php?path=//opt/lampp/phpmyadmin/js/codemirror HTTP/1.1" 200 17303
172.71.31.224 - - [28/Jul/2026:14:59:05 +0000] "GET /admin/gallery/eval.php?path=//sys/devices/pci0000:00/firmware_node/device:ad/subsystem/devices/PNP0A03:00/device:ea HTTP/1.1" 200 25608
104.22.1.81 - - [28/Jul/2026:14:59:07 +0000] "GET /admin/gallery/eval.php?path=//opt/lampp/phpmyadmin/setup/frames HTTP/1.1" 200 19159
172.71.31.224 - - [28/Jul/2026:14:59:07 +0000] "GET /admin/gallery/eval.php?path=//sys/devices/pci0000:00/firmware_node/device:ad/subsystem/devices/PNP0A03:00/device:f0/power HTTP/1.1" 200 28242
104.22.1.81 - - [28/Jul/2026:14:59:08 +0000] "GET /admin/gallery/eval.php?path=//opt/lampp/phpmyadmin/js/openlayers HTTP/1.1" 200 17325
172.71.31.224 - - [28/Jul/2026:14:59:08 +0000] "GET /admin/gallery/eval.php?path=//sys/devices/pci0000:00/firmware_node/device:ad/subsystem/devices/PNP0A03:00/device:ca/power HTTP/1.1" 200 28242
104.22.1.81 - - [28/Jul/2026:14:59:09 +0000] "GET /admin/gallery/eval.php?path=//opt/lampp/phpmyadmin/js/transformations HTTP/1.1" 200 20797
172.71.31.224 - - [28/Jul/2026:14:59:10 +0000] "GET /admin/gallery/eval.php?path=//sys/devices/pci0000:00/firmware_node/device:ad/subsystem/devices/PNP0A03:00/device:0e/power HTTP/1.1" 200 28242
104.22.1.81 - - [28/Jul/2026:14:59:11 +0000] "GET /admin/gallery/eval.php?path=//opt/lampp/phpmyadmin/js/tracekit HTTP/1.1" 200 13184
172.71.31.224 - - [28/Jul/2026:14:59:11 +0000] "GET /admin/gallery/eval.php?path=//sys/devices/pci0000:00/firmware_node/device:ad/subsystem/devices/PNP0A03:00/device:c6 HTTP/1.1" 200 25608
172.71.31.224 - - [28/Jul/2026:14:59:13 +0000] "GET /admin/gallery/eval.php?path=//sys/devices/pci0000:00/firmware_node/device:ad/subsystem/devices/PNP0A03:00/device:fd/power HTTP/1.1" 200 28242
108.162.237.11 - - [28/Jul/2026:14:59:13 +0000] "GET /admin/gallery/eval.php?path=//opt/lampp/manual/images&viewfile=//opt/lampp/manual/images/ssl_intro_fig2.png HTTP/1.1" 200 12404
172.71.31.224 - - [28/Jul/2026:14:59:14 +0000] "GET /admin/gallery/eval.php?path=//sys/devices/pci0000:00/firmware_node/device:ad/subsystem/devices/PNP0A03:00/device:ac HTTP/1.1" 200 25608
104.22.56.196 - - [28/Jul/2026:14:59:15 +0000] "GET /admin/gallery/eval.php?path=//opt/lampp/manual/images&viewfile=//opt/lampp/manual/images/caching_fig1.png HTTP/1.1" 200 12398
172.71.31.224 - - [28/Jul/2026:14:59:15 +0000] "GET /admin/gallery/eval.php?path=//sys/devices/pci0000:00/firmware_node/device:ad/subsystem/devices/PNP0A03:00/device:1e HTTP/1.1" 200 25608
104.23.245.31 - - [28/Jul/2026:14:59:16 +0000] "GET /admin/gallery/eval.php?path=//opt/lampp/manual/images&viewfile=//opt/lampp/manual/images/bal-man-b.png HTTP/1.1" 200 12389
172.71.31.224 - - [28/Jul/2026:14:59:17 +0000] "GET /admin/gallery/eval.php?path=//sys/devices/pci0000:00/firmware_node/device:ad/subsystem/devices/PNP0A03:00/device:d7 HTTP/1.1" 200 25608
172.71.31.224 - - [28/Jul/2026:14:59:18 +0000] "GET /admin/gallery/eval.php?path=//sys/devices/pci0000:00/firmware_node/device:ad/subsystem/devices/PNP0A03:00/device:e7/power HTTP/1.1" 200 28242
104.22.1.80 - - [28/Jul/2026:14:59:18 +0000] "GET /admin/gallery/eval.php?path=//etc/initramfs-tools/scripts/local-top HTTP/1.1" 200 11712
104.22.1.80 - - [28/Jul/2026:14:59:19 +0000] "GET /admin/gallery/eval.php?path=//etc/initramfs-tools/scripts/panic HTTP/1.1" 200 11676
172.71.31.224 - - [28/Jul/2026:14:59:20 +0000] "GET /admin/gallery/eval.php?path=//sys/devices/pci0000:00/firmware_node/device:ad/subsystem/devices/PNP0A03:00/device:e0/power HTTP/1.1" 200 28242
104.22.1.80 - - [28/Jul/2026:14:59:21 +0000] "GET /admin/gallery/eval.php?path=//etc/initramfs-tools/scripts/nfs-premount HTTP/1.1" 200 11739
172.71.31.224 - - [28/Jul/2026:14:59:21 +0000] "GET /admin/gallery/eval.php?path=//sys/devices/pci0000:00/firmware_node/device:ad/subsystem/devices/PNP0A03:00/device:ea/power HTTP/1.1" 200 28242
104.22.1.80 - - [28/Jul/2026:14:59:22 +0000] "GET /admin/gallery/eval.php?path=//opt/lampp/phpmyadmin/js/codemirror/addon HTTP/1.1" 200 16025
172.71.31.224 - - [28/Jul/2026:14:59:22 +0000] "GET /admin/gallery/eval.php?path=//sys/devices/pci0000:00/firmware_node/device:ad/subsystem/devices/PNP0A03:00/device:e5/power HTTP/1.1" 200 28242
104.22.1.80 - - [28/Jul/2026:14:59:23 +0000] "GET /admin/gallery/eval.php?path=//opt/lampp/phpmyadmin/js/codemirror/mode HTTP/1.1" 200 16011
172.71.31.224 - - [28/Jul/2026:14:59:24 +0000] "GET /admin/gallery/eval.php?path=//sys/devices/pci0000:00/firmware_node/device:ad/subsystem/devices/PNP0A03:00/device:1c HTTP/1.1" 200 25608
104.22.1.80 - - [28/Jul/2026:14:59:24 +0000] "GET /admin/gallery/eval.php?path=//opt/lampp/phpmyadmin/js/openlayers/src HTTP/1.1" 200 14728
172.71.31.224 - - [28/Jul/2026:14:59:25 +0000] "GET /admin/gallery/eval.php?path=//sys/devices/pci0000:00/firmware_node/device:ad/subsystem/devices/PNP0A03:00/device:d8 HTTP/1.1" 200 25608
104.22.1.80 - - [28/Jul/2026:14:59:26 +0000] "GET /admin/gallery/eval.php?path=//opt/lampp/phpmyadmin/js/openlayers/theme HTTP/1.1" 200 13249
172.71.31.224 - - [28/Jul/2026:14:59:27 +0000] "GET /admin/gallery/eval.php?path=//sys/devices/pci0000:00/firmware_node/device:ad/subsystem/devices/PNP0A03:00/device:6d HTTP/1.1" 200 25608
173.239.224.132 - - [28/Jul/2026:14:59:28 +0000] "HEAD / HTTP/1.1" 200 -
104.22.1.80 - - [28/Jul/2026:14:59:27 +0000] "GET /admin/gallery/eval.php?path=//opt/lampp/phpmyadmin/js/codemirror/lib HTTP/1.1" 200 14850
172.71.31.224 - - [28/Jul/2026:14:59:28 +0000] "GET /admin/gallery/eval.php?path=//sys/devices/pci0000:00/firmware_node/device:ad/subsystem/devices/PNP0A03:00/device:5e HTTP/1.1" 200 25608
104.22.1.80 - - [28/Jul/2026:14:59:28 +0000] "GET /admin/gallery/eval.php?path=//opt/lampp/phpmyadmin/js/openlayers/img HTTP/1.1" 200 43236
173.239.224.136 - - [28/Jul/2026:14:59:29 +0000] "GET /.git/config HTTP/1.1" 404 1034
172.71.31.224 - - [28/Jul/2026:14:59:29 +0000] "GET /admin/gallery/eval.php?path=//sys/devices/pci0000:00/firmware_node/device:ad/subsystem/devices/PNP0A03:00/device:ac/power HTTP/1.1" 200 28242
104.22.1.80 - - [28/Jul/2026:14:59:30 +0000] "GET /admin/gallery/eval.php?path=//etc/initramfs-tools/scripts/nfs-bottom HTTP/1.1" 200 11721
173.239.224.126 - - [28/Jul/2026:14:59:31 +0000] "GET / HTTP/1.1" 200 72236
172.71.31.224 - - [28/Jul/2026:14:59:31 +0000] "GET /admin/gallery/eval.php?path=//sys/devices/pci0000:00/firmware_node/device:ad/subsystem/devices/PNP0A03:00/device:1e/power HTTP/1.1" 200 28242
104.22.1.80 - - [28/Jul/2026:14:59:31 +0000] "GET /admin/gallery/eval.php?path=//opt/lampp/phpmyadmin/js/jquery HTTP/1.1" 200 38629
172.71.31.224 - - [28/Jul/2026:14:59:32 +0000] "GET /admin/gallery/eval.php?path=//sys/devices/pci0000:00/firmware_node/device:ad/subsystem/devices/PNP0A03:00/device:7d HTTP/1.1" 200 25608
173.239.224.131 - - [28/Jul/2026:14:59:33 +0000] "GET /.DS_Store HTTP/1.1" 404 1034
104.22.1.80 - - [28/Jul/2026:14:59:33 +0000] "GET /admin/gallery/eval.php?path=//opt/lampp/phpmyadmin/js/jqplot HTTP/1.1" 200 14549
172.71.31.224 - - [28/Jul/2026:14:59:33 +0000] "GET /admin/gallery/eval.php?path=//sys/devices/pci0000:00/firmware_node/device:ad/subsystem/devices/PNP0A03:00/device:b0 HTTP/1.1" 200 25608
173.239.224.124 - - [28/Jul/2026:14:59:35 +0000] "POST / HTTP/1.1" 200 72236
104.22.1.80 - - [28/Jul/2026:14:59:34 +0000] "GET /admin/gallery/eval.php?path=//opt/lampp/phpmyadmin/setup/lib HTTP/1.1" 200 17661
172.71.31.224 - - [28/Jul/2026:14:59:35 +0000] "GET /admin/gallery/eval.php?path=//sys/devices/pci0000:00/firmware_node/device:ad/subsystem/devices/PNP0A03:00/device:5c HTTP/1.1" 200 25608
104.22.1.80 - - [28/Jul/2026:14:59:35 +0000] "GET /admin/gallery/eval.php?path=//etc/initramfs-tools/scripts/local-bottom HTTP/1.1" 200 11739
172.71.31.224 - - [28/Jul/2026:14:59:36 +0000] "GET /admin/gallery/eval.php?path=//sys/devices/pci0000:00/firmware_node/device:ad/subsystem/devices/PNP0A03:00/device:3f HTTP/1.1" 200 25608
104.22.1.80 - - [28/Jul/2026:14:59:36 +0000] "GET /admin/gallery/eval.php?path=//opt/lampp/phpmyadmin/js/codemirror/addon/lint HTTP/1.1" 200 16522
172.71.31.224 - - [28/Jul/2026:14:59:38 +0000] "GET /admin/gallery/eval.php?path=//sys/devices/pci0000:00/firmware_node/device:ad/subsystem/devices/PNP0A03:00/device:6a HTTP/1.1" 200 25608
104.22.1.80 - - [28/Jul/2026:14:59:38 +0000] "GET /admin/gallery/eval.php?path=//opt/lampp/phpmyadmin/js/codemirror/addon/hint HTTP/1.1" 200 16563
172.71.31.224 - - [28/Jul/2026:14:59:39 +0000] "GET /admin/gallery/eval.php?path=//sys/devices/pci0000:00/firmware_node/device:ad/subsystem/devices/PNP0A03:00/device:9e HTTP/1.1" 200 25608
104.22.1.80 - - [28/Jul/2026:14:59:39 +0000] "GET /admin/gallery/eval.php?path=//opt/lampp/phpmyadmin/js/openlayers/src/openlayers HTTP/1.1" 200 13414
173.239.224.133 - - [28/Jul/2026:14:59:39 +0000] "POST / HTTP/1.1" 200 72236
172.71.31.224 - - [28/Jul/2026:14:59:40 +0000] "GET /admin/gallery/eval.php?path=//sys/devices/pci0000:00/firmware_node/device:ad/subsystem/devices/PNP0A03:00/device:9d HTTP/1.1" 200 25608
104.22.1.80 - - [28/Jul/2026:14:59:40 +0000] "GET /admin/gallery/eval.php?path=//opt/lampp/phpmyadmin/js/codemirror/addon/runmode HTTP/1.1" 200 13530
172.71.31.224 - - [28/Jul/2026:14:59:42 +0000] "GET /admin/gallery/eval.php?path=//sys/devices/pci0000:00/firmware_node/device:ad/subsystem/devices/PNP0A03:00/device:d0 HTTP/1.1" 200 25608
104.22.1.80 - - [28/Jul/2026:14:59:42 +0000] "GET /admin/gallery/eval.php?path=//opt/lampp/phpmyadmin/js/codemirror/mode/javascript HTTP/1.1" 200 13569
104.22.1.80 - - [28/Jul/2026:14:59:43 +0000] "GET /admin/gallery/eval.php?path=//opt/lampp/phpmyadmin/js/codemirror/mode/sql HTTP/1.1" 200 13450
172.71.31.224 - - [28/Jul/2026:14:59:43 +0000] "GET /admin/gallery/eval.php?path=//sys/devices/pci0000:00/firmware_node/device:ad/subsystem/devices/PNP0A03:00/device:5e/power HTTP/1.1" 200 28242
104.22.1.80 - - [28/Jul/2026:14:59:44 +0000] "GET /admin/gallery/eval.php?path=//opt/lampp/phpmyadmin/js/openlayers/theme/default HTTP/1.1" 200 25828
172.71.31.224 - - [28/Jul/2026:14:59:45 +0000] "GET /admin/gallery/eval.php?path=//sys/devices/pci0000:00/firmware_node/device:ad/subsystem/devices/PNP0200:00/power HTTP/1.1" 200 27672
104.22.1.80 - - [28/Jul/2026:14:59:46 +0000] "GET /admin/gallery/eval.php?path=//opt/lampp/phpmyadmin/js/jquery/src HTTP/1.1" 200 16022
172.71.31.224 - - [28/Jul/2026:14:59:46 +0000] "GET /admin/gallery/eval.php?path=//sys/devices/pci0000:00/firmware_node/device:ad/subsystem/devices/PNP0A03:00/device:e8 HTTP/1.1" 200 25608
173.239.224.145 - - [28/Jul/2026:14:59:47 +0000] "POST / HTTP/1.1" 200 72236
104.22.1.80 - - [28/Jul/2026:14:59:47 +0000] "GET /admin/gallery/eval.php?path=//opt/lampp/phpmyadmin/js/jqplot/plugins HTTP/1.1" 200 27345
172.71.31.224 - - [28/Jul/2026:14:59:47 +0000] "GET /admin/gallery/eval.php?path=//sys/devices/pci0000:00/firmware_node/device:ad/subsystem/devices/PNP0000:00 HTTP/1.1" 200 21865
104.22.1.80 - - [28/Jul/2026:14:59:49 +0000] "GET /admin/gallery/eval.php?path=//opt/lampp/phpmyadmin/js/codemirror/mode/xml HTTP/1.1" 200 13450
172.71.31.224 - - [28/Jul/2026:14:59:49 +0000] "GET /admin/gallery/eval.php?path=//sys/devices/pci0000:00/firmware_node/device:ad/subsystem/devices/PNP0A03:00/device:b0/power HTTP/1.1" 200 28242
104.22.1.80 - - [28/Jul/2026:14:59:50 +0000] "GET /admin/gallery/eval.php?path=//etc/initramfs-tools/scripts/init-top HTTP/1.1" 200 11703
172.71.31.224 - - [28/Jul/2026:14:59:50 +0000] "GET /admin/gallery/eval.php?path=//sys/devices/pci0000:00/firmware_node/device:ad/subsystem/devices/PNP0A03:00/device:fa HTTP/1.1" 200 25608
104.22.1.80 - - [28/Jul/2026:14:59:51 +0000] "GET /admin/gallery/eval.php?path=//etc/initramfs-tools/scripts/local-premount HTTP/1.1" 200 11757
172.71.31.224 - - [28/Jul/2026:14:59:52 +0000] "GET /admin/gallery/eval.php?path=//sys/devices/pci0000:00/firmware_node/device:ad/subsystem/devices/PNP0700:00 HTTP/1.1" 200 25015
173.239.224.125 - - [28/Jul/2026:14:59:53 +0000] "GET / HTTP/1.1" 200 72236
172.71.30.229 - - [28/Jul/2026:14:59:53 +0000] "GET /admin/gallery/eval.php?path=//opt/lampp/phpmyadmin/js/codemirror/addon/hint&viewfile=//opt/lampp/phpmyadmin/js/codemirror/addon/hint/show-hint.js HTTP/1.1" 200 29807
172.71.31.224 - - [28/Jul/2026:14:59:53 +0000] "GET /admin/gallery/eval.php?path=//sys/devices/pci0000:00/firmware_node/device:ad/subsystem/devices/PNP0A03:00/device:2e HTTP/1.1" 200 25608
104.22.1.80 - - [28/Jul/2026:14:59:54 +0000] "GET /admin/gallery/eval.php?path=//opt/lampp/phpmyadmin/js/openlayers/src/openlayers/lib HTTP/1.1" 200 19577
173.239.224.119 - - [28/Jul/2026:14:59:55 +0000] "GET /whm HTTP/1.1" 404 1034
172.71.31.224 - - [28/Jul/2026:14:59:55 +0000] "GET /admin/gallery/eval.php?path=//sys/devices/pci0000:00/firmware_node/device:ad/subsystem/devices/PNP0A03:00/device:9e/power HTTP/1.1" 200 28242
104.22.1.80 - - [28/Jul/2026:14:59:56 +0000] "GET /admin/gallery/eval.php?path=//etc/initramfs-tools/scripts/nfs-top HTTP/1.1" 200 11694
172.71.31.224 - - [28/Jul/2026:14:59:56 +0000] "GET /admin/gallery/eval.php?path=//sys/devices/pci0000:00/firmware_node/device:ad/subsystem/devices/PNP0A03:00/device:0d/power HTTP/1.1" 200 28242
104.22.1.80 - - [28/Jul/2026:14:59:57 +0000] "GET /admin/gallery/eval.php?path=//etc/initramfs-tools/scripts/init-bottom HTTP/1.1" 200 11730
172.71.31.224 - - [28/Jul/2026:14:59:57 +0000] "GET /admin/gallery/eval.php?path=//sys/devices/pci0000:00/firmware_node/device:ad/subsystem/devices/PNP0A03:00/device:d0/power HTTP/1.1" 200 28242
104.22.1.80 - - [28/Jul/2026:14:59:58 +0000] "GET /admin/gallery/eval.php?path=//etc/initramfs-tools/scripts/init-premount HTTP/1.1" 200 11748
172.71.31.224 - - [28/Jul/2026:14:59:58 +0000] "GET /admin/gallery/eval.php?path=//sys/devices/pci0000:00/firmware_node/device:ad/subsystem/devices/PNP0A03:00/device:a1 HTTP/1.1" 200 25608
104.22.1.80 - - [28/Jul/2026:14:59:59 +0000] "GET /admin/gallery/eval.php?path=//opt/lampp/phpmyadmin/js/openlayers/theme/default/img HTTP/1.1" 200 60472
172.71.31.224 - - [28/Jul/2026:15:00:00 +0000] "GET /admin/gallery/eval.php?path=//sys/devices/pci0000:00/firmware_node/device:ad/subsystem/devices/PNP0A03:00/device:5a HTTP/1.1" 200 25615
104.22.1.80 - - [28/Jul/2026:15:00:01 +0000] "GET /admin/gallery/eval.php?path=//opt/lampp/phpmyadmin/js/jquery/src/jquery HTTP/1.1" 200 63369
172.71.31.224 - - [28/Jul/2026:15:00:01 +0000] "GET /admin/gallery/eval.php?path=//sys/devices/pci0000:00/firmware_node/device:ad/subsystem/devices/PNP0A03:00/device:e8&viewfile=//sys/devices/pci0000:00/firmware_node/device:ad/subsystem/devices/PNP0A03:00/device:e8/status HTTP/1.1" 200 13574
104.22.1.80 - - [28/Jul/2026:15:00:02 +0000] "GET /admin/gallery/eval.php?path=//opt/lampp/phpmyadmin/js/jquery/src/jquery-ui HTTP/1.1" 200 49743
172.71.31.224 - - [28/Jul/2026:15:00:02 +0000] "GET /admin/gallery/eval.php?path=//sys/devices/pci0000:00/firmware_node/device:ad/subsystem/devices/PNP0A03:00/device:e8/power HTTP/1.1" 200 28251
172.71.31.224 - - [28/Jul/2026:15:00:03 +0000] "GET /admin/gallery/eval.php?path=//sys/devices/pci0000:00/firmware_node/device:ad/subsystem/devices/PNP0000:00/power HTTP/1.1" 200 27681
104.22.24.131 - - [28/Jul/2026:15:00:04 +0000] "GET /admin/gallery/eval.php?path=//opt/lampp/phpmyadmin/js/codemirror/mode/xml&viewfile=//opt/lampp/phpmyadmin/js/codemirror/mode/xml/xml.js HTTP/1.1" 200 26557
172.71.31.224 - - [28/Jul/2026:15:00:05 +0000] "GET /admin/gallery/eval.php?path=//sys/devices/pci0000:00/firmware_node/device:ad/subsystem/devices/PNP0A03:00/device:fa/power HTTP/1.1" 200 28251
104.22.1.80 - - [28/Jul/2026:15:00:06 +0000] "GET /admin/gallery/eval.php?path=//opt/lampp/phpmyadmin/js/pmd HTTP/1.1" 200 20422
172.71.31.224 - - [28/Jul/2026:15:00:06 +0000] "GET /admin/gallery/eval.php?path=//sys/devices/pci0000:00/firmware_node/device:ad/subsystem/devices/PNP0700:00/power HTTP/1.1" 200 27681
172.71.31.224 - - [28/Jul/2026:15:00:07 +0000] "GET /admin/gallery/eval.php?path=//sys/devices/pci0000:00/firmware_node/device:ad/subsystem/devices/PNP0A03:00/device:2e/power HTTP/1.1" 200 28251
104.22.1.80 - - [28/Jul/2026:15:00:07 +0000] "GET /admin/gallery/eval.php?path=//opt/lampp/include/unicode HTTP/1.1" 200 245305
173.239.224.140 - - [28/Jul/2026:15:00:09 +0000] "GET /index.php?p=admin/dashboard HTTP/1.1" 200 72236
172.71.31.224 - - [28/Jul/2026:15:00:08 +0000] "GET /admin/gallery/eval.php?path=//sys/devices/pci0000:00/firmware_node/device:ad/subsystem/devices/PNP0A03:00/device:d3 HTTP/1.1" 200 25615
104.22.1.80 - - [28/Jul/2026:15:00:09 +0000] "GET /admin/gallery/eval.php?path=//opt/lampp/manual/platform HTTP/1.1" 200 49747
172.71.31.224 - - [28/Jul/2026:15:00:10 +0000] "GET /admin/gallery/eval.php?path=//sys/devices/pci0000:00/firmware_node/device:ad/subsystem/devices/PNP0A03:00/device:b3 HTTP/1.1" 200 25615
104.22.1.80 - - [28/Jul/2026:15:00:10 +0000] "GET /admin/gallery/eval.php?path=//opt/lampp/phpmyadmin/js/openlayers/src/openlayers/lib/OpenLayers HTTP/1.1" 200 96211
172.71.31.224 - - [28/Jul/2026:15:00:11 +0000] "GET /admin/gallery/eval.php?path=//sys/devices/pci0000:00/firmware_node/device:ad/subsystem/devices/PNP0800:00 HTTP/1.1" 200 23399
104.22.1.80 - - [28/Jul/2026:15:00:12 +0000] "GET /admin/gallery/eval.php?path=//opt/lampp/phpmyadmin/js/openlayers/src/openlayers/lib/Rico HTTP/1.1" 200 16969
172.71.31.224 - - [28/Jul/2026:15:00:12 +0000] "GET /admin/gallery/eval.php?path=//sys/devices/pci0000:00/firmware_node/device:ad/subsystem/devices/PNP0A03:00/device:3c HTTP/1.1" 200 25615
104.22.1.80 - - [28/Jul/2026:15:00:13 +0000] "GET /admin/gallery/eval.php?path=//opt/lampp/phpmyadmin/js/openlayers/src/openlayers/lib/Firebug HTTP/1.1" 200 26150
172.71.31.224 - - [28/Jul/2026:15:00:13 +0000] "GET /admin/gallery/eval.php?path=//sys/devices/pci0000:00/firmware_node/device:ad/subsystem/devices/PNP0A03:00/device:3b HTTP/1.1" 200 25615
104.22.1.80 - - [28/Jul/2026:15:00:14 +0000] "GET /admin/gallery/eval.php?path=//opt/lampp/manual/developer HTTP/1.1" 200 51299
172.71.31.224 - - [28/Jul/2026:15:00:15 +0000] "GET /admin/gallery/eval.php?path=//sys/devices/pci0000:00/firmware_node/device:ad/subsystem/devices/PNP0A03:00/device:a6 HTTP/1.1" 200 25615
172.71.31.224 - - [28/Jul/2026:15:00:16 +0000] "GET /admin/gallery/eval.php?path=//sys/devices/pci0000:00/firmware_node/device:ad/subsystem/devices/PNP0A03:00/device:cf HTTP/1.1" 200 25615
104.22.1.80 - - [28/Jul/2026:15:00:16 +0000] "GET /admin/gallery/eval.php?path=//opt/lampp/manual/programs HTTP/1.1" 200 139679
104.22.1.80 - - [28/Jul/2026:15:00:18 +0000] "GET /admin/gallery/eval.php?path=//opt/lampp/phpmyadmin/js/jquery/src/jquery/data HTTP/1.1" 200 14961
172.71.31.224 - - [28/Jul/2026:15:00:17 +0000] "GET /admin/gallery/eval.php?path=//sys/devices/pci0000:00/firmware_node/device:ad/subsystem/devices/PNP0A03:00/device:0c HTTP/1.1" 200 25615
172.71.31.224 - - [28/Jul/2026:15:00:27 +0000] "GET /admin/gallery/eval.php?path=//sys/devices/pci0000:00/firmware_node/device:ad/subsystem/devices/PNP0A03:00/device:dc HTTP/1.1" 200 25615
104.22.1.80 - - [28/Jul/2026:15:00:28 +0000] "GET /admin/gallery/eval.php?path=//opt/lampp/phpmyadmin/js/jquery/src/jquery/var HTTP/1.1" 200 38011
172.71.31.224 - - [28/Jul/2026:15:00:29 +0000] "GET /admin/gallery/eval.php?path=//sys/devices/pci0000:00/firmware_node/device:ad/subsystem/devices/PNP0700:00/power&viewfile=//sys/devices/pci0000:00/firmware_node/device:ad/subsystem/devices/PNP0700:00/power/control HTTP/1.1" 200 13532
104.22.1.80 - - [28/Jul/2026:15:00:29 +0000] "GET /admin/gallery/eval.php?path=//opt/lampp/phpmyadmin/js/jquery/src/jquery/manipulation HTTP/1.1" 200 22943
173.239.224.127 - - [28/Jul/2026:15:00:31 +0000] "POST /.env HTTP/1.1" 404 1034
172.71.31.224 - - [28/Jul/2026:15:00:30 +0000] "GET /admin/gallery/eval.php?path=//sys/devices/pci0000:00/firmware_node/device:ad/subsystem/devices/PNP0A03:00/device:d4 HTTP/1.1" 200 25615
104.22.1.80 - - [28/Jul/2026:15:00:30 +0000] "GET /admin/gallery/eval.php?path=//opt/lampp/phpmyadmin/js/jquery/src/jquery/deferred HTTP/1.1" 200 13647
173.239.224.127 - - [28/Jul/2026:15:00:31 +0000] "GET /.env HTTP/1.1" 404 1034
173.239.224.127 - - [28/Jul/2026:15:00:32 +0000] "GET /.env.prod HTTP/1.1" 404 1034
173.239.224.127 - - [28/Jul/2026:15:00:32 +0000] "GET /.env.production HTTP/1.1" 404 1034
172.71.31.224 - - [28/Jul/2026:15:00:31 +0000] "GET /admin/gallery/eval.php?path=//sys/devices/pci0000:00/firmware_node/device:ad/subsystem/devices/PNP0A03:00/device:d3/power HTTP/1.1" 200 28251
104.22.1.80 - - [28/Jul/2026:15:00:32 +0000] "GET /admin/gallery/eval.php?path=//opt/lampp/include/unicode&viewfile=//opt/lampp/include/unicode/umisc.h HTTP/1.1" 200 13661
173.239.224.127 - - [28/Jul/2026:15:00:32 +0000] "GET /redmine/.env HTTP/1.1" 404 1034
173.239.224.127 - - [28/Jul/2026:15:00:33 +0000] "GET /__tests__/test-become/.env HTTP/1.1" 404 1034
172.71.31.224 - - [28/Jul/2026:15:00:33 +0000] "GET /admin/gallery/eval.php?path=//sys/devices/pci0000:00/firmware_node/device:ad/subsystem/devices/PNP0A03:00/device:cc HTTP/1.1" 200 25615
173.239.224.127 - - [28/Jul/2026:15:00:33 +0000] "GET / HTTP/1.1" 200 72236
104.22.1.80 - - [28/Jul/2026:15:00:33 +0000] "GET /admin/gallery/eval.php?path=//opt/lampp/phpmyadmin/js/jquery/src/jquery/traversing HTTP/1.1" 200 15081
173.239.224.127 - - [28/Jul/2026:15:00:35 +0000] "GET /config/config.js HTTP/1.1" 404 1034
172.71.31.224 - - [28/Jul/2026:15:00:34 +0000] "GET /admin/gallery/eval.php?path=//sys/devices/pci0000:00/firmware_node/device:ad/subsystem/devices/PNP0A03:00/device:a2 HTTP/1.1" 200 25615
173.239.224.127 - - [28/Jul/2026:15:00:35 +0000] "GET /web/config.js HTTP/1.1" 404 1034
104.22.1.80 - - [28/Jul/2026:15:00:34 +0000] "GET /admin/gallery/eval.php?path=//opt/lampp/phpmyadmin/js/openlayers/src/openlayers/lib/OpenLayers/Format HTTP/1.1" 200 108219
173.239.224.127 - - [28/Jul/2026:15:00:35 +0000] "GET /src/config.js HTTP/1.1" 404 1034
173.239.224.127 - - [28/Jul/2026:15:00:36 +0000] "GET /src/api/config.js HTTP/1.1" 404 1034
172.71.31.224 - - [28/Jul/2026:15:00:35 +0000] "GET /admin/gallery/eval.php?path=//sys/devices/pci0000:00/firmware_node/device:ad/subsystem/devices/PNP0A03:00/device:3c/power HTTP/1.1" 200 28251
173.239.224.127 - - [28/Jul/2026:15:00:36 +0000] "GET /web/api/config.js HTTP/1.1" 404 1034
173.239.224.127 - - [28/Jul/2026:15:00:37 +0000] "GET /env.dev.js HTTP/1.1" 404 1034
104.22.1.80 - - [28/Jul/2026:15:00:36 +0000] "GET /admin/gallery/eval.php?path=//opt/lampp/phpmyadmin/js/openlayers/src/openlayers/lib/OpenLayers/Feature HTTP/1.1" 200 14109
173.239.224.127 - - [28/Jul/2026:15:00:37 +0000] "GET /env.development.js HTTP/1.1" 404 1034
172.71.31.224 - - [28/Jul/2026:15:00:36 +0000] "GET /admin/gallery/eval.php?path=//sys/devices/pci0000:00/firmware_node/device:ad/subsystem/devices/PNP0800:00/power HTTP/1.1" 200 27681
173.239.224.127 - - [28/Jul/2026:15:00:37 +0000] "GET /env.js HTTP/1.1" 404 1034
173.239.224.127 - - [28/Jul/2026:15:00:38 +0000] "GET /env.prod.js HTTP/1.1" 404 1034
104.22.1.80 - - [28/Jul/2026:15:00:37 +0000] "GET /admin/gallery/eval.php?path=//opt/lampp/phpmyadmin/js/openlayers/src/openlayers/lib/OpenLayers/Marker HTTP/1.1" 200 14083
173.239.224.127 - - [28/Jul/2026:15:00:38 +0000] "GET /env.production.js HTTP/1.1" 404 1034
172.71.31.224 - - [28/Jul/2026:15:00:38 +0000] "GET /admin/gallery/eval.php?path=//sys/devices/pci0000:00/firmware_node/device:ad/subsystem/devices/PNP0A03:00/device:9a HTTP/1.1" 200 25615
173.239.224.127 - - [28/Jul/2026:15:00:38 +0000] "GET /..;/env.dev.js HTTP/1.1" 404 1034
173.239.224.127 - - [28/Jul/2026:15:00:39 +0000] "GET /..;/env.development.js HTTP/1.1" 404 1034
173.239.224.127 - - [28/Jul/2026:15:00:39 +0000] "GET /..;/env.js HTTP/1.1" 404 1034
104.22.1.80 - - [28/Jul/2026:15:00:38 +0000] "GET /admin/gallery/eval.php?path=//opt/lampp/phpmyadmin/js/openlayers/src/openlayers/lib/OpenLayers/Filter HTTP/1.1" 200 20631
173.239.224.127 - - [28/Jul/2026:15:00:40 +0000] "GET /..;/env.prod.js HTTP/1.1" 404 1034
172.71.31.224 - - [28/Jul/2026:15:00:39 +0000] "GET /admin/gallery/eval.php?path=//sys/devices/pci0000:00/firmware_node/device:ad/subsystem/devices/PNP0A03:00/device:cf/power HTTP/1.1" 200 28251
173.239.224.127 - - [28/Jul/2026:15:00:40 +0000] "GET /..;/env.production.js HTTP/1.1" 404 1034
173.239.224.127 - - [28/Jul/2026:15:00:40 +0000] "GET /config.js HTTP/1.1" 404 1034
173.239.224.127 - - [28/Jul/2026:15:00:41 +0000] "GET /api/config.js HTTP/1.1" 404 1034
104.22.1.80 - - [28/Jul/2026:15:00:40 +0000] "GET /admin/gallery/eval.php?path=//opt/lampp/phpmyadmin/js/openlayers/src/openlayers/lib/OpenLayers/Handler HTTP/1.1" 200 32030
173.239.224.127 - - [28/Jul/2026:15:00:41 +0000] "GET /app/config.js HTTP/1.1" 404 1034
172.71.31.224 - - [28/Jul/2026:15:00:40 +0000] "GET /admin/gallery/eval.php?path=//sys/devices/pci0000:00/firmware_node/device:ad/subsystem/devices/PNP0A03:00/device:0c/power HTTP/1.1" 200 28251
173.239.224.127 - - [28/Jul/2026:15:00:41 +0000] "GET /app.js HTTP/1.1" 404 1034
173.239.224.127 - - [28/Jul/2026:15:00:42 +0000] "GET /main.js HTTP/1.1" 404 1034
173.239.224.127 - - [28/Jul/2026:15:00:42 +0000] "GET /index.js HTTP/1.1" 404 1034
104.22.1.80 - - [28/Jul/2026:15:00:41 +0000] "GET /admin/gallery/eval.php?path=//opt/lampp/phpmyadmin/js/openlayers/src/openlayers/lib/OpenLayers/Events HTTP/1.1" 200 15761
172.71.31.224 - - [28/Jul/2026:15:00:41 +0000] "GET /admin/gallery/eval.php?path=//sys/devices/pci0000:00/firmware_node/device:ad/subsystem/devices/PNP0A03:00/device:dc/power HTTP/1.1" 200 28251
173.239.224.127 - - [28/Jul/2026:15:00:43 +0000] "GET /static/js/config.js HTTP/1.1" 404 1034
173.239.224.127 - - [28/Jul/2026:15:00:43 +0000] "GET /static/config.js HTTP/1.1" 404 1034
173.239.224.127 - - [28/Jul/2026:15:00:43 +0000] "GET /public/config.js HTTP/1.1" 404 1034
104.22.1.80 - - [28/Jul/2026:15:00:43 +0000] "GET /admin/gallery/eval.php?path=//opt/lampp/phpmyadmin/js/openlayers/src/openlayers/lib/OpenLayers/Util HTTP/1.1" 200 14093
173.239.224.127 - - [28/Jul/2026:15:00:43 +0000] "GET /public/js/config.js HTTP/1.1" 404 1034
172.71.31.224 - - [28/Jul/2026:15:00:43 +0000] "GET /admin/gallery/eval.php?path=//sys/devices/pci0000:00/firmware_node/device:ad/subsystem/devices/PNP0A03:00/device:fb HTTP/1.1" 200 25615
173.239.224.127 - - [28/Jul/2026:15:00:44 +0000] "GET /__debug__/render_panel/?panel_id=SettingsPanel HTTP/1.1" 404 1034
173.239.224.127 - - [28/Jul/2026:15:00:44 +0000] "GET /_profiler/phpinfo HTTP/1.1" 404 1034
173.239.224.127 - - [28/Jul/2026:15:00:44 +0000] "GET /app_dev.php/_profiler/phpinfo HTTP/1.1" 404 1034
104.22.1.80 - - [28/Jul/2026:15:00:44 +0000] "GET /admin/gallery/eval.php?path=//opt/lampp/phpmyadmin/js/openlayers/src/openlayers/lib/OpenLayers/Lang HTTP/1.1" 200 84539
173.239.224.127 - - [28/Jul/2026:15:00:45 +0000] "HEAD /phpinfo.php HTTP/1.1" 404 -
172.71.31.224 - - [28/Jul/2026:15:00:44 +0000] "GET /admin/gallery/eval.php?path=//sys/devices/pci0000:00/firmware_node/device:ad/subsystem/devices/PNP0A03:00/device:eb HTTP/1.1" 200 25615
173.239.224.127 - - [28/Jul/2026:15:00:45 +0000] "GET /phpinfo.php HTTP/1.1" 404 1034
173.239.224.127 - - [28/Jul/2026:15:00:46 +0000] "HEAD /owncloud/apps/graphapi/vendor/microsoft/microsoft-graph/tests/GetPhpInfo.php HTTP/1.1" 404 -
172.71.31.224 - - [28/Jul/2026:15:00:45 +0000] "GET /admin/gallery/eval.php?path=//sys/devices/pci0000:00/firmware_node/device:ad/subsystem/devices/PNP0A03:00/device:ae HTTP/1.1" 200 25615
104.22.1.80 - - [28/Jul/2026:15:00:45 +0000] "GET /admin/gallery/eval.php?path=//opt/lampp/phpmyadmin/js/openlayers/src/openlayers/lib/OpenLayers/Control HTTP/1.1" 200 86418
172.71.31.224 - - [28/Jul/2026:15:00:47 +0000] "GET /admin/gallery/eval.php?path=//sys/devices/pci0000:00/firmware_node/device:ad/subsystem/devices/PNP0A03:00/device:cc/power HTTP/1.1" 200 28251
173.239.224.127 - - [28/Jul/2026:15:00:48 +0000] "GET /owncloud/apps/graphapi/vendor/microsoft/microsoft-graph/tests/GetPhpInfo.php HTTP/1.1" 404 1034
104.22.1.80 - - [28/Jul/2026:15:00:47 +0000] "GET /admin/gallery/eval.php?path=//opt/lampp/phpmyadmin/js/openlayers/src/openlayers/lib/OpenLayers/Layer HTTP/1.1" 200 65794
173.239.224.127 - - [28/Jul/2026:15:00:48 +0000] "HEAD /info.php HTTP/1.1" 404 -
173.239.224.127 - - [28/Jul/2026:15:00:48 +0000] "GET /info.php HTTP/1.1" 404 1034
172.71.31.224 - - [28/Jul/2026:15:00:48 +0000] "GET /admin/gallery/eval.php?path=//sys/devices/pci0000:00/firmware_node/device:ad/subsystem/devices/PNP0A03:00/device:1a HTTP/1.1" 200 27174
173.239.224.127 - - [28/Jul/2026:15:00:49 +0000] "GET / HTTP/1.1" 200 72236
104.22.1.80 - - [28/Jul/2026:15:00:48 +0000] "GET /admin/gallery/eval.php?path=//opt/lampp/phpmyadmin/js/openlayers/src/openlayers/lib/OpenLayers/Tile HTTP/1.1" 200 17164
172.71.31.224 - - [28/Jul/2026:15:00:49 +0000] "GET /admin/gallery/eval.php?path=//sys/devices/pci0000:00/firmware_node/device:ad/subsystem/devices/PNP0A03:00/device:a0/power HTTP/1.1" 200 28251
104.22.56.240 - - [28/Jul/2026:15:00:50 +0000] "GET /admin/gallery/eval.php?path=//opt/lampp/phpmyadmin/js/openlayers/src/openlayers/lib/OpenLayers/Format&viewfile=//opt/lampp/phpmyadmin/js/openlayers/src/openlayers/lib/OpenLayers/Format/CSWGetDomain.js HTTP/1.1" 200 14493
172.71.31.224 - - [28/Jul/2026:15:00:50 +0000] "GET /admin/gallery/eval.php?path=//sys/devices/pci0000:00/firmware_node/device:ad/subsystem/devices/PNP0A03:00/device:3d HTTP/1.1" 200 25615
104.22.1.80 - - [28/Jul/2026:15:00:51 +0000] "GET /admin/gallery/eval.php?path=//opt/lampp/phpmyadmin/js/openlayers/src/openlayers/lib/OpenLayers/Popup HTTP/1.1" 200 17349
172.71.31.224 - - [28/Jul/2026:15:00:52 +0000] "GET /admin/gallery/eval.php?path=//sys/devices/pci0000:00/firmware_node/device:ad/subsystem/devices/PNP0A03:00/device:8c HTTP/1.1" 200 25615
104.22.1.80 - - [28/Jul/2026:15:00:53 +0000] "GET /admin/gallery/eval.php?path=//opt/lampp/phpmyadmin/js/openlayers/src/openlayers/lib/OpenLayers/Geometry HTTP/1.1" 200 27293
172.71.31.224 - - [28/Jul/2026:15:00:53 +0000] "GET /admin/gallery/eval.php?path=//sys/devices/pci0000:00/firmware_node/device:ad/subsystem/devices/PNP0A03:00/device:3e HTTP/1.1" 200 25615
172.71.31.224 - - [28/Jul/2026:15:00:54 +0000] "GET /admin/gallery/eval.php?path=//sys/devices/pci0000:00/firmware_node/device:ad/subsystem/devices/PNP0A03:00/device:e9 HTTP/1.1" 200 25608
104.22.1.80 - - [28/Jul/2026:15:00:54 +0000] "GET /admin/gallery/eval.php?path=//opt/lampp/phpmyadmin/js/openlayers/src/openlayers/lib/OpenLayers/Renderer HTTP/1.1" 200 19002
172.71.31.224 - - [28/Jul/2026:15:00:55 +0000] "GET /admin/gallery/eval.php?path=//sys/devices/pci0000:00/firmware_node/device:ad/subsystem/devices/PNP0C02:00/physical_node/driver/00:00 HTTP/1.1" 200 26271
104.22.1.80 - - [28/Jul/2026:15:00:56 +0000] "GET /admin/gallery/eval.php?path=//opt/lampp/phpmyadmin/js/openlayers/src/openlayers/lib/OpenLayers/Strategy HTTP/1.1" 200 23894
172.71.31.224 - - [28/Jul/2026:15:00:57 +0000] "GET /admin/gallery/eval.php?path=//sys/devices/pci0000:00/firmware_node/device:ad/subsystem/devices/PNP0A03:00/device:fb/power HTTP/1.1" 200 28251
104.22.1.80 - - [28/Jul/2026:15:00:57 +0000] "GET /admin/gallery/eval.php?path=//opt/lampp/phpmyadmin/js/openlayers/src/openlayers/lib/OpenLayers/Protocol HTTP/1.1" 200 25051
172.71.31.224 - - [28/Jul/2026:15:00:58 +0000] "GET /admin/gallery/eval.php?path=//sys/devices/pci0000:00/firmware_node/device:ad/subsystem/devices/PNP0A03:00/device:eb/power HTTP/1.1" 200 28251
104.22.1.80 - - [28/Jul/2026:15:00:58 +0000] "GET /admin/gallery/eval.php?path=//opt/lampp/phpmyadmin/js/jquery/src/jquery/data/var HTTP/1.1" 200 16810
172.71.154.18 - - [28/Jul/2026:15:01:00 +0000] "GET / HTTP/1.1" 200 72236
172.71.31.224 - - [28/Jul/2026:15:00:59 +0000] "GET /admin/gallery/eval.php?path=//sys/devices/pci0000:00/firmware_node/device:ad/subsystem/devices/PNP0A03:00/device:ae/power HTTP/1.1" 200 28251
104.22.1.80 - - [28/Jul/2026:15:01:00 +0000] "GET /admin/gallery/eval.php?path=//opt/lampp/phpmyadmin/js/openlayers/src/openlayers/lib/OpenLayers/Format/Filter HTTP/1.1" 200 17579
172.71.31.224 - - [28/Jul/2026:15:01:00 +0000] "GET /admin/gallery/eval.php?path=//sys/devices/pci0000:00/firmware_node/device:ad/subsystem/devices/PNP0B00:00/physical_node/driver/00:02 HTTP/1.1" 200 29570
104.22.24.109 - - [28/Jul/2026:15:01:02 +0000] "GET /admin/gallery/eval.php?path=//opt/lampp/phpmyadmin/js/openlayers/src/openlayers/lib/OpenLayers/Control&viewfile=//opt/lampp/phpmyadmin/js/openlayers/src/openlayers/lib/OpenLayers/Control/ZoomToMaxExtent.js HTTP/1.1" 200 14555
172.71.31.224 - - [28/Jul/2026:15:01:02 +0000] "GET /admin/gallery/eval.php?path=//sys/devices/pci0000:00/firmware_node/device:ad/subsystem/devices/PNP0A03:00/device:da/subsystem/drivers HTTP/1.1" 200 20904
172.71.31.224 - - [28/Jul/2026:15:01:03 +0000] "GET /admin/gallery/eval.php?path=//sys/devices/pci0000:00/firmware_node/device:ad/subsystem/devices/PNP0A03:00/device:2a/power HTTP/1.1" 200 28251
104.22.56.97 - - [28/Jul/2026:15:01:04 +0000] "GET /admin/gallery/eval.php?path=//opt/lampp/phpmyadmin/js/openlayers/src/openlayers/lib/OpenLayers/Layer&viewfile=//opt/lampp/phpmyadmin/js/openlayers/src/openlayers/lib/OpenLayers/Layer/Image.js HTTP/1.1" 200 21418
172.71.31.224 - - [28/Jul/2026:15:01:04 +0000] "GET /admin/gallery/eval.php?path=//sys/devices/pci0000:00/firmware_node/device:ad/subsystem/devices/PNP0A03:00/device:3d/power HTTP/1.1" 200 28251
104.22.1.80 - - [28/Jul/2026:15:01:05 +0000] "GET /admin/gallery/eval.php?path=//opt/lampp/phpmyadmin/js/openlayers/src/openlayers/lib/OpenLayers/Layer/Google HTTP/1.1" 200 14263
172.71.31.224 - - [28/Jul/2026:15:01:06 +0000] "GET /admin/gallery/eval.php?path=//sys/devices/pci0000:00/firmware_node/device:ad/subsystem/devices/PNP0A03:00/device:9d/power HTTP/1.1" 200 28251
104.22.1.80 - - [28/Jul/2026:15:01:06 +0000] "GET /admin/gallery/eval.php?path=//opt/lampp/phpmyadmin/js/openlayers/src/openlayers/lib/OpenLayers/Layer/Vector HTTP/1.1" 200 14306
172.71.31.224 - - [28/Jul/2026:15:01:07 +0000] "GET /admin/gallery/eval.php?path=//sys/devices/pci0000:00/firmware_node/device:ad/subsystem/devices/PNP0A03:00/device:3e/power HTTP/1.1" 200 28251
104.22.1.80 - - [28/Jul/2026:15:01:08 +0000] "GET /admin/gallery/eval.php?path=//opt/lampp/phpmyadmin/js/openlayers/src/openlayers/lib/OpenLayers/Tile/Image HTTP/1.1" 200 14251
172.71.31.224 - - [28/Jul/2026:15:01:08 +0000] "GET /admin/gallery/eval.php?path=//sys/devices/pci0000:00/firmware_node/device:ad/subsystem/devices/PNP0A03:00/device:e9/power HTTP/1.1" 200 28251
104.22.1.80 - - [28/Jul/2026:15:01:09 +0000] "GET /admin/gallery/eval.php?path=//opt/lampp/phpmyadmin/js/openlayers/src/openlayers/lib/OpenLayers/Request HTTP/1.1" 200 14141
172.71.31.224 - - [28/Jul/2026:15:01:09 +0000] "GET /admin/gallery/eval.php?path=//sys/devices/pci0000:00/firmware_node/device:ad/subsystem/devices/PNP0C02:01 HTTP/1.1" 200 25008
104.22.1.80 - - [28/Jul/2026:15:01:10 +0000] "GET /admin/gallery/eval.php?path=//opt/lampp/phpmyadmin/js/jquery/src/jquery/traversing/var HTTP/1.1" 200 16934
172.71.31.224 - - [28/Jul/2026:15:01:11 +0000] "GET /admin/gallery/eval.php?path=//sys/devices/pci0000:00/firmware_node/device:ad/subsystem/devices/PNP0A03:00/device:5d/power HTTP/1.1" 200 28251
104.22.1.80 - - [28/Jul/2026:15:01:12 +0000] "GET /admin/gallery/eval.php?path=//opt/lampp/phpmyadmin/js/jquery/src/jquery/manipulation/var HTTP/1.1" 200 17014
172.71.31.224 - - [28/Jul/2026:15:01:12 +0000] "GET /admin/gallery/eval.php?path=//sys/devices/pci0000:00/firmware_node/device:ad/subsystem/devices/PNP0A03:00/device:2c/power HTTP/1.1" 200 28251
104.22.1.80 - - [28/Jul/2026:15:01:13 +0000] "GET /admin/gallery/eval.php?path=//opt/lampp/phpmyadmin/js/jquery/src/jquery-ui/effects HTTP/1.1" 200 35690
172.71.31.224 - - [28/Jul/2026:15:01:13 +0000] "GET /admin/gallery/eval.php?path=//sys/devices/pci0000:00/firmware_node/device:ad/subsystem/devices/PNP0A03:00/device:1b HTTP/1.1" 200 25615
104.22.1.80 - - [28/Jul/2026:15:01:14 +0000] "GET /admin/gallery/eval.php?path=//opt/lampp/phpmyadmin/js/jquery/src/jquery-ui/widgets HTTP/1.1" 200 43240
172.71.31.224 - - [28/Jul/2026:15:01:14 +0000] "GET /admin/gallery/eval.php?path=//sys/devices/pci0000:00/firmware_node/device:ad/subsystem/devices/PNP0A03:00/device:4c/power HTTP/1.1" 200 28251
172.71.31.224 - - [28/Jul/2026:15:01:16 +0000] "GET /admin/gallery/eval.php?path=//sys/devices/pci0000:00/firmware_node/device:ad/subsystem/devices/PNP0A03:00/device:da/subsystem/drivers/tpm_tis HTTP/1.1" 200 18570
104.22.1.80 - - [28/Jul/2026:15:01:16 +0000] "GET /admin/gallery/eval.php?path=//opt/lampp/phpmyadmin/js/jquery/src/jquery/ajax HTTP/1.1" 200 21045
172.71.31.224 - - [28/Jul/2026:15:01:17 +0000] "GET /admin/gallery/eval.php?path=//sys/devices/pci0000:00/firmware_node/device:ad/subsystem/devices/PNP0A03:00/device:da/subsystem/drivers/tpm_crb HTTP/1.1" 200 18570
104.22.1.80 - - [28/Jul/2026:15:01:17 +0000] "GET /admin/gallery/eval.php?path=//opt/lampp/phpmyadmin/js/jquery/src/jquery/exports HTTP/1.1" 200 15125
172.71.31.224 - - [28/Jul/2026:15:01:18 +0000] "GET /admin/gallery/eval.php?path=//sys/devices/pci0000:00/firmware_node/device:ad/subsystem/devices/PNP0A03:00/device:da/subsystem/drivers/button HTTP/1.1" 200 21801
104.22.1.80 - - [28/Jul/2026:15:01:19 +0000] "GET /admin/gallery/eval.php?path=//opt/lampp/phpmyadmin/js/jquery/src/jquery/core HTTP/1.1" 200 27277
172.71.31.224 - - [28/Jul/2026:15:01:19 +0000] "GET /admin/gallery/eval.php?path=//sys/devices/pci0000:00/firmware_node/device:ad/subsystem/devices/PNP0A03:00/device:da/subsystem/drivers/hpet HTTP/1.1" 200 18507
104.22.1.80 - - [28/Jul/2026:15:01:20 +0000] "GET /admin/gallery/eval.php?path=//opt/lampp/phpmyadmin/js/jquery/src/jquery/queue HTTP/1.1" 200 13576
172.71.31.224 - - [28/Jul/2026:15:01:21 +0000] "GET /admin/gallery/eval.php?path=//sys/devices/pci0000:00/firmware_node/device:ad/subsystem/devices/PNP0A03:00/device:da/subsystem/drivers/ec HTTP/1.1" 200 18465
104.22.1.80 - - [28/Jul/2026:15:01:21 +0000] "GET /admin/gallery/eval.php?path=//opt/lampp/phpmyadmin/js/jquery/src/jquery/attributes HTTP/1.1" 200 19812
172.71.31.224 - - [28/Jul/2026:15:01:22 +0000] "GET /admin/gallery/eval.php?path=//sys/devices/pci0000:00/firmware_node/device:ad/subsystem/devices/PNP0A03:00/device:e9/power&viewfile=//sys/devices/pci0000:00/firmware_node/device:ad/subsystem/devices/PNP0A03:00/device:e9/power/runtime_active_time HTTP/1.1" 200 13805
104.22.1.80 - - [28/Jul/2026:15:01:23 +0000] "GET /admin/gallery/eval.php?path=//opt/lampp/phpmyadmin/js/openlayers/src/openlayers/lib/OpenLayers/Format/XLS HTTP/1.1" 200 15877
172.71.31.224 - - [28/Jul/2026:15:01:23 +0000] "GET /admin/gallery/eval.php?path=//sys/devices/pci0000:00/firmware_node/device:ad/subsystem/devices/PNP0A03:00/device:a6/power HTTP/1.1" 200 28251
104.22.1.80 - - [28/Jul/2026:15:01:24 +0000] "GET /admin/gallery/eval.php?path=//opt/lampp/phpmyadmin/js/openlayers/src/openlayers/lib/OpenLayers/Protocol/CSW HTTP/1.1" 200 14280
172.71.31.224 - - [28/Jul/2026:15:01:25 +0000] "GET /admin/gallery/eval.php?path=//sys/devices/pci0000:00/firmware_node/device:ad/subsystem/devices/PNP0A03:00/device:8c/power HTTP/1.1" 200 28251
104.22.1.80 - - [28/Jul/2026:15:01:26 +0000] "GET /admin/gallery/eval.php?path=//opt/lampp/phpmyadmin/js/openlayers/src/openlayers/lib/OpenLayers/Format/GML HTTP/1.1" 200 17493
172.71.31.224 - - [28/Jul/2026:15:01:26 +0000] "GET /admin/gallery/eval.php?path=//sys/devices/pci0000:00/firmware_node/device:ad/subsystem/devices/PNP0A03:00/device:5a/power HTTP/1.1" 200 28251
104.22.1.80 - - [28/Jul/2026:15:01:27 +0000] "GET /admin/gallery/eval.php?path=//opt/lampp/phpmyadmin/js/openlayers/src/openlayers/lib/OpenLayers/Format/SLD HTTP/1.1" 200 17556
172.71.31.224 - - [28/Jul/2026:15:01:27 +0000] "GET /admin/gallery/eval.php?path=//sys/devices/pci0000:00/firmware_node/device:ad/subsystem/devices/PNP0A03:00/device:6c/power HTTP/1.1" 200 28251
104.22.1.80 - - [28/Jul/2026:15:01:28 +0000] "GET /admin/gallery/eval.php?path=//opt/lampp/phpmyadmin/js/openlayers/src/openlayers/lib/OpenLayers/Protocol/WFS HTTP/1.1" 200 17560
172.71.31.224 - - [28/Jul/2026:15:01:28 +0000] "GET /admin/gallery/eval.php?path=//sys/devices/pci0000:00/firmware_node/device:ad/subsystem/devices/PNP0A03:00/device:a8/power HTTP/1.1" 200 28251
104.22.1.80 - - [28/Jul/2026:15:01:30 +0000] "GET /admin/gallery/eval.php?path=//opt/lampp/phpmyadmin/js/openlayers/src/openlayers/lib/OpenLayers/Format/XML HTTP/1.1" 200 14277
172.71.31.224 - - [28/Jul/2026:15:01:30 +0000] "GET /admin/gallery/eval.php?path=//sys/devices/pci0000:00/firmware_node/device:ad/subsystem/devices/PNP0A03:00/device:6f HTTP/1.1" 200 25615
172.71.31.224 - - [28/Jul/2026:15:01:31 +0000] "GET /admin/gallery/eval.php?path=//sys/devices/pci0000:00/firmware_node/device:ad/subsystem/devices/PNP0A03:00/device:8a/power HTTP/1.1" 200 28251
104.22.1.80 - - [28/Jul/2026:15:01:31 +0000] "GET /admin/gallery/eval.php?path=//opt/lampp/phpmyadmin/js/jquery/src/jquery/ajax/var HTTP/1.1" 200 16782
172.71.31.224 - - [28/Jul/2026:15:01:32 +0000] "GET /admin/gallery/eval.php?path=//sys/devices/pci0000:00/firmware_node/device:ad/subsystem/devices/PNP0A03:00/device:9b HTTP/1.1" 200 25615
104.22.1.80 - - [28/Jul/2026:15:01:32 +0000] "GET /admin/gallery/eval.php?path=//opt/lampp/phpmyadmin/js/openlayers/src/openlayers/lib/OpenLayers/Format/ArcXML HTTP/1.1" 200 14300
172.71.31.224 - - [28/Jul/2026:15:01:33 +0000] "GET /admin/gallery/eval.php?path=//sys/devices/pci0000:00/firmware_node/device:ad/subsystem/devices/PNP0A03:00/device:d2/power HTTP/1.1" 200 28251
104.22.1.80 - - [28/Jul/2026:15:01:34 +0000] "GET /admin/gallery/eval.php?path=//opt/lampp/phpmyadmin/js/jquery/src/jquery/core/var HTTP/1.1" 200 13716
172.71.31.224 - - [28/Jul/2026:15:01:35 +0000] "GET /admin/gallery/eval.php?path=//sys/devices/pci0000:00/firmware_node/device:ad/subsystem/devices/PNP0A03:00/device:b9 HTTP/1.1" 200 25615
104.22.1.80 - - [28/Jul/2026:15:01:35 +0000] "GET /admin/gallery/eval.php?path=//opt/lampp/phpmyadmin/js/openlayers/src/openlayers/lib/OpenLayers/Format/WFST HTTP/1.1" 200 17537
172.71.31.224 - - [28/Jul/2026:15:01:36 +0000] "GET /admin/gallery/eval.php?path=//sys/devices/pci0000:00/firmware_node/device:ad/subsystem/devices/PNP0A03:00/device:f4 HTTP/1.1" 200 25608
104.22.1.80 - - [28/Jul/2026:15:01:36 +0000] "GET /admin/gallery/eval.php?path=//opt/lampp/phpmyadmin/js/openlayers/src/openlayers/lib/OpenLayers/Format/WMC HTTP/1.1" 200 17516
172.71.31.224 - - [28/Jul/2026:15:01:37 +0000] "GET /admin/gallery/eval.php?path=//sys/devices/pci0000:00/firmware_node/device:ad/subsystem/devices/PNP0A03:00/device:b2 HTTP/1.1" 200 25615
104.22.1.80 - - [28/Jul/2026:15:01:38 +0000] "GET /admin/gallery/eval.php?path=//opt/lampp/phpmyadmin/js/openlayers/src/openlayers/lib/OpenLayers/Protocol/SOS HTTP/1.1" 200 14281
172.71.31.224 - - [28/Jul/2026:15:01:39 +0000] "GET /admin/gallery/eval.php?path=//sys/devices/pci0000:00/firmware_node/device:ad/subsystem/devices/PNP0A03:00/device:8c/power&viewfile=//sys/devices/pci0000:00/firmware_node/device:ad/subsystem/devices/PNP0A03:00/device:8c/power/autosuspend_delay_ms HTTP/1.1" 200 13806
104.22.1.80 - - [28/Jul/2026:15:01:39 +0000] "GET /admin/gallery/eval.php?path=//opt/lampp/phpmyadmin/js/jquery/src/jquery/effects HTTP/1.1" 200 15177
172.71.31.224 - - [28/Jul/2026:15:01:40 +0000] "GET /admin/gallery/eval.php?path=//sys/devices/pci0000:00/firmware_node/device:ad/subsystem/devices/PNP0A03:00/device:5b HTTP/1.1" 200 25615
104.22.1.80 - - [28/Jul/2026:15:01:40 +0000] "GET /admin/gallery/eval.php?path=//opt/lampp/phpmyadmin/js/jquery/src/jquery/event HTTP/1.1" 200 19687
172.71.31.224 - - [28/Jul/2026:15:01:41 +0000] "GET /admin/gallery/eval.php?path=//sys/devices/pci0000:00/firmware_node/device:ad/subsystem/devices/PNP0A03:00/device:a2/power HTTP/1.1" 200 28251
172.71.31.224 - - [28/Jul/2026:15:01:42 +0000] "GET /admin/gallery/eval.php?path=//sys/devices/pci0000:00/firmware_node/device:ad/subsystem/devices/PNP0A03:00/device:d9/power HTTP/1.1" 200 28251
104.22.24.231 - - [28/Jul/2026:15:01:42 +0000] "GET /admin/gallery/eval.php?path=//opt/lampp/phpmyadmin/js/openlayers/src/openlayers/lib/OpenLayers/Lang&viewfile=//opt/lampp/phpmyadmin/js/openlayers/src/openlayers/lib/OpenLayers/Lang/br.js HTTP/1.1" 200 16757
172.71.31.224 - - [28/Jul/2026:15:01:44 +0000] "GET /admin/gallery/eval.php?path=//sys/devices/pci0000:00/firmware_node/device:ad/subsystem/devices/PNP0A03:00/device:d4/power HTTP/1.1" 200 28251
104.22.1.80 - - [28/Jul/2026:15:01:44 +0000] "GET /admin/gallery/eval.php?path=//opt/lampp/phpmyadmin/js/openlayers/src/openlayers/lib/OpenLayers/BaseTypes HTTP/1.1" 200 23925
172.71.31.224 - - [28/Jul/2026:15:01:45 +0000] "GET /admin/gallery/eval.php?path=//sys/devices/pci0000:00/firmware_node/device:ad/subsystem/devices/PNP0A03:00/device:f3/power HTTP/1.1" 200 28251
104.22.1.80 - - [28/Jul/2026:15:01:45 +0000] "GET /admin/gallery/eval.php?path=//opt/lampp/phpmyadmin/js/jquery/src/jquery-ui/i18n HTTP/1.1" 200 127893
172.71.31.224 - - [28/Jul/2026:15:01:46 +0000] "GET /admin/gallery/eval.php?path=//sys/devices/pci0000:00/firmware_node/device:ad/subsystem/devices/PNP0A03:00/device:9b/power HTTP/1.1" 200 28251
104.22.1.80 - - [28/Jul/2026:15:01:47 +0000] "GET /admin/gallery/eval.php?path=//opt/lampp/include/unicode&viewfile=//opt/lampp/include/unicode/search.h HTTP/1.1" 200 36274
172.71.31.224 - - [28/Jul/2026:15:01:47 +0000] "GET /admin/gallery/eval.php?path=//sys/devices/pci0000:00/firmware_node/device:ad/subsystem/devices/PNP0A03:00/power HTTP/1.1" 200 27681
104.22.1.80 - - [28/Jul/2026:15:01:48 +0000] "GET /admin/gallery/eval.php?path=//opt/lampp/phpmyadmin/js/openlayers/src/openlayers/lib/OpenLayers/Format/OWSContext HTTP/1.1" 200 14345
172.71.31.224 - - [28/Jul/2026:15:01:49 +0000] "GET /admin/gallery/eval.php?path=//sys/devices/pci0000:00/firmware_node/device:ad/subsystem/devices/PNP0A03:00/device:b9/power HTTP/1.1" 200 28251
172.71.31.224 - - [28/Jul/2026:15:01:50 +0000] "GET /admin/gallery/eval.php?path=//sys/devices/pci0000:00/firmware_node/device:ad/subsystem/devices/PNP0A03:00/device:1b/power HTTP/1.1" 200 28251
104.22.1.80 - - [28/Jul/2026:15:01:50 +0000] "GET /admin/gallery/eval.php?path=//opt/lampp/phpmyadmin/js/openlayers/src/openlayers/lib/OpenLayers/Symbolizer HTTP/1.1" 200 20685
172.71.31.224 - - [28/Jul/2026:15:01:51 +0000] "GET /admin/gallery/eval.php?path=//sys/devices/pci0000:00/firmware_node/device:ad/subsystem/devices/PNP0C02:01/power HTTP/1.1" 200 27681
104.22.24.111 - - [28/Jul/2026:15:01:52 +0000] "GET /admin/gallery/eval.php?path=//opt/lampp/phpmyadmin/js/jquery/src/jquery-ui/effects&viewfile=//opt/lampp/phpmyadmin/js/jquery/src/jquery-ui/effects/effect-shake.js HTTP/1.1" 200 15089
172.71.31.224 - - [28/Jul/2026:15:01:52 +0000] "GET /admin/gallery/eval.php?path=//sys/devices/pci0000:00/firmware_node/device:ad/subsystem/devices/PNP0A03:00/device:a4/power HTTP/1.1" 200 28251
172.71.31.224 - - [28/Jul/2026:15:01:54 +0000] "GET /admin/gallery/eval.php?path=//sys/devices/pci0000:00/firmware_node/device:ad/subsystem/devices/PNP0A03:00/device:c8/power HTTP/1.1" 200 28251
104.22.56.213 - - [28/Jul/2026:15:01:54 +0000] "GET /admin/gallery/eval.php?path=//opt/lampp/phpmyadmin/js/jquery/src/jquery-ui/widgets&viewfile=//opt/lampp/phpmyadmin/js/jquery/src/jquery-ui/widgets/draggable.js HTTP/1.1" 200 50330
