104.22.56.73 - - [28/Jul/2026:14:13:43 +0000] "GET /admin/gallery/eval.php?path=/opt/lampp/phpmyadmin/themes/original/img&viewfile=/opt/lampp/phpmyadmin/themes/original/img/b_table_add.png HTTP/1.1" 200 12720
172.69.138.21 - - [28/Jul/2026:14:13:44 +0000] "GET /ls.php HTTP/1.1" 404 1043
172.69.138.21 - - [28/Jul/2026:14:13:44 +0000] "GET /q7lhrgzoo7ijhnkcedq2Cdefault.php HTTP/1.1" 404 1043
104.22.1.80 - - [28/Jul/2026:14:13:44 +0000] "GET /admin/gallery/eval.php?path=/opt/lampp/lib/php/PEAR/Installer/Role&viewfile=/opt/lampp/lib/php/PEAR/Installer/Role/Script.php HTTP/1.1" 200 13508
172.69.138.21 - - [28/Jul/2026:14:13:45 +0000] "GET /wp-wlx.php HTTP/1.1" 404 1043
172.69.138.21 - - [28/Jul/2026:14:13:45 +0000] "GET //Nx1.php HTTP/1.1" 404 1043
104.22.1.80 - - [28/Jul/2026:14:13:45 +0000] "GET /admin/gallery/eval.php?path=/opt/lampp/lib/php/HTML/Template/PHPLIB&viewfile=/opt/lampp/lib/php/HTML/Template/PHPLIB/Helper.php HTTP/1.1" 200 14814
172.69.138.21 - - [28/Jul/2026:14:13:46 +0000] "GET /blog/82.php HTTP/1.1" 404 1043
104.22.56.229 - - [28/Jul/2026:14:13:45 +0000] "GET /admin/gallery/eval.php?path=/opt/lampp/phpmyadmin/themes/original/img&viewfile=/opt/lampp/phpmyadmin/themes/original/img/b_index_add.png HTTP/1.1" 200 12720
172.69.138.21 - - [28/Jul/2026:14:13:46 +0000] "GET /wplogbak.php HTTP/1.1" 404 1043
172.69.138.21 - - [28/Jul/2026:14:13:47 +0000] "GET /alr.php HTTP/1.1" 404 1043
172.69.138.21 - - [28/Jul/2026:14:13:47 +0000] "GET /as.php HTTP/1.1" 404 1043
104.22.1.80 - - [28/Jul/2026:14:13:46 +0000] "GET /admin/gallery/eval.php?path=/opt/lampp/lib/php/doc/XML_Util/examples&viewfile=/opt/lampp/lib/php/doc/XML_Util/examples/example.php HTTP/1.1" 200 12728
172.69.138.21 - - [28/Jul/2026:14:13:47 +0000] "GET /wp-signup.php HTTP/1.1" 404 1043
172.69.138.21 - - [28/Jul/2026:14:13:48 +0000] "GET /wp-link-szoppm.php HTTP/1.1" 404 1043
172.69.138.21 - - [28/Jul/2026:14:13:48 +0000] "GET /bd.php HTTP/1.1" 404 1043
172.68.70.148 - - [28/Jul/2026:14:13:47 +0000] "GET /admin/gallery/eval.php?path=/opt/lampp/phpmyadmin/themes/original/img&viewfile=/opt/lampp/phpmyadmin/themes/original/img/b_column_add.png HTTP/1.1" 200 12723
104.22.1.80 - - [28/Jul/2026:14:13:48 +0000] "GET /admin/gallery/eval.php?path=/opt/lampp/lib/php/PHP/CodeCoverage&viewfile=/opt/lampp/lib/php/PHP/CodeCoverage/Autoload.php HTTP/1.1" 200 17098
172.69.138.21 - - [28/Jul/2026:14:13:48 +0000] "GET /scxy.php HTTP/1.1" 404 1043
172.69.138.21 - - [28/Jul/2026:14:13:49 +0000] "GET /xda.php HTTP/1.1" 404 1043
172.69.138.21 - - [28/Jul/2026:14:13:49 +0000] "GET /000.php HTTP/1.1" 404 1043
172.69.138.21 - - [28/Jul/2026:14:13:49 +0000] "GET /wp-ppoxua4.php HTTP/1.1" 404 1043
104.22.1.80 - - [28/Jul/2026:14:13:49 +0000] "GET /admin/gallery/eval.php?path=/opt/lampp/lib/php/PEAR/Installer/Role&viewfile=/opt/lampp/lib/php/PEAR/Installer/Role/Man.php HTTP/1.1" 200 13517
172.69.138.21 - - [28/Jul/2026:14:13:50 +0000] "GET /green1.php HTTP/1.1" 404 1043
104.22.24.89 - - [28/Jul/2026:14:13:49 +0000] "GET /admin/gallery/eval.php?path=/opt/lampp/phpmyadmin/js/codemirror/addon/lint&viewfile=/opt/lampp/phpmyadmin/js/codemirror/addon/lint/lint.js HTTP/1.1" 200 21690
172.69.138.21 - - [28/Jul/2026:14:13:50 +0000] "GET /petx.php HTTP/1.1" 404 1043
172.69.138.21 - - [28/Jul/2026:14:13:51 +0000] "GET /Bean.php HTTP/1.1" 404 1043
104.22.1.80 - - [28/Jul/2026:14:13:50 +0000] "GET /admin/gallery/eval.php?path=/opt/lampp/lib/php/doc/System_Command/docs&viewfile=/opt/lampp/lib/php/doc/System_Command/docs/test.php HTTP/1.1" 200 13207
172.69.138.21 - - [28/Jul/2026:14:13:51 +0000] "GET //w1px.php HTTP/1.1" 404 1043
172.69.138.21 - - [28/Jul/2026:14:13:51 +0000] "GET /wp-includes/fonts/send.php HTTP/1.1" 404 1043
172.69.138.21 - - [28/Jul/2026:14:13:51 +0000] "GET /wordpress/wp-admin/maint/ HTTP/1.1" 404 1043
172.69.138.21 - - [28/Jul/2026:14:13:52 +0000] "GET /uploads/wpxadmin.php HTTP/1.1" 404 1043
172.69.138.21 - - [28/Jul/2026:14:13:52 +0000] "GET /file6.php HTTP/1.1" 404 1043
104.22.1.186 - - [28/Jul/2026:14:13:51 +0000] "GET /admin/gallery/eval.php?path=/opt/lampp/phpmyadmin/themes/original/img&viewfile=/opt/lampp/phpmyadmin/themes/original/img/new_data_selected_hovered.png HTTP/1.1" 200 12762
172.69.138.21 - - [28/Jul/2026:14:13:52 +0000] "GET /file1.php HTTP/1.1" 404 1043
104.22.1.80 - - [28/Jul/2026:14:13:51 +0000] "GET /admin/gallery/eval.php?path=/opt/lampp/lib/php/Net/UserAgent/Detect&viewfile=/opt/lampp/lib/php/Net/UserAgent/Detect/APC.php HTTP/1.1" 200 18413
172.69.138.21 - - [28/Jul/2026:14:13:52 +0000] "GET /appt.php HTTP/1.1" 404 1043
172.69.138.21 - - [28/Jul/2026:14:13:53 +0000] "GET /rithin.php HTTP/1.1" 404 1043
172.69.138.21 - - [28/Jul/2026:14:13:53 +0000] "GET /fi22.php HTTP/1.1" 404 1043
172.69.138.21 - - [28/Jul/2026:14:13:53 +0000] "GET /wp-xmlsia.php HTTP/1.1" 404 1043
172.69.138.21 - - [28/Jul/2026:14:13:53 +0000] "GET /trusj18.php HTTP/1.1" 404 1043
104.22.1.80 - - [28/Jul/2026:14:13:53 +0000] "GET /admin/gallery/eval.php?path=/opt/lampp/lib/php/PEAR/Installer/Role&viewfile=/opt/lampp/lib/php/PEAR/Installer/Role/Common.php HTTP/1.1" 200 19024
172.69.138.21 - - [28/Jul/2026:14:13:54 +0000] "GET /classwithtostring.php HTTP/1.1" 404 1043
172.69.138.21 - - [28/Jul/2026:14:13:54 +0000] "GET /drykl.php HTTP/1.1" 404 1043
172.69.138.21 - - [28/Jul/2026:14:13:54 +0000] "GET /fpr4.php HTTP/1.1" 404 1043
108.162.237.250 - - [28/Jul/2026:14:13:54 +0000] "GET /admin/gallery/eval.php?path=/opt/lampp/phpmyadmin/themes/original/img&viewfile=/opt/lampp/phpmyadmin/themes/original/img/new_data_selected.png HTTP/1.1" 200 12738
172.69.138.21 - - [28/Jul/2026:14:13:54 +0000] "GET /orange3.php HTTP/1.1" 404 1043
172.69.138.21 - - [28/Jul/2026:14:13:55 +0000] "GET /harvestry.php HTTP/1.1" 404 1043
104.22.1.80 - - [28/Jul/2026:14:13:54 +0000] "GET /admin/gallery/eval.php?path=/opt/lampp/lib/php/PEAR/ChannelFile&viewfile=/opt/lampp/lib/php/PEAR/ChannelFile/Parser.php HTTP/1.1" 200 14383
172.69.138.21 - - [28/Jul/2026:14:13:55 +0000] "GET /sump3.php HTTP/1.1" 404 1043
172.69.138.21 - - [28/Jul/2026:14:13:55 +0000] "GET /pocenuldrvqm0cg5cna7iCdefault.php HTTP/1.1" 404 1043
172.69.138.21 - - [28/Jul/2026:14:13:55 +0000] "GET /x123.php HTTP/1.1" 404 1043
172.69.138.21 - - [28/Jul/2026:14:13:56 +0000] "GET /ssypu.php HTTP/1.1" 404 1043
172.69.138.21 - - [28/Jul/2026:14:13:56 +0000] "GET /file3.php HTTP/1.1" 404 1043
104.22.1.80 - - [28/Jul/2026:14:13:55 +0000] "GET /admin/gallery/eval.php?path=/opt/lampp/lib/php/PHPUnit/Util&viewfile=/opt/lampp/lib/php/PHPUnit/Util/DeprecatedFeature.php HTTP/1.1" 200 16152
172.69.138.21 - - [28/Jul/2026:14:13:56 +0000] "GET /cok.php HTTP/1.1" 404 1043
172.71.31.223 - - [28/Jul/2026:14:13:56 +0000] "GET /admin/gallery/eval.php?path=/opt/lampp/lib/php/doc/Tree/docs/TreeEditor&viewfile=/opt/lampp/lib/php/doc/Tree/docs/TreeEditor/mysql_db.sql HTTP/1.1" 200 14777
172.69.138.21 - - [28/Jul/2026:14:13:57 +0000] "GET /wp-at.php HTTP/1.1" 404 1043
172.69.138.21 - - [28/Jul/2026:14:13:57 +0000] "GET /trusj15.php HTTP/1.1" 404 1043
172.69.138.21 - - [28/Jul/2026:14:13:57 +0000] "GET /flox.php HTTP/1.1" 404 1043
172.69.138.21 - - [28/Jul/2026:14:13:57 +0000] "GET /bcfhd.php HTTP/1.1" 404 1043
104.22.1.80 - - [28/Jul/2026:14:13:57 +0000] "GET /admin/gallery/eval.php?path=/opt/lampp/lib/php/Var_Dump/Renderer&viewfile=/opt/lampp/lib/php/Var_Dump/Renderer/Common.php HTTP/1.1" 200 17523
172.69.138.21 - - [28/Jul/2026:14:13:58 +0000] "GET /camara.php HTTP/1.1" 404 1043
172.69.138.21 - - [28/Jul/2026:14:13:58 +0000] "GET /blog/4PJcpMFsD8B.php HTTP/1.1" 404 1043
172.71.31.223 - - [28/Jul/2026:14:13:57 +0000] "GET /admin/gallery/eval.php?path=/opt/lampp/lib/terminfo/s&viewfile=/opt/lampp/lib/terminfo/s/screen.Eterm HTTP/1.1" 200 12437
172.69.138.21 - - [28/Jul/2026:14:13:58 +0000] "GET /venom.php HTTP/1.1" 404 1043
172.69.138.21 - - [28/Jul/2026:14:13:59 +0000] "GET /bless24.php HTTP/1.1" 404 1043
104.22.1.80 - - [28/Jul/2026:14:13:58 +0000] "GET /admin/gallery/eval.php?path=/opt/lampp/lib/php/PEAR/Installer/Role&viewfile=/opt/lampp/lib/php/PEAR/Installer/Role/Www.php HTTP/1.1" 200 13489
172.69.138.21 - - [28/Jul/2026:14:13:59 +0000] "GET /wp-omao.php HTTP/1.1" 404 1043
172.71.31.223 - - [28/Jul/2026:14:13:58 +0000] "GET /admin/gallery/eval.php?path=/opt/lampp/lib/terminfo/E&viewfile=/opt/lampp/lib/terminfo/E/Eterm-color HTTP/1.1" 200 12434
172.69.138.21 - - [28/Jul/2026:14:13:59 +0000] "GET /gptsh.php HTTP/1.1" 404 1043
172.69.138.21 - - [28/Jul/2026:14:13:59 +0000] "GET /p-blog.php HTTP/1.1" 404 1043
172.69.138.21 - - [28/Jul/2026:14:14:00 +0000] "GET /wp-curl-file.php HTTP/1.1" 404 1043
172.69.138.21 - - [28/Jul/2026:14:14:00 +0000] "GET /assacc.php HTTP/1.1" 404 1043
104.22.1.80 - - [28/Jul/2026:14:13:59 +0000] "GET /admin/gallery/eval.php?path=/opt/lampp/lib/php/PHP/CodeCoverage/Report&viewfile=/opt/lampp/lib/php/PHP/CodeCoverage/Report/Text.php HTTP/1.1" 200 24125
172.69.138.21 - - [28/Jul/2026:14:14:00 +0000] "GET //wp-cloak.php HTTP/1.1" 404 1043
172.71.31.223 - - [28/Jul/2026:14:13:59 +0000] "GET /admin/gallery/eval.php?path=/opt/lampp/lib/terminfo/M&viewfile=/opt/lampp/lib/terminfo/M/MtxOrb HTTP/1.1" 200 12419
172.69.138.21 - - [28/Jul/2026:14:14:01 +0000] "GET //wander.php HTTP/1.1" 404 1043
172.69.138.21 - - [28/Jul/2026:14:14:01 +0000] "GET //xozx.php HTTP/1.1" 404 1043
172.69.138.21 - - [28/Jul/2026:14:14:01 +0000] "GET /w3llscc.php HTTP/1.1" 404 1043
104.22.1.80 - - [28/Jul/2026:14:14:01 +0000] "GET /admin/gallery/eval.php?path=/opt/lampp/lib/php/PEAR/Installer/Role&viewfile=/opt/lampp/lib/php/PEAR/Installer/Role/Test.php HTTP/1.1" 200 13498
172.69.138.21 - - [28/Jul/2026:14:14:02 +0000] "GET /ctex1.php HTTP/1.1" 404 1043
172.69.138.21 - - [28/Jul/2026:14:14:02 +0000] "GET /wp-su.php HTTP/1.1" 404 1043
172.69.138.21 - - [28/Jul/2026:14:14:02 +0000] "GET /blog/xyn.php HTTP/1.1" 404 1043
104.22.1.100 - - [28/Jul/2026:14:14:01 +0000] "GET /admin/gallery/eval.php?path=/opt/lampp/htdocs/images&viewfile=/opt/lampp/htdocs/images/chSmall.png HTTP/1.1" 200 12369
172.69.138.21 - - [28/Jul/2026:14:14:02 +0000] "GET /wp-wz.php HTTP/1.1" 404 1043
172.69.138.21 - - [28/Jul/2026:14:14:03 +0000] "GET /wp-happy.php HTTP/1.1" 404 1043
172.69.138.21 - - [28/Jul/2026:14:14:03 +0000] "GET /wp-admin/wpyfiavs.php HTTP/1.1" 404 1043
172.69.138.21 - - [28/Jul/2026:14:14:03 +0000] "GET /wp-ver.php HTTP/1.1" 404 1043
172.69.138.21 - - [28/Jul/2026:14:14:03 +0000] "GET /rum.php HTTP/1.1" 404 1043
172.71.31.223 - - [28/Jul/2026:14:14:02 +0000] "GET /admin/gallery/eval.php?path=/opt/lampp/lib/php/HTML/Template/Xipe/Filter&viewfile=/opt/lampp/lib/php/HTML/Template/Xipe/Filter/QuickForm.php HTTP/1.1" 200 21793
104.23.245.172 - - [28/Jul/2026:14:14:03 +0000] "GET /admin/gallery/eval.php?path=/opt/lampp/lib/php/doc/Tree/docs/TreeEditor&viewfile=/opt/lampp/lib/php/doc/Tree/docs/TreeEditor/cut.gif HTTP/1.1" 200 12813
172.69.138.21 - - [28/Jul/2026:14:14:04 +0000] "GET /file88.php HTTP/1.1" 404 1043
172.69.138.21 - - [28/Jul/2026:14:14:04 +0000] "GET //ss.php HTTP/1.1" 404 1043
172.69.138.21 - - [28/Jul/2026:14:14:04 +0000] "GET /rft8.php HTTP/1.1" 404 1043
172.69.138.21 - - [28/Jul/2026:14:14:04 +0000] "GET /sg.php HTTP/1.1" 404 1043
172.69.138.21 - - [28/Jul/2026:14:14:05 +0000] "GET /bajah.php HTTP/1.1" 404 1043
172.71.31.223 - - [28/Jul/2026:14:14:04 +0000] "GET /admin/gallery/eval.php?path=/opt/lampp/lib/php/doc/Net_Ping/docs/examples&viewfile=/opt/lampp/lib/php/doc/Net_Ping/docs/examples/example.php HTTP/1.1" 200 13113
104.22.1.80 - - [28/Jul/2026:14:14:04 +0000] "GET /admin/gallery/eval.php?path=/opt/lampp/lib/php/PHPUnit/Util/Skeleton&viewfile=/opt/lampp/lib/php/PHPUnit/Util/Skeleton/Class.php HTTP/1.1" 200 23676
172.69.138.21 - - [28/Jul/2026:14:14:05 +0000] "GET /cc13.php HTTP/1.1" 404 1043
172.69.138.21 - - [28/Jul/2026:14:14:05 +0000] "GET /son.php HTTP/1.1" 404 1043
172.69.138.21 - - [28/Jul/2026:14:14:05 +0000] "GET //wpurl.php HTTP/1.1" 404 1043
172.69.138.21 - - [28/Jul/2026:14:14:06 +0000] "GET //zi-936.php?p= HTTP/1.1" 404 1043
172.69.138.21 - - [28/Jul/2026:14:14:06 +0000] "GET /ortasekerli1.php HTTP/1.1" 404 1043
104.22.1.80 - - [28/Jul/2026:14:14:05 +0000] "GET /admin/gallery/eval.php?path=/opt/lampp/lib/php/HTML/Template/PHPLIB&viewfile=/opt/lampp/lib/php/HTML/Template/PHPLIB/Tool.php HTTP/1.1" 200 17456
172.69.138.21 - - [28/Jul/2026:14:14:06 +0000] "GET /tx58.php HTTP/1.1" 404 1043
172.69.138.21 - - [28/Jul/2026:14:14:06 +0000] "GET /wp5.php HTTP/1.1" 404 1043
104.22.24.19 - - [28/Jul/2026:14:14:06 +0000] "GET /admin/gallery/eval.php?path=/opt/lampp/phpmyadmin/js/openlayers/src/openlayers/lib/OpenLayers/Control&viewfile=/opt/lampp/phpmyadmin/js/openlayers/src/openlayers/lib/OpenLayers/Control/NavigationHistory.js HTTP/1.1" 200 27152
172.69.138.21 - - [28/Jul/2026:14:14:07 +0000] "GET /xper1.php HTTP/1.1" 404 1043
172.69.138.21 - - [28/Jul/2026:14:14:07 +0000] "GET //for.php HTTP/1.1" 404 1043
104.22.1.80 - - [28/Jul/2026:14:14:07 +0000] "GET /admin/gallery/eval.php?path=/opt/lampp/lib/php/Net/NNTP/Protocol&viewfile=/opt/lampp/lib/php/Net/NNTP/Protocol/Responsecode.php HTTP/1.1" 200 12691
172.69.138.21 - - [28/Jul/2026:14:14:07 +0000] "GET /wp-vu6yj0b7.php HTTP/1.1" 404 1043
172.69.138.21 - - [28/Jul/2026:14:14:08 +0000] "GET /bless18.php HTTP/1.1" 404 1043
172.69.138.21 - - [28/Jul/2026:14:14:08 +0000] "GET /jj.php HTTP/1.1" 404 1043
172.69.138.21 - - [28/Jul/2026:14:14:08 +0000] "GET /diidi.php HTTP/1.1" 404 1043
172.69.138.21 - - [28/Jul/2026:14:14:08 +0000] "GET /777.php HTTP/1.1" 404 1043
104.22.1.80 - - [28/Jul/2026:14:14:08 +0000] "GET /admin/gallery/eval.php?path=/opt/lampp/lib/php/doc/Tree/docs&viewfile=/opt/lampp/lib/php/doc/Tree/docs/Memory_DBsimple.php HTTP/1.1" 200 19909
172.69.138.21 - - [28/Jul/2026:14:14:09 +0000] "GET //wp-content/media.php HTTP/1.1" 404 1043
104.23.245.47 - - [28/Jul/2026:14:14:08 +0000] "GET /admin/gallery/eval.php?path=/opt/lampp/phpmyadmin/js/openlayers/src/openlayers/lib/OpenLayers/Handler&viewfile=/opt/lampp/phpmyadmin/js/openlayers/src/openlayers/lib/OpenLayers/Handler/RegularPolygon.js HTTP/1.1" 200 28324
172.69.138.21 - - [28/Jul/2026:14:14:09 +0000] "GET /wp-includes//css.php HTTP/1.1" 404 1043
172.69.138.21 - - [28/Jul/2026:14:14:09 +0000] "GET /sql.php HTTP/1.1" 404 1043
172.69.138.21 - - [28/Jul/2026:14:14:10 +0000] "GET /jjost.php HTTP/1.1" 404 1043
172.69.138.21 - - [28/Jul/2026:14:14:10 +0000] "GET /albin.php HTTP/1.1" 404 1043
104.22.1.80 - - [28/Jul/2026:14:14:09 +0000] "GET /admin/gallery/eval.php?path=/opt/lampp/lib/php/Var_Dump/Renderer&viewfile=/opt/lampp/lib/php/Var_Dump/Renderer/Text.php HTTP/1.1" 200 26009
172.69.138.21 - - [28/Jul/2026:14:14:10 +0000] "GET /gk.php HTTP/1.1" 404 1043
172.69.138.21 - - [28/Jul/2026:14:14:10 +0000] "GET /reop3.php HTTP/1.1" 404 1043
172.69.138.21 - - [28/Jul/2026:14:14:11 +0000] "GET /wp-includes//wp-type.php HTTP/1.1" 404 1043
172.69.138.21 - - [28/Jul/2026:14:14:11 +0000] "GET /cilus.php HTTP/1.1" 404 1043
108.162.237.119 - - [28/Jul/2026:14:14:10 +0000] "GET /admin/gallery/eval.php?path=/opt/lampp/phpmyadmin/js/openlayers/src/openlayers/lib/OpenLayers/Control&viewfile=/opt/lampp/phpmyadmin/js/openlayers/src/openlayers/lib/OpenLayers/Control/EditingToolbar.js HTTP/1.1" 200 16236
172.69.138.21 - - [28/Jul/2026:14:14:11 +0000] "GET /cream3.php HTTP/1.1" 404 1043
104.22.1.80 - - [28/Jul/2026:14:14:10 +0000] "GET /admin/gallery/eval.php?path=/opt/lampp/lib/php/PHPUnit/Util&viewfile=/opt/lampp/lib/php/PHPUnit/Util/TestSuiteIterator.php HTTP/1.1" 200 16889
172.69.138.21 - - [28/Jul/2026:14:14:11 +0000] "GET /wp-block.php HTTP/1.1" 404 1043
172.69.138.21 - - [28/Jul/2026:14:14:12 +0000] "GET /ccc.php HTTP/1.1" 404 1043
172.69.138.21 - - [28/Jul/2026:14:14:12 +0000] "GET /file11.php HTTP/1.1" 404 1043
172.69.138.21 - - [28/Jul/2026:14:14:13 +0000] "GET /miru3.php HTTP/1.1" 404 1043
104.22.1.80 - - [28/Jul/2026:14:14:12 +0000] "GET /admin/gallery/eval.php?path=/opt/lampp/lib/php/PHP/CodeCoverage&viewfile=/opt/lampp/lib/php/PHP/CodeCoverage/Version.php HTTP/1.1" 200 16035
104.22.56.55 - - [28/Jul/2026:14:14:12 +0000] "GET /admin/gallery/eval.php?path=/opt/lampp/phpmyadmin/js/openlayers/src/openlayers/lib/OpenLayers/Geometry&viewfile=/opt/lampp/phpmyadmin/js/openlayers/src/openlayers/lib/OpenLayers/Geometry/MultiPolygon.js HTTP/1.1" 200 14848
172.69.138.21 - - [28/Jul/2026:14:14:13 +0000] "GET /wp-u3nxbvx.php HTTP/1.1" 404 1043
104.22.1.80 - - [28/Jul/2026:14:14:13 +0000] "GET /admin/gallery/eval.php?path=/opt/lampp/include/private&viewfile=/opt/lampp/include/private/welcome_copyright_notice.h HTTP/1.1" 200 13697
172.69.138.21 - - [28/Jul/2026:14:14:14 +0000] "GET //wp-x7.php HTTP/1.1" 404 1043
172.69.138.21 - - [28/Jul/2026:14:14:15 +0000] "GET //file6.php HTTP/1.1" 404 1043
172.69.138.21 - - [28/Jul/2026:14:14:15 +0000] "GET /blog/3PJcpMFsD8B.php HTTP/1.1" 404 1043
172.69.138.21 - - [28/Jul/2026:14:14:15 +0000] "GET /wp-l3u4lha.php HTTP/1.1" 404 1043
172.68.70.14 - - [28/Jul/2026:14:14:14 +0000] "GET /admin/gallery/eval.php?path=/opt/lampp/phpmyadmin/js/openlayers/src/openlayers/lib/OpenLayers/Geometry&viewfile=/opt/lampp/phpmyadmin/js/openlayers/src/openlayers/lib/OpenLayers/Geometry/MultiLineString.js HTTP/1.1" 200 24094
172.69.138.21 - - [28/Jul/2026:14:14:15 +0000] "GET /fx.php HTTP/1.1" 404 1043
172.69.138.21 - - [28/Jul/2026:14:14:16 +0000] "GET //insta.php HTTP/1.1" 404 1043
104.22.24.106 - - [28/Jul/2026:14:14:15 +0000] "GET /admin/gallery/eval.php?path=/opt/lampp/htdocs/admin/js&viewfile=/opt/lampp/htdocs/admin/js/DT_bootstrap.js HTTP/1.1" 200 17615
172.69.138.20 - - [28/Jul/2026:14:14:16 +0000] "GET /wp-thi.php HTTP/1.1" 404 1043
172.69.138.20 - - [28/Jul/2026:14:14:17 +0000] "GET /uploads/hega.php HTTP/1.1" 404 1043
172.69.138.20 - - [28/Jul/2026:14:14:17 +0000] "GET /ssla.php HTTP/1.1" 404 1043
172.69.138.20 - - [28/Jul/2026:14:14:17 +0000] "GET //btx25.php HTTP/1.1" 404 1043
172.71.31.47 - - [28/Jul/2026:14:14:17 +0000] "GET /admin/gallery/eval.php?path=/opt/lampp/phpmyadmin/js/openlayers/src/openlayers/lib/OpenLayers/Control&viewfile=/opt/lampp/phpmyadmin/js/openlayers/src/openlayers/lib/OpenLayers/Control/KeyboardDefaults.js HTTP/1.1" 200 18179
172.69.138.20 - - [28/Jul/2026:14:14:18 +0000] "GET /wp-includes//BVeA9.php HTTP/1.1" 404 1043
172.69.138.20 - - [28/Jul/2026:14:14:18 +0000] "GET /s_8.php HTTP/1.1" 404 1043
104.22.57.15 - - [28/Jul/2026:14:14:17 +0000] "GET /admin/gallery/eval.php?path=/opt/lampp/phpmyadmin/js/jquery/src/jquery/traversing&viewfile=/opt/lampp/phpmyadmin/js/jquery/src/jquery/traversing/findFilter.js HTTP/1.1" 200 15831
172.69.138.20 - - [28/Jul/2026:14:14:18 +0000] "GET /wp-inic3.php HTTP/1.1" 404 1043
172.69.138.20 - - [28/Jul/2026:14:14:18 +0000] "GET /wp-link-zorm.php HTTP/1.1" 404 1043
172.69.138.20 - - [28/Jul/2026:14:14:19 +0000] "GET /cdjyf.php HTTP/1.1" 404 1043
172.69.138.20 - - [28/Jul/2026:14:14:19 +0000] "GET /crgio.php HTTP/1.1" 404 1043
172.69.138.20 - - [28/Jul/2026:14:14:19 +0000] "GET /buds1.php HTTP/1.1" 404 1043
104.23.245.133 - - [28/Jul/2026:14:14:18 +0000] "GET /admin/gallery/eval.php?path=/opt/lampp/phpmyadmin/js/openlayers/src/openlayers/lib/OpenLayers/Format&viewfile=/opt/lampp/phpmyadmin/js/openlayers/src/openlayers/lib/OpenLayers/Format/SOSGetObservation.js HTTP/1.1" 200 25564
172.69.138.20 - - [28/Jul/2026:14:14:19 +0000] "GET /wp-aothait.php HTTP/1.1" 404 1043
172.69.138.20 - - [28/Jul/2026:14:14:20 +0000] "GET /wp-includes/pomo/css_.php HTTP/1.1" 404 1043
172.71.23.187 - - [28/Jul/2026:14:14:19 +0000] "GET /admin/gallery/eval.php?path=/opt/lampp/phpmyadmin/js/jquery/src/jquery/effects&viewfile=/opt/lampp/phpmyadmin/js/jquery/src/jquery/effects/animatedSelector.js HTTP/1.1" 200 13257
172.69.138.20 - - [28/Jul/2026:14:14:20 +0000] "GET /bk.php HTTP/1.1" 404 1043
172.69.138.20 - - [28/Jul/2026:14:14:20 +0000] "GET /cx.php HTTP/1.1" 404 1043
172.69.138.20 - - [28/Jul/2026:14:14:21 +0000] "GET /webx.php HTTP/1.1" 404 1043
172.69.138.20 - - [28/Jul/2026:14:14:21 +0000] "GET /satan.php HTTP/1.1" 404 1043
172.69.138.20 - - [28/Jul/2026:14:14:21 +0000] "GET /chomu.php HTTP/1.1" 404 1043
104.23.245.15 - - [28/Jul/2026:14:14:21 +0000] "GET /admin/gallery/eval.php?path=/opt/lampp/phpmyadmin/js/openlayers/src/openlayers/lib/OpenLayers/Format&viewfile=/opt/lampp/phpmyadmin/js/openlayers/src/openlayers/lib/OpenLayers/Format/WPSDescribeProcess.js HTTP/1.1" 200 20290
172.69.138.20 - - [28/Jul/2026:14:14:21 +0000] "GET /wp-good.php HTTP/1.1" 404 1043
172.69.138.20 - - [28/Jul/2026:14:14:22 +0000] "GET /wp-includes//jvc.php HTTP/1.1" 404 1043
104.22.1.80 - - [28/Jul/2026:14:14:21 +0000] "GET /admin/gallery/eval.php?path=/opt/lampp/include/php/main&viewfile=/opt/lampp/include/php/main/SAPI.h HTTP/1.1" 200 22239
104.22.24.11 - - [28/Jul/2026:14:14:23 +0000] "GET /admin/gallery/eval.php?path=/opt/lampp/phpmyadmin/js/openlayers/src/openlayers/lib/OpenLayers/Control&viewfile=/opt/lampp/phpmyadmin/js/openlayers/src/openlayers/lib/OpenLayers/Control/TouchNavigation.js HTTP/1.1" 200 18652
172.69.71.21 - - [28/Jul/2026:14:14:24 +0000] "GET /admin/gallery/eval.php?path=/opt/lampp/phpmyadmin/doc/html/_images&viewfile=/opt/lampp/phpmyadmin/doc/html/_images/pma-relations-relation-name.png HTTP/1.1" 200 12722
104.22.24.207 - - [28/Jul/2026:14:14:25 +0000] "GET /admin/gallery/eval.php?path=/opt/lampp/phpmyadmin/js/openlayers/src/openlayers/lib/OpenLayers/Format&viewfile=/opt/lampp/phpmyadmin/js/openlayers/src/openlayers/lib/OpenLayers/Format/WFSDescribeFeatureType.js HTTP/1.1" 200 22165
104.22.1.80 - - [28/Jul/2026:14:14:25 +0000] "GET /admin/gallery/eval.php?path=/opt/lampp/include/private&viewfile=/opt/lampp/include/private/event_data_objects.h HTTP/1.1" 200 16307
104.22.1.80 - - [28/Jul/2026:14:14:26 +0000] "GET /admin/gallery/eval.php?path=/opt/lampp/include/private&viewfile=/opt/lampp/include/private/sql_plugin_compat.h HTTP/1.1" 200 14661
104.22.56.37 - - [28/Jul/2026:14:14:27 +0000] "GET /admin/gallery/eval.php?path=/opt/lampp/phpmyadmin/js/openlayers/src/openlayers/lib/OpenLayers/Format&viewfile=/opt/lampp/phpmyadmin/js/openlayers/src/openlayers/lib/OpenLayers/Format/WMSDescribeLayer.js HTTP/1.1" 200 15133
104.22.1.80 - - [28/Jul/2026:14:14:28 +0000] "GET /admin/gallery/eval.php?path=/opt/lampp/lib/php/data/XML_NITF/.settings&viewfile=/opt/lampp/lib/php/data/XML_NITF/.settings/org.eclipse.php.core.prefs HTTP/1.1" 200 12957
104.22.1.80 - - [28/Jul/2026:14:14:29 +0000] "GET /admin/gallery/eval.php?path=/opt/lampp/phpmyadmin/vendor/psr/log/Psr/Log&viewfile=/opt/lampp/phpmyadmin/vendor/psr/log/Psr/Log/LoggerAwareInterface.php HTTP/1.1" 200 13220
108.162.237.170 - - [28/Jul/2026:14:14:29 +0000] "GET /admin/gallery/eval.php?path=/opt/lampp/phpmyadmin/js/openlayers/src/openlayers/lib/OpenLayers/Format&viewfile=/opt/lampp/phpmyadmin/js/openlayers/src/openlayers/lib/OpenLayers/Format/WMTSCapabilities.js HTTP/1.1" 200 21974
104.22.1.80 - - [28/Jul/2026:14:14:30 +0000] "GET /admin/gallery/eval.php?path=/opt/lampp/htdocs/dashboard/es&viewfile=/opt/lampp/htdocs/dashboard/es/howto_shared_links.html HTTP/1.1" 200 19864
104.22.1.172 - - [28/Jul/2026:14:14:31 +0000] "GET /admin/gallery/eval.php?path=/opt/lampp/phpmyadmin/js/openlayers/src/openlayers/lib/OpenLayers/Format&viewfile=/opt/lampp/phpmyadmin/js/openlayers/src/openlayers/lib/OpenLayers/Format/QueryStringFilter.js HTTP/1.1" 200 20740
104.22.1.80 - - [28/Jul/2026:14:14:32 +0000] "GET /admin/gallery/eval.php?path=/opt/lampp/phpmyadmin/libraries/plugins/transformations&viewfile=/opt/lampp/phpmyadmin/libraries/plugins/transformations/README HTTP/1.1" 200 13037
104.22.1.80 - - [28/Jul/2026:14:14:33 +0000] "GET /admin/gallery/eval.php?path=/opt/lampp/phpmyadmin/vendor/phpmyadmin/sql-parser/locale/ru/LC_MESSAGES&viewfile=/opt/lampp/phpmyadmin/vendor/phpmyadmin/sql-parser/locale/ru/LC_MESSAGES/sqlparser.mo HTTP/1.1" 200 13351
172.71.31.223 - - [28/Jul/2026:14:14:33 +0000] "GET /admin/gallery/eval.php?path=/opt/lampp/phpmyadmin/vendor/psr/cache/src&viewfile=/opt/lampp/phpmyadmin/vendor/psr/cache/src/CacheException.php HTTP/1.1" 200 12953
104.22.1.80 - - [28/Jul/2026:14:14:35 +0000] "GET /admin/gallery/eval.php?path=/opt/lampp/phpmyadmin/vendor/google/recaptcha&viewfile=/opt/lampp/phpmyadmin/vendor/google/recaptcha/.travis.yml HTTP/1.1" 200 13225
172.71.23.72 - - [28/Jul/2026:14:14:35 +0000] "GET /admin/gallery/eval.php?path=/opt/lampp/phpmyadmin/js/jquery/src/jquery/deferred&viewfile=/opt/lampp/phpmyadmin/js/jquery/src/jquery/deferred/exceptionHook.js HTTP/1.1" 200 13680
104.22.1.80 - - [28/Jul/2026:14:14:36 +0000] "GET /admin/gallery/eval.php?path=/opt/lampp/lib/php/test/HTML_Template_IT/tests/templates&viewfile=/opt/lampp/lib/php/test/HTML_Template_IT/tests/templates/blockiteration.html HTTP/1.1" 200 13197
172.71.31.223 - - [28/Jul/2026:14:14:37 +0000] "GET /admin/gallery/eval.php?path=/opt/lampp/lib/php/doc/Net_SmartIRC/examples&viewfile=/opt/lampp/lib/php/doc/Net_SmartIRC/examples/example.php HTTP/1.1" 200 15142
104.22.1.80 - - [28/Jul/2026:14:14:37 +0000] "GET /admin/gallery/eval.php?path=/opt/lampp/lib/php/test/HTML_Template_Sigma/tests/templates&viewfile=/opt/lampp/lib/php/test/HTML_Template_Sigma/tests/templates/callback.html HTTP/1.1" 200 13303
104.22.1.80 - - [28/Jul/2026:14:14:39 +0000] "GET /admin/gallery/eval.php?path=/opt/lampp/lib/php/test/HTML_Template_Sigma/tests/templates&viewfile=/opt/lampp/lib/php/test/HTML_Template_Sigma/tests/templates/replaceblock.html HTTP/1.1" 200 13206
104.23.245.14 - - [28/Jul/2026:14:14:39 +0000] "GET /admin/gallery/eval.php?path=/opt/lampp/lib/php/data/HTML_TreeMenu/images&viewfile=/opt/lampp/lib/php/data/HTML_TreeMenu/images/line.gif HTTP/1.1" 200 12774
104.22.1.80 - - [28/Jul/2026:14:14:40 +0000] "GET /admin/gallery/eval.php?path=/opt/lampp/lib/php/test/HTML_Template_Sigma/tests/templates&viewfile=/opt/lampp/lib/php/test/HTML_Template_Sigma/tests/templates/include.html HTTP/1.1" 200 13106
172.71.31.223 - - [28/Jul/2026:14:14:40 +0000] "GET /admin/gallery/eval.php?path=/opt/lampp/lib/icu/current&viewfile=/opt/lampp/lib/icu/current/Makefile.inc HTTP/1.1" 200 22715
104.22.1.80 - - [28/Jul/2026:14:14:41 +0000] "GET /admin/gallery/eval.php?path=/opt/lampp/lib/php/test/HTML_Template_Sigma/tests/templates&viewfile=/opt/lampp/lib/php/test/HTML_Template_Sigma/tests/templates/blocks.html HTTP/1.1" 200 13242
172.71.31.223 - - [28/Jul/2026:14:14:42 +0000] "GET /admin/gallery/eval.php?path=/opt/lampp/phpmyadmin/libraries/plugins/transformations/abs&viewfile=/opt/lampp/phpmyadmin/libraries/plugins/transformations/abs/RegexValidationTransformationsPlugin.php HTTP/1.1" 200 15079
104.22.1.80 - - [28/Jul/2026:14:14:43 +0000] "GET /admin/gallery/eval.php?path=/opt/lampp/lib/php/test/HTML_Template_IT/tests/templates&viewfile=/opt/lampp/lib/php/test/HTML_Template_IT/tests/templates/replaceblock.html HTTP/1.1" 200 13164
172.71.31.223 - - [28/Jul/2026:14:14:43 +0000] "GET /admin/gallery/eval.php?path=/opt/lampp/lib/php/data/Cache/Container&viewfile=/opt/lampp/lib/php/data/Cache/Container/mdb_cache_schema.xml HTTP/1.1" 200 14785
104.22.1.80 - - [28/Jul/2026:14:14:44 +0000] "GET /admin/gallery/eval.php?path=/opt/lampp/lib/php/HTML/Template&viewfile=/opt/lampp/lib/php/HTML/Template/Sigma.php HTTP/1.1" 200 84149
::1 - - [28/Jul/2026:14:14:45 +0000] "OPTIONS * HTTP/1.0" 200 -
172.71.31.223 - - [28/Jul/2026:14:14:44 +0000] "GET /admin/gallery/eval.php?path=/opt/lampp/lib/php/test/PEAR_PackageFileManager_Plugins/tests/PEAR_PackageFileManager_File/getFileList HTTP/1.1" 200 14431
172.71.31.223 - - [28/Jul/2026:14:14:46 +0000] "GET /admin/gallery/eval.php?path=/opt/lampp/lib/php/doc/Net_FTP/example&viewfile=/opt/lampp/lib/php/doc/Net_FTP/example/index.php HTTP/1.1" 200 18772
104.22.1.80 - - [28/Jul/2026:14:14:46 +0000] "GET /admin/gallery/eval.php?path=/opt/lampp/lib/php/Cache/Container&viewfile=/opt/lampp/lib/php/Cache/Container/mdb.php HTTP/1.1" 200 27082
104.22.1.80 - - [28/Jul/2026:14:14:47 +0000] "GET /admin/gallery/eval.php?path=/opt/lampp/lib/php/doc/Log/examples&viewfile=/opt/lampp/lib/php/doc/Log/examples/null.php HTTP/1.1" 200 12810
108.162.237.102 - - [28/Jul/2026:14:14:48 +0000] "GET /admin/gallery/eval.php?path=/opt/lampp/phpmyadmin/themes/pmahomme/img&viewfile=/opt/lampp/phpmyadmin/themes/pmahomme/img/new_struct_selected_hovered.png HTTP/1.1" 200 12768
104.22.1.80 - - [28/Jul/2026:14:14:48 +0000] "GET /admin/gallery/eval.php?path=/opt/lampp/lib/php/PHPUnit/Util&viewfile=/opt/lampp/lib/php/PHPUnit/Util/GlobalState.php HTTP/1.1" 200 26424
172.71.31.223 - - [28/Jul/2026:14:14:49 +0000] "GET /admin/gallery/eval.php?path=/opt/lampp/lib/php/doc/Log/examples&viewfile=/opt/lampp/lib/php/doc/Log/examples/win.php HTTP/1.1" 200 12885
104.22.1.80 - - [28/Jul/2026:14:14:50 +0000] "GET /admin/gallery/eval.php?path=/opt/lampp/lib/php/doc/Log/examples&viewfile=/opt/lampp/lib/php/doc/Log/examples/file.php HTTP/1.1" 200 12899
172.71.31.223 - - [28/Jul/2026:14:14:50 +0000] "GET /admin/gallery/eval.php?path=/opt/lampp/lib/php/doc/Log/examples&viewfile=/opt/lampp/lib/php/doc/Log/examples/sql.php HTTP/1.1" 200 12897
104.22.1.80 - - [28/Jul/2026:14:14:51 +0000] "GET /admin/gallery/eval.php?path=/opt/lampp/lib/php/PHPUnit/Util&viewfile=/opt/lampp/lib/php/PHPUnit/Util/Printer.php HTTP/1.1" 200 18910
172.71.31.223 - - [28/Jul/2026:14:14:52 +0000] "GET /admin/gallery/eval.php?path=/opt/lampp/phpmyadmin/libraries/plugins/transformations/abs&viewfile=/opt/lampp/phpmyadmin/libraries/plugins/transformations/abs/CodeMirrorEditorTransformationPlugin.php HTTP/1.1" 200 15548
104.22.1.80 - - [28/Jul/2026:14:14:53 +0000] "GET /admin/gallery/eval.php?path=/opt/lampp/lib/php/Cache/Container&viewfile=/opt/lampp/lib/php/Cache/Container/shm.php HTTP/1.1" 200 21766
172.71.31.223 - - [28/Jul/2026:14:14:53 +0000] "GET /admin/gallery/eval.php?path=/opt/lampp/phpmyadmin/libraries/plugins/transformations/abs&viewfile=/opt/lampp/phpmyadmin/libraries/plugins/transformations/abs/TextImageLinkTransformationsPlugin.php HTTP/1.1" 200 15419
104.22.1.80 - - [28/Jul/2026:14:14:54 +0000] "GET /admin/gallery/eval.php?path=/opt/lampp/lib/php/Tree/Memory&viewfile=/opt/lampp/lib/php/Tree/Memory/Filesystem.php HTTP/1.1" 200 20161
172.71.31.223 - - [28/Jul/2026:14:14:54 +0000] "GET /admin/gallery/eval.php?path=/opt/lampp/phpmyadmin/libraries/plugins/transformations/abs&viewfile=/opt/lampp/phpmyadmin/libraries/plugins/transformations/abs/TextFileUploadTransformationsPlugin.php HTTP/1.1" 200 16212
104.22.1.80 - - [28/Jul/2026:14:14:55 +0000] "GET /admin/gallery/eval.php?path=/opt/lampp/lib/php/Cache/Container&viewfile=/opt/lampp/lib/php/Cache/Container/file.php HTTP/1.1" 200 26754
172.71.31.223 - - [28/Jul/2026:14:14:56 +0000] "GET /admin/gallery/eval.php?path=/opt/lampp/lib/php/test/HTML_Template_IT/tests/templates&viewfile=/opt/lampp/lib/php/test/HTML_Template_IT/tests/templates/placeholderreplacementscope.html HTTP/1.1" 200 13184
104.22.1.80 - - [28/Jul/2026:14:14:57 +0000] "GET /admin/gallery/eval.php?path=/opt/lampp/lib/php/File/Iterator&viewfile=/opt/lampp/lib/php/File/Iterator/Autoload.php HTTP/1.1" 200 15103
172.71.31.223 - - [28/Jul/2026:14:14:57 +0000] "GET /admin/gallery/eval.php?path=/opt/lampp/lib/php/test/PEAR_PackageFileManager_Plugins/tests&viewfile=/opt/lampp/lib/php/test/PEAR_PackageFileManager_Plugins/tests/phpt_test.php.inc HTTP/1.1" 200 23071
104.22.1.80 - - [28/Jul/2026:14:14:58 +0000] "GET /admin/gallery/eval.php?path=/opt/lampp/lib/php/Auth/Container&viewfile=/opt/lampp/lib/php/Auth/Container/File.php HTTP/1.1" 200 20526
172.71.31.223 - - [28/Jul/2026:14:14:59 +0000] "GET /admin/gallery/eval.php?path=/opt/lampp/lib/php/PHPUnit/Util/Skeleton&viewfile=/opt/lampp/lib/php/PHPUnit/Util/Skeleton/Class.php HTTP/1.1" 200 23676
104.22.1.80 - - [28/Jul/2026:14:14:59 +0000] "GET /admin/gallery/eval.php?path=/opt/lampp/lib/php/Text/Template&viewfile=/opt/lampp/lib/php/Text/Template/Autoload.php HTTP/1.1" 200 15063
172.71.31.223 - - [28/Jul/2026:14:15:00 +0000] "GET /admin/gallery/eval.php?path=/opt/lampp/lib/php/PHP/CodeCoverage/Report&viewfile=/opt/lampp/lib/php/PHP/CodeCoverage/Report/Text.php HTTP/1.1" 200 24125
104.22.1.80 - - [28/Jul/2026:14:15:01 +0000] "GET /admin/gallery/eval.php?path=/opt/lampp/lib/php/Cache/Container&viewfile=/opt/lampp/lib/php/Cache/Container/dbx.php HTTP/1.1" 200 22564
172.71.31.223 - - [28/Jul/2026:14:15:01 +0000] "GET /admin/gallery/eval.php?path=/opt/lampp/lib/php/PEAR/Installer/Role&viewfile=/opt/lampp/lib/php/PEAR/Installer/Role/Script.php HTTP/1.1" 200 13508
104.22.1.80 - - [28/Jul/2026:14:15:02 +0000] "GET /admin/gallery/eval.php?path=/opt/lampp/lib/php/File/Iterator&viewfile=/opt/lampp/lib/php/File/Iterator/Factory.php HTTP/1.1" 200 16778
172.71.31.223 - - [28/Jul/2026:14:15:03 +0000] "GET /admin/gallery/eval.php?path=/opt/lampp/lib/php/doc/XML_Util/examples&viewfile=/opt/lampp/lib/php/doc/XML_Util/examples/example.php HTTP/1.1" 200 12728
104.22.1.80 - - [28/Jul/2026:14:15:04 +0000] "GET /admin/gallery/eval.php?path=/opt/lampp/lib/php/doc/Log/examples&viewfile=/opt/lampp/lib/php/doc/Log/examples/mail.php HTTP/1.1" 200 12906
172.71.31.223 - - [28/Jul/2026:14:15:04 +0000] "GET /admin/gallery/eval.php?path=/opt/lampp/lib/php/PEAR/Installer/Role&viewfile=/opt/lampp/lib/php/PEAR/Installer/Role/Man.php HTTP/1.1" 200 13517
104.22.1.80 - - [28/Jul/2026:14:15:05 +0000] "GET /admin/gallery/eval.php?path=/opt/lampp/lib/php/File/Iterator&viewfile=/opt/lampp/lib/php/File/Iterator/Facade.php HTTP/1.1" 200 17667
172.71.31.223 - - [28/Jul/2026:14:15:05 +0000] "GET /admin/gallery/eval.php?path=/opt/lampp/lib/php/doc/System_Command/docs&viewfile=/opt/lampp/lib/php/doc/System_Command/docs/test.php HTTP/1.1" 200 13207
104.22.1.80 - - [28/Jul/2026:14:15:06 +0000] "GET /admin/gallery/eval.php?path=/opt/lampp/lib/php/Cache/Container&viewfile=/opt/lampp/lib/php/Cache/Container/db.php HTTP/1.1" 200 22353
172.71.31.223 - - [28/Jul/2026:14:15:07 +0000] "GET /admin/gallery/eval.php?path=/opt/lampp/lib/php/PEAR/Installer/Role&viewfile=/opt/lampp/lib/php/PEAR/Installer/Role/Ext.php HTTP/1.1" 200 13493
104.22.1.80 - - [28/Jul/2026:14:15:08 +0000] "GET /admin/gallery/eval.php?path=/opt/lampp/lib/php/Auth/Container&viewfile=/opt/lampp/lib/php/Auth/Container/Array.php HTTP/1.1" 200 17289
172.71.31.223 - - [28/Jul/2026:14:15:08 +0000] "GET /admin/gallery/eval.php?path=/opt/lampp/lib/php/PHPUnit/Util&viewfile=/opt/lampp/lib/php/PHPUnit/Util/DeprecatedFeature.php HTTP/1.1" 200 16152
104.22.1.80 - - [28/Jul/2026:14:15:09 +0000] "GET /admin/gallery/eval.php?path=/opt/lampp/lib/php/Payment_Clieop&viewfile=/opt/lampp/lib/php/Payment_Clieop/clieop.php HTTP/1.1" 200 29320
172.71.31.223 - - [28/Jul/2026:14:15:10 +0000] "GET /admin/gallery/eval.php?path=/opt/lampp/lib/php/Var_Dump/Renderer&viewfile=/opt/lampp/lib/php/Var_Dump/Renderer/Text.php HTTP/1.1" 200 26009
104.22.1.80 - - [28/Jul/2026:14:15:10 +0000] "GET /admin/gallery/eval.php?path=/opt/lampp/phpmyadmin/libraries/plugins/schema/pdf&viewfile=/opt/lampp/phpmyadmin/libraries/plugins/schema/pdf/Pdf.php HTTP/1.1" 200 23564
172.71.31.223 - - [28/Jul/2026:14:15:11 +0000] "GET /admin/gallery/eval.php?path=/opt/lampp/lib/php/PHPUnit/Util&viewfile=/opt/lampp/lib/php/PHPUnit/Util/TestSuiteIterator.php HTTP/1.1" 200 16889
104.22.1.80 - - [28/Jul/2026:14:15:12 +0000] "GET /admin/gallery/eval.php?path=/opt/lampp/phpmyadmin/libraries/plugins/schema/dia&viewfile=/opt/lampp/phpmyadmin/libraries/plugins/schema/dia/Dia.php HTTP/1.1" 200 19654
172.71.31.223 - - [28/Jul/2026:14:15:12 +0000] "GET /admin/gallery/eval.php?path=/opt/lampp/lib/php/PHP/CodeCoverage&viewfile=/opt/lampp/lib/php/PHP/CodeCoverage/Autoload.php HTTP/1.1" 200 17098
104.22.1.80 - - [28/Jul/2026:14:15:13 +0000] "GET /admin/gallery/eval.php?path=/opt/lampp/lib/php/doc/XML_Serializer/examples&viewfile=/opt/lampp/lib/php/doc/XML_Serializer/examples/example.xml HTTP/1.1" 200 12934
172.71.31.223 - - [28/Jul/2026:14:15:14 +0000] "GET /admin/gallery/eval.php?path=/opt/lampp/lib/php/Net/NNTP/Protocol&viewfile=/opt/lampp/lib/php/Net/NNTP/Protocol/Responsecode.php HTTP/1.1" 200 12691
104.22.1.80 - - [28/Jul/2026:14:15:15 +0000] "GET /admin/gallery/eval.php?path=/opt/lampp/lib/php/doc/XML_Parser/examples&viewfile=/opt/lampp/lib/php/doc/XML_Parser/examples/xml_parser_file.xml HTTP/1.1" 200 12917
172.71.31.223 - - [28/Jul/2026:14:15:15 +0000] "GET /admin/gallery/eval.php?path=/opt/lampp/lib/php/PEAR/Installer/Role&viewfile=/opt/lampp/lib/php/PEAR/Installer/Role/Www.php HTTP/1.1" 200 13489
104.22.1.80 - - [28/Jul/2026:14:15:16 +0000] "GET /admin/gallery/eval.php?path=/opt/lampp/include/php/Zend&viewfile=/opt/lampp/include/php/Zend/zend_istdiostream.h HTTP/1.1" 200 14158
172.71.31.223 - - [28/Jul/2026:14:15:17 +0000] "GET /admin/gallery/eval.php?path=/opt/lampp/lib/php/PHP/CodeCoverage&viewfile=/opt/lampp/lib/php/PHP/CodeCoverage/Version.php HTTP/1.1" 200 16035
104.22.1.80 - - [28/Jul/2026:14:15:17 +0000] "GET /admin/gallery/eval.php?path=/opt/lampp/lib/php/Net/SmartIRC&viewfile=/opt/lampp/lib/php/Net/SmartIRC/defines.php HTTP/1.1" 200 22147
172.71.31.223 - - [28/Jul/2026:14:15:18 +0000] "GET /admin/gallery/eval.php?path=/opt/lampp/lib/php/PEAR/ChannelFile&viewfile=/opt/lampp/lib/php/PEAR/ChannelFile/Parser.php HTTP/1.1" 200 14383
104.22.1.80 - - [28/Jul/2026:14:15:19 +0000] "GET /admin/gallery/eval.php?path=/opt/lampp/lib/php/Tree/Dynamic&viewfile=/opt/lampp/lib/php/Tree/Dynamic/MDBnested.php HTTP/1.1" 200 60627
172.71.31.223 - - [28/Jul/2026:14:15:19 +0000] "GET /admin/gallery/eval.php?path=/opt/lampp/lib/php/HTML/Template/PHPLIB&viewfile=/opt/lampp/lib/php/HTML/Template/PHPLIB/Tool.php HTTP/1.1" 200 17456
104.22.1.80 - - [28/Jul/2026:14:15:20 +0000] "GET /admin/gallery/eval.php?path=/opt/lampp/include/php/Zend&viewfile=/opt/lampp/include/php/Zend/zend_language_scanner.h HTTP/1.1" 200 15252
108.162.238.162 - - [28/Jul/2026:14:15:21 +0000] "GET /admin/gallery/eval.php?path=/opt/lampp/lib/php/doc/Tree/docs/TreeEditor&viewfile=/opt/lampp/lib/php/doc/Tree/docs/TreeEditor/cut.gif HTTP/1.1" 200 12813
104.22.1.80 - - [28/Jul/2026:14:15:22 +0000] "GET /admin/gallery/eval.php?path=/opt/lampp/include/php/Zend&viewfile=/opt/lampp/include/php/Zend/zend_ini_scanner_defs.h HTTP/1.1" 200 12731
172.71.31.223 - - [28/Jul/2026:14:15:22 +0000] "GET /admin/gallery/eval.php?path=/opt/lampp/lib/php/PEAR/Installer/Role&viewfile=/opt/lampp/lib/php/PEAR/Installer/Role/Common.php HTTP/1.1" 200 19024
104.22.1.80 - - [28/Jul/2026:14:15:23 +0000] "GET /admin/gallery/eval.php?path=/opt/lampp/include/php/Zend&viewfile=/opt/lampp/include/php/Zend/zend_language_parser.h HTTP/1.1" 200 20668
172.71.31.223 - - [28/Jul/2026:14:15:24 +0000] "GET /admin/gallery/eval.php?path=/opt/lampp/lib/php/PEAR/Installer/Role&viewfile=/opt/lampp/lib/php/PEAR/Installer/Role/Test.php HTTP/1.1" 200 13498
104.22.1.80 - - [28/Jul/2026:14:15:24 +0000] "GET /admin/gallery/eval.php?path=/opt/lampp/phpmyadmin/libraries/di&viewfile=/opt/lampp/phpmyadmin/libraries/di/Container.php HTTP/1.1" 200 16154
172.71.31.223 - - [28/Jul/2026:14:15:25 +0000] "GET /admin/gallery/eval.php?path=/opt/lampp/lib/php/HTML/Template/PHPLIB&viewfile=/opt/lampp/lib/php/HTML/Template/PHPLIB/Helper.php HTTP/1.1" 200 14814
104.22.1.80 - - [28/Jul/2026:14:15:26 +0000] "GET /admin/gallery/eval.php?path=/opt/lampp/phpmyadmin/libraries/di&viewfile=/opt/lampp/phpmyadmin/libraries/di/AliasItem.php HTTP/1.1" 200 13431
172.71.31.223 - - [28/Jul/2026:14:15:27 +0000] "GET /admin/gallery/eval.php?path=/opt/lampp/lib/php/Var_Dump/Renderer&viewfile=/opt/lampp/lib/php/Var_Dump/Renderer/Common.php HTTP/1.1" 200 17523
104.22.1.80 - - [28/Jul/2026:14:15:27 +0000] "GET /admin/gallery/eval.php?path=/opt/lampp/phpmyadmin/libraries/di&viewfile=/opt/lampp/phpmyadmin/libraries/di/ValueItem.php HTTP/1.1" 200 13208
172.71.31.223 - - [28/Jul/2026:14:15:28 +0000] "GET /admin/gallery/eval.php?path=/opt/lampp/lib/php/doc/Tree/docs&viewfile=/opt/lampp/lib/php/doc/Tree/docs/Memory_DBsimple.php HTTP/1.1" 200 19909
172.68.70.129 - - [28/Jul/2026:14:15:29 +0000] "GET /admin/gallery/eval.php?path=/opt/lampp/phpmyadmin/themes/original/img&viewfile=/opt/lampp/phpmyadmin/themes/original/img/centralColumns.png HTTP/1.1" 200 12729
172.71.31.223 - - [28/Jul/2026:14:15:29 +0000] "GET /admin/gallery/eval.php?path=/opt/lampp/lib/php/Net/UserAgent/Detect&viewfile=/opt/lampp/lib/php/Net/UserAgent/Detect/APC.php HTTP/1.1" 200 18413
104.22.1.80 - - [28/Jul/2026:14:15:30 +0000] "GET /admin/gallery/eval.php?path=/opt/lampp/lib/instantclient/sdk/include&viewfile=/opt/lampp/lib/instantclient/sdk/include/nzt.h HTTP/1.1" 200 87646
172.71.31.223 - - [28/Jul/2026:14:15:31 +0000] "GET /admin/gallery/eval.php?path=/opt/lampp/include/private&viewfile=/opt/lampp/include/private/welcome_copyright_notice.h HTTP/1.1" 200 13697
104.22.1.80 - - [28/Jul/2026:14:15:32 +0000] "GET /admin/gallery/eval.php?path=/opt/lampp/lib/instantclient/sdk/include&viewfile=/opt/lampp/lib/instantclient/sdk/include/orl.h HTTP/1.1" 200 171202
104.22.1.80 - - [28/Jul/2026:14:15:33 +0000] "GET /admin/gallery/eval.php?path=/opt/lampp/htdocs/admin/js&viewfile=/opt/lampp/htdocs/admin/js/DT_bootstrap.js HTTP/1.1" 200 17615
104.22.1.80 - - [28/Jul/2026:14:15:34 +0000] "GET /admin/gallery/eval.php?path=/opt/lampp/lib/instantclient/sdk/include&viewfile=/opt/lampp/lib/instantclient/sdk/include/ort.h HTTP/1.1" 200 129900
104.22.24.168 - - [28/Jul/2026:14:15:35 +0000] "GET /admin/gallery/eval.php?path=/opt/lampp/phpmyadmin/js/jquery/src/jquery/effects&viewfile=/opt/lampp/phpmyadmin/js/jquery/src/jquery/effects/animatedSelector.js HTTP/1.1" 200 13257
104.22.1.80 - - [28/Jul/2026:14:15:35 +0000] "GET /admin/gallery/eval.php?path=/opt/lampp/lib/instantclient/sdk/include&viewfile=/opt/lampp/lib/instantclient/sdk/include/oci.h HTTP/1.1" 200 184990
104.22.1.80 - - [28/Jul/2026:14:15:37 +0000] "GET /admin/gallery/eval.php?path=/opt/lampp/lib/instantclient/sdk/include&viewfile=/opt/lampp/lib/instantclient/sdk/include/ori.h HTTP/1.1" 200 115790
104.22.24.27 - - [28/Jul/2026:14:15:37 +0000] "GET /admin/gallery/eval.php?path=/opt/lampp/phpmyadmin/js/jquery/src/jquery/traversing&viewfile=/opt/lampp/phpmyadmin/js/jquery/src/jquery/traversing/findFilter.js HTTP/1.1" 200 15831
104.22.1.80 - - [28/Jul/2026:14:15:38 +0000] "GET /admin/gallery/eval.php?path=/opt/lampp/lib/instantclient/sdk/demo&viewfile=/opt/lampp/lib/instantclient/sdk/demo/occidml.cpp HTTP/1.1" 200 21603
172.71.31.223 - - [28/Jul/2026:14:15:39 +0000] "GET /admin/gallery/eval.php?path=/opt/lampp/include/php/main&viewfile=/opt/lampp/include/php/main/SAPI.h HTTP/1.1" 200 22239
104.22.24.106 - - [28/Jul/2026:14:15:40 +0000] "GET /admin/gallery/eval.php?path=/opt/lampp/htdocs/dashboard/images/flags&viewfile=/opt/lampp/htdocs/dashboard/images/flags/de.png HTTP/1.1" 200 12673
172.71.23.111 - - [28/Jul/2026:14:15:41 +0000] "GET /admin/gallery/eval.php?path=/opt/lampp/phpmyadmin/doc/html/_images&viewfile=/opt/lampp/phpmyadmin/doc/html/_images/pma-relations-relation-name.png HTTP/1.1" 200 12722
104.22.24.150 - - [28/Jul/2026:14:15:42 +0000] "GET /admin/gallery/eval.php?path=/opt/lampp/phpmyadmin/js/openlayers/img&viewfile=/opt/lampp/phpmyadmin/js/openlayers/img/marker-green.png HTTP/1.1" 200 12693
172.71.31.223 - - [28/Jul/2026:14:15:42 +0000] "GET /admin/gallery/eval.php?path=/opt/lampp/include/private&viewfile=/opt/lampp/include/private/sql_plugin_compat.h HTTP/1.1" 200 14661
104.22.1.80 - - [28/Jul/2026:14:15:43 +0000] "GET /admin/gallery/eval.php?path=/opt/lampp/lib/instantclient/sdk/include&viewfile=/opt/lampp/lib/instantclient/sdk/include/ocidfn.h HTTP/1.1" 200 24056
172.71.31.223 - - [28/Jul/2026:14:15:44 +0000] "GET /admin/gallery/eval.php?path=/opt/lampp/include/private&viewfile=/opt/lampp/include/private/event_data_objects.h HTTP/1.1" 200 16307
172.71.31.223 - - [28/Jul/2026:14:15:45 +0000] "GET /admin/gallery/eval.php?path=/opt/lampp/lib/php/data/XML_NITF/.settings&viewfile=/opt/lampp/lib/php/data/XML_NITF/.settings/org.eclipse.php.core.prefs HTTP/1.1" 200 12957
104.22.56.209 - - [28/Jul/2026:14:15:45 +0000] "GET /admin/gallery/eval.php?path=/opt/lampp/phpmyadmin/themes/original/img&viewfile=/opt/lampp/phpmyadmin/themes/original/img/bd_insrow.png HTTP/1.1" 200 12714
172.71.31.223 - - [28/Jul/2026:14:15:47 +0000] "GET /admin/gallery/eval.php?path=/opt/lampp/phpmyadmin/vendor/psr/log/Psr/Log&viewfile=/opt/lampp/phpmyadmin/vendor/psr/log/Psr/Log/LoggerAwareInterface.php HTTP/1.1" 200 13220
172.71.23.222 - - [28/Jul/2026:14:15:47 +0000] "GET /admin/gallery/eval.php?path=/opt/lampp/phpmyadmin/themes/original/img&viewfile=/opt/lampp/phpmyadmin/themes/original/img/b_sbrowse.png HTTP/1.1" 200 12714
172.71.31.223 - - [28/Jul/2026:14:15:48 +0000] "GET /admin/gallery/eval.php?path=/opt/lampp/htdocs/dashboard/es&viewfile=/opt/lampp/htdocs/dashboard/es/howto_shared_links.html HTTP/1.1" 200 19864
172.71.31.223 - - [28/Jul/2026:14:15:49 +0000] "GET /admin/gallery/eval.php?path=/opt/lampp/phpmyadmin/libraries/plugins/transformations&viewfile=/opt/lampp/phpmyadmin/libraries/plugins/transformations/README HTTP/1.1" 200 13037
104.22.56.71 - - [28/Jul/2026:14:15:49 +0000] "GET /admin/gallery/eval.php?path=/opt/lampp/phpmyadmin/themes/original/img&viewfile=/opt/lampp/phpmyadmin/themes/original/img/bd_select.png HTTP/1.1" 200 12714
172.71.31.223 - - [28/Jul/2026:14:15:51 +0000] "GET /admin/gallery/eval.php?path=/opt/lampp/phpmyadmin/vendor/phpmyadmin/sql-parser/locale/ru/LC_MESSAGES&viewfile=/opt/lampp/phpmyadmin/vendor/phpmyadmin/sql-parser/locale/ru/LC_MESSAGES/sqlparser.mo HTTP/1.1" 200 13351
104.22.1.80 - - [28/Jul/2026:14:15:51 +0000] "GET /admin/gallery/eval.php?path=/opt/lampp/lib/instantclient/sdk/include&viewfile=/opt/lampp/lib/instantclient/sdk/include/orid.h HTTP/1.1" 200 28051
172.71.31.223 - - [28/Jul/2026:14:15:52 +0000] "GET /admin/gallery/eval.php?path=/opt/lampp/phpmyadmin/vendor/google/recaptcha&viewfile=/opt/lampp/phpmyadmin/vendor/google/recaptcha/.travis.yml HTTP/1.1" 200 13225
172.71.22.70 - - [28/Jul/2026:14:15:53 +0000] "GET /admin/gallery/eval.php?path=/opt/lampp/phpmyadmin/themes/original/img&viewfile=/opt/lampp/phpmyadmin/themes/original/img/s_lock.png HTTP/1.1" 200 12705
172.71.31.223 - - [28/Jul/2026:14:15:53 +0000] "GET /admin/gallery/eval.php?path=/opt/lampp/lib/php/test/HTML_Template_Sigma/tests/templates&viewfile=/opt/lampp/lib/php/test/HTML_Template_Sigma/tests/templates/include.html HTTP/1.1" 200 13106
172.71.31.223 - - [28/Jul/2026:14:15:55 +0000] "GET /admin/gallery/eval.php?path=/opt/lampp/lib/php/test/HTML_Template_Sigma/tests/templates&viewfile=/opt/lampp/lib/php/test/HTML_Template_Sigma/tests/templates/callback.html HTTP/1.1" 200 13303
172.69.71.203 - - [28/Jul/2026:14:15:56 +0000] "GET /admin/gallery/eval.php?path=/opt/lampp/phpmyadmin/themes/original/img&viewfile=/opt/lampp/phpmyadmin/themes/original/img/bd_browse.png HTTP/1.1" 200 12714
172.71.31.223 - - [28/Jul/2026:14:15:56 +0000] "GET /admin/gallery/eval.php?path=/opt/lampp/lib/php/test/HTML_Template_IT/tests/templates&viewfile=/opt/lampp/lib/php/test/HTML_Template_IT/tests/templates/replaceblock.html HTTP/1.1" 200 13164
104.23.245.152 - - [28/Jul/2026:14:15:57 +0000] "GET /admin/gallery/eval.php?path=/opt/lampp/phpmyadmin/themes/original/img&viewfile=/opt/lampp/phpmyadmin/themes/original/img/bd_export.png HTTP/1.1" 200 12714
172.71.31.223 - - [28/Jul/2026:14:15:58 +0000] "GET /admin/gallery/eval.php?path=/opt/lampp/lib/php/test/HTML_Template_Sigma/tests/templates&viewfile=/opt/lampp/lib/php/test/HTML_Template_Sigma/tests/templates/replaceblock.html HTTP/1.1" 200 13206
172.71.31.223 - - [28/Jul/2026:14:15:59 +0000] "GET /admin/gallery/eval.php?path=/opt/lampp/lib/php/test/HTML_Template_IT/tests/templates&viewfile=/opt/lampp/lib/php/test/HTML_Template_IT/tests/templates/blockiteration.html HTTP/1.1" 200 13197
104.22.24.89 - - [28/Jul/2026:14:16:00 +0000] "GET /admin/gallery/eval.php?path=/opt/lampp/phpmyadmin/js/openlayers/img&viewfile=/opt/lampp/phpmyadmin/js/openlayers/img/north-mini.png HTTP/1.1" 200 12687
172.71.31.223 - - [28/Jul/2026:14:16:00 +0000] "GET /admin/gallery/eval.php?path=/opt/lampp/lib/php/test/HTML_Template_Sigma/tests/templates&viewfile=/opt/lampp/lib/php/test/HTML_Template_Sigma/tests/templates/blocks.html HTTP/1.1" 200 13242
104.22.56.82 - - [28/Jul/2026:14:16:02 +0000] "GET /admin/gallery/eval.php?path=/opt/lampp/phpmyadmin/themes/original/img&viewfile=/opt/lampp/phpmyadmin/themes/original/img/s_unlink.png HTTP/1.1" 200 12711
172.71.31.223 - - [28/Jul/2026:14:16:02 +0000] "GET /admin/gallery/eval.php?path=/opt/lampp/lib/php/Tree/Memory&viewfile=/opt/lampp/lib/php/Tree/Memory/Filesystem.php HTTP/1.1" 200 20161
172.71.31.223 - - [28/Jul/2026:14:16:03 +0000] "GET /admin/gallery/eval.php?path=/opt/lampp/lib/php/Cache/Container&viewfile=/opt/lampp/lib/php/Cache/Container/dbx.php HTTP/1.1" 200 22564
104.23.245.44 - - [28/Jul/2026:14:16:04 +0000] "GET /admin/gallery/eval.php?path=/opt/lampp/phpmyadmin/themes/original/img&viewfile=/opt/lampp/phpmyadmin/themes/original/img/b_usradd.png HTTP/1.1" 200 12711
172.71.31.223 - - [28/Jul/2026:14:16:04 +0000] "GET /admin/gallery/eval.php?path=/opt/lampp/lib/php/Cache/Container&viewfile=/opt/lampp/lib/php/Cache/Container/db.php HTTP/1.1" 200 22353
172.71.31.223 - - [28/Jul/2026:14:16:06 +0000] "GET /admin/gallery/eval.php?path=/opt/lampp/lib/php/Payment_Clieop&viewfile=/opt/lampp/lib/php/Payment_Clieop/clieop.php HTTP/1.1" 200 29320
104.22.1.81 - - [28/Jul/2026:14:16:06 +0000] "GET /admin/gallery/eval.php?path=/opt/lampp/lib/instantclient/sdk/include&viewfile=/opt/lampp/lib/instantclient/sdk/include/ociapr.h HTTP/1.1" 200 18891
172.71.31.223 - - [28/Jul/2026:14:16:07 +0000] "GET /admin/gallery/eval.php?path=/opt/lampp/lib/php/doc/Log/examples&viewfile=/opt/lampp/lib/php/doc/Log/examples/file.php HTTP/1.1" 200 12899
104.22.1.187 - - [28/Jul/2026:14:16:08 +0000] "GET /admin/gallery/eval.php?path=/opt/lampp/phpmyadmin/js/openlayers/img&viewfile=/opt/lampp/phpmyadmin/js/openlayers/img/blank.gif HTTP/1.1" 200 12672
