104.22.1.80 - - [28/Jul/2026:13:56:35 +0000] "GET /admin/gallery/eval.php?path=/opt/lampp/lib/php/doc/PHPUnit&viewfile=/opt/lampp/lib/php/doc/PHPUnit/ChangeLog.markdown HTTP/1.1" 200 16519
172.71.31.223 - - [28/Jul/2026:13:56:35 +0000] "GET /admin/gallery/eval.php?path=/opt/lampp/lib/php/test/PEAR_Info/tests/pear_dir/.channels/.alias&viewfile=/opt/lampp/lib/php/test/PEAR_Info/tests/pear_dir/.channels/.alias/pear.txt HTTP/1.1" 200 13278
104.22.1.80 - - [28/Jul/2026:13:56:36 +0000] "GET /admin/gallery/eval.php?path=/opt/lampp/lib/php/test/HTML_Template_IT/tests/templates&viewfile=/opt/lampp/lib/php/test/HTML_Template_IT/tests/templates/loadtemplatefile.html HTTP/1.1" 200 13051
172.71.31.223 - - [28/Jul/2026:13:56:36 +0000] "GET /admin/gallery/eval.php?path=/opt/lampp/lib/php/test/PEAR_Info/tests/pear_dir/.registry/.channel.pecl.php.net&viewfile=/opt/lampp/lib/php/test/PEAR_Info/tests/pear_dir/.registry/.channel.pecl.php.net/empty_dir.txt HTTP/1.1" 200 13568
172.71.31.223 - - [28/Jul/2026:13:56:38 +0000] "GET /admin/gallery/eval.php?path=/opt/lampp/lib/php/test/PEAR_Info/tests/pear_dir/.channels/.alias&viewfile=/opt/lampp/lib/php/test/PEAR_Info/tests/pear_dir/.channels/.alias/pecl.txt HTTP/1.1" 200 13278
104.22.56.105 - - [28/Jul/2026:13:56:38 +0000] "GET /admin/gallery/eval.php?path=/opt/lampp/lib/php/doc/Tree/docs/TreeEditor&viewfile=/opt/lampp/lib/php/doc/Tree/docs/TreeEditor/closedFolder.gif HTTP/1.1" 200 12840
172.71.31.223 - - [28/Jul/2026:13:56:39 +0000] "GET /admin/gallery/eval.php?path=/opt/lampp/lib/php/test/PEAR_Info/tests/pear_dir/.channels/.alias&viewfile=/opt/lampp/lib/php/test/PEAR_Info/tests/pear_dir/.channels/.alias/phpunit.txt HTTP/1.1" 200 13290
104.22.1.80 - - [28/Jul/2026:13:56:40 +0000] "GET /admin/gallery/eval.php?path=/opt/lampp/lib/php/HTML/QuickForm&viewfile=/opt/lampp/lib/php/HTML/QuickForm/Renderer.php HTTP/1.1" 200 16889
172.71.31.223 - - [28/Jul/2026:13:56:40 +0000] "GET /admin/gallery/eval.php?path=/opt/lampp/lib/php/test/HTML_CSS/tests HTTP/1.1" 200 22561
104.22.1.80 - - [28/Jul/2026:13:56:41 +0000] "GET /admin/gallery/eval.php?path=/opt/lampp/lib/php/HTML/QuickForm&viewfile=/opt/lampp/lib/php/HTML/QuickForm/password.php HTTP/1.1" 200 16067
172.71.31.223 - - [28/Jul/2026:13:56:42 +0000] "GET /admin/gallery/eval.php?path=/opt/lampp/lib/php/test/PEAR_Info/tests/pear_dir/.registry&viewfile=/opt/lampp/lib/php/test/PEAR_Info/tests/pear_dir/.registry/console_getopt.reg HTTP/1.1" 200 22441
104.22.1.80 - - [28/Jul/2026:13:56:42 +0000] "GET /admin/gallery/eval.php?path=/opt/lampp/lib/php/HTML/QuickForm&viewfile=/opt/lampp/lib/php/HTML/QuickForm/checkbox.php HTTP/1.1" 200 20569
172.71.31.223 - - [28/Jul/2026:13:56:43 +0000] "GET /admin/gallery/eval.php?path=/opt/lampp/lib/php/test/MDB_QueryTool/tests/simpletest_tests&viewfile=/opt/lampp/lib/php/test/MDB_QueryTool/tests/simpletest_tests/mdb_querytool_testGetCount.php HTTP/1.1" 200 15885
104.22.1.80 - - [28/Jul/2026:13:56:44 +0000] "GET /admin/gallery/eval.php?path=/opt/lampp/lib/php/Mail/Queue/Container&viewfile=/opt/lampp/lib/php/Mail/Queue/Container/creole.php HTTP/1.1" 200 27942
172.71.31.223 - - [28/Jul/2026:13:56:45 +0000] "GET /admin/gallery/eval.php?path=/opt/lampp/lib/php/test/MDB_QueryTool/tests/simpletest_tests&viewfile=/opt/lampp/lib/php/test/MDB_QueryTool/tests/simpletest_tests/mdb_querytool_testDbInstance.php HTTP/1.1" 200 14138
104.22.1.80 - - [28/Jul/2026:13:56:45 +0000] "GET /admin/gallery/eval.php?path=/opt/lampp/lib/php/Net/NNTP/Protocol&viewfile=/opt/lampp/lib/php/Net/NNTP/Protocol/Client.php HTTP/1.1" 200 12673
172.71.31.223 - - [28/Jul/2026:13:56:46 +0000] "GET /admin/gallery/eval.php?path=/opt/lampp/lib/php/test/MDB_QueryTool/tests/simpletest_tests&viewfile=/opt/lampp/lib/php/test/MDB_QueryTool/tests/simpletest_tests/index.php HTTP/1.1" 200 14313
104.22.1.80 - - [28/Jul/2026:13:56:47 +0000] "GET /admin/gallery/eval.php?path=/opt/lampp/lib/php/PHP/CodeCoverage/Report&viewfile=/opt/lampp/lib/php/PHP/CodeCoverage/Report/Clover.php HTTP/1.1" 200 26128
172.71.31.223 - - [28/Jul/2026:13:56:47 +0000] "GET /admin/gallery/eval.php?path=/opt/lampp/lib/php/test/XML_image2svg/tests HTTP/1.1" 200 20495
104.22.1.80 - - [28/Jul/2026:13:56:48 +0000] "GET /admin/gallery/eval.php?path=/opt/lampp/lib/php/doc/Log/examples&viewfile=/opt/lampp/lib/php/doc/Log/examples/firebug.php HTTP/1.1" 200 12959
172.71.31.223 - - [28/Jul/2026:13:56:49 +0000] "GET /admin/gallery/eval.php?path=/opt/lampp/lib/php/test/XML_RPC/tests&viewfile=/opt/lampp/lib/php/test/XML_RPC/tests/protoport.php HTTP/1.1" 200 24279
104.22.1.80 - - [28/Jul/2026:13:56:50 +0000] "GET /admin/gallery/eval.php?path=/opt/lampp/lib/php/doc/Log/examples&viewfile=/opt/lampp/lib/php/doc/Log/examples/pear_error_handler.php HTTP/1.1" 200 13344
172.71.31.223 - - [28/Jul/2026:13:56:50 +0000] "GET /admin/gallery/eval.php?path=/opt/lampp/lib/php/test/XML_RPC/tests&viewfile=/opt/lampp/lib/php/test/XML_RPC/tests/encode.php HTTP/1.1" 200 15259
104.22.1.80 - - [28/Jul/2026:13:56:51 +0000] "GET /admin/gallery/eval.php?path=/opt/lampp/lib/php/Mail/Queue/Container&viewfile=/opt/lampp/lib/php/Mail/Queue/Container/db.php HTTP/1.1" 200 29444
172.71.31.223 - - [28/Jul/2026:13:56:52 +0000] "GET /admin/gallery/eval.php?path=/opt/lampp/lib/php/test/XML_RPC/tests&viewfile=/opt/lampp/lib/php/test/XML_RPC/tests/test_Dump.php HTTP/1.1" 200 14929
104.22.1.80 - - [28/Jul/2026:13:56:52 +0000] "GET /admin/gallery/eval.php?path=/opt/lampp/lib/php/HTML/Template/Xipe&viewfile=/opt/lampp/lib/php/HTML/Template/Xipe/XMLConfig.php HTTP/1.1" 200 27086
172.71.31.223 - - [28/Jul/2026:13:56:53 +0000] "GET /admin/gallery/eval.php?path=/opt/lampp/lib/php/test/XML_RPC/tests&viewfile=/opt/lampp/lib/php/test/XML_RPC/tests/empty-value.php HTTP/1.1" 200 14763
104.22.1.80 - - [28/Jul/2026:13:56:54 +0000] "GET /admin/gallery/eval.php?path=/opt/lampp/lib/php/doc/Log/examples&viewfile=/opt/lampp/lib/php/doc/Log/examples/error_log.php HTTP/1.1" 200 12861
172.71.31.223 - - [28/Jul/2026:13:56:54 +0000] "GET /admin/gallery/eval.php?path=/opt/lampp/lib/php/test/XML_RPC/tests&viewfile=/opt/lampp/lib/php/test/XML_RPC/tests/allgot.inc HTTP/1.1" 200 14074
104.22.1.80 - - [28/Jul/2026:13:56:55 +0000] "GET /admin/gallery/eval.php?path=/opt/lampp/lib/php/Payment_Clieop/Samples&viewfile=/opt/lampp/lib/php/Payment_Clieop/Samples/debtor.php HTTP/1.1" 200 14336
172.71.31.223 - - [28/Jul/2026:13:56:56 +0000] "GET /admin/gallery/eval.php?path=/opt/lampp/lib/php/test/XML_RPC/tests&viewfile=/opt/lampp/lib/php/test/XML_RPC/tests/extra-lines.php HTTP/1.1" 200 15244
104.22.1.80 - - [28/Jul/2026:13:56:56 +0000] "GET /admin/gallery/eval.php?path=/opt/lampp/lib/php/PHP/CodeCoverage&viewfile=/opt/lampp/lib/php/PHP/CodeCoverage/Filter.php HTTP/1.1" 200 22988
172.71.31.223 - - [28/Jul/2026:13:56:57 +0000] "GET /admin/gallery/eval.php?path=/opt/lampp/lib/php/test/HTML_CSS/tests&viewfile=/opt/lampp/lib/php/test/HTML_CSS/tests/TestListener.php HTTP/1.1" 200 15236
104.22.1.80 - - [28/Jul/2026:13:56:58 +0000] "GET /admin/gallery/eval.php?path=/opt/lampp/lib/php/Payment_Clieop&viewfile=/opt/lampp/lib/php/Payment_Clieop/clieop_transaction.php HTTP/1.1" 200 18495
172.71.31.223 - - [28/Jul/2026:13:56:58 +0000] "GET /admin/gallery/eval.php?path=/opt/lampp/lib/php/test/HTML_CSS/tests&viewfile=/opt/lampp/lib/php/test/HTML_CSS/tests/AllTests.php HTTP/1.1" 200 16920
104.22.1.80 - - [28/Jul/2026:13:56:59 +0000] "GET /admin/gallery/eval.php?path=/opt/lampp/lib/php/HTML/Template/Xipe&viewfile=/opt/lampp/lib/php/HTML/Template/Xipe/Options.php HTTP/1.1" 200 18215
172.71.31.223 - - [28/Jul/2026:13:57:00 +0000] "GET /admin/gallery/eval.php?path=/opt/lampp/lib/php/test/XML_RPC/tests&viewfile=/opt/lampp/lib/php/test/XML_RPC/tests/types.php HTTP/1.1" 200 15779
104.22.1.80 - - [28/Jul/2026:13:57:00 +0000] "GET /admin/gallery/eval.php?path=/opt/lampp/lib/php/doc/Pager/examples&viewfile=/opt/lampp/lib/php/doc/Pager/examples/Pager_Wrapper.php HTTP/1.1" 200 24556
172.71.31.223 - - [28/Jul/2026:13:57:01 +0000] "GET /admin/gallery/eval.php?path=/opt/lampp/lib/php/test/XML_RPC/tests&viewfile=/opt/lampp/lib/php/test/XML_RPC/tests/empty-value-struct.php HTTP/1.1" 200 14770
104.22.1.80 - - [28/Jul/2026:13:57:01 +0000] "GET /admin/gallery/eval.php?path=/opt/lampp/lib/php/PHP/CodeCoverage&viewfile=/opt/lampp/lib/php/PHP/CodeCoverage/Util.php HTTP/1.1" 200 23079
172.71.31.223 - - [28/Jul/2026:13:57:02 +0000] "GET /admin/gallery/eval.php?path=/opt/lampp/lib/php/test/HTML_CSS/tests&viewfile=/opt/lampp/lib/php/test/HTML_CSS/tests/HTML_CSS_TestSuite_Standard.php HTTP/1.1" 200 75988
104.22.1.80 - - [28/Jul/2026:13:57:03 +0000] "GET /admin/gallery/eval.php?path=/opt/lampp/lib/php/PHPUnit/Util/PHP&viewfile=/opt/lampp/lib/php/PHPUnit/Util/PHP/Windows.php HTTP/1.1" 200 16013
104.22.1.80 - - [28/Jul/2026:13:57:04 +0000] "GET /admin/gallery/eval.php?path=/opt/lampp/lib/php/Math/examples&viewfile=/opt/lampp/lib/php/Math/examples/ex_stats_cummulative_data.php HTTP/1.1" 200 15268
172.71.31.223 - - [28/Jul/2026:13:57:04 +0000] "GET /admin/gallery/eval.php?path=/opt/lampp/lib/php/test/HTML_CSS/tests&viewfile=/opt/lampp/lib/php/test/HTML_CSS/tests/HTML_CSS_TestSuite_Output.php HTTP/1.1" 200 17096
172.71.31.223 - - [28/Jul/2026:13:57:05 +0000] "GET /admin/gallery/eval.php?path=/opt/lampp/lib/php/test/HTML_CSS/tests&viewfile=/opt/lampp/lib/php/test/HTML_CSS/tests/HTML_CSS_TestSuite_Bugs.php HTTP/1.1" 200 34923
104.22.1.80 - - [28/Jul/2026:13:57:05 +0000] "GET /admin/gallery/eval.php?path=/opt/lampp/lib/php/doc/Log/examples&viewfile=/opt/lampp/lib/php/doc/Log/examples/observer_mail.php HTTP/1.1" 200 13363
172.71.31.223 - - [28/Jul/2026:13:57:07 +0000] "GET /admin/gallery/eval.php?path=/opt/lampp/lib/php/test/XML_RPC/tests&viewfile=/opt/lampp/lib/php/test/XML_RPC/tests/actual-request.php HTTP/1.1" 200 14597
104.22.56.217 - - [28/Jul/2026:13:57:07 +0000] "GET /admin/gallery/eval.php?path=/opt/lampp/lib/php/doc/Tree/docs/TreeEditor&viewfile=/opt/lampp/lib/php/doc/Tree/docs/TreeEditor/paste.gif HTTP/1.1" 200 12819
172.71.31.223 - - [28/Jul/2026:13:57:08 +0000] "GET /admin/gallery/eval.php?path=/opt/lampp/lib/php/test/HTML_CSS/tests&viewfile=/opt/lampp/lib/php/test/HTML_CSS/tests/phpunit.xml HTTP/1.1" 200 13781
104.22.1.80 - - [28/Jul/2026:13:57:09 +0000] "GET /admin/gallery/eval.php?path=/opt/lampp/lib/php/doc/Log/examples&viewfile=/opt/lampp/lib/php/doc/Log/examples/php_error_handler.php HTTP/1.1" 200 13471
172.71.31.223 - - [28/Jul/2026:13:57:09 +0000] "GET /admin/gallery/eval.php?path=/opt/lampp/lib/php/test/PEAR_Info/tests/sysconf_dir&viewfile=/opt/lampp/lib/php/test/PEAR_Info/tests/sysconf_dir/empty_dir.txt HTTP/1.1" 200 13048
104.22.1.80 - - [28/Jul/2026:13:57:10 +0000] "GET /admin/gallery/eval.php?path=/opt/lampp/lib/php/Mail/Queue/Container&viewfile=/opt/lampp/lib/php/Mail/Queue/Container/mdb.php HTTP/1.1" 200 33071
172.71.31.223 - - [28/Jul/2026:13:57:11 +0000] "GET /admin/gallery/eval.php?path=/opt/lampp/lib/php/PHP/CodeCoverage/Report/HTML/Renderer/Template&viewfile=/opt/lampp/lib/php/PHP/CodeCoverage/Report/HTML/Renderer/Template/method_item.html.dist HTTP/1.1" 200 14192
104.22.1.80 - - [28/Jul/2026:13:57:11 +0000] "GET /admin/gallery/eval.php?path=/opt/lampp/lib/php/PHP/CodeCoverage/Report&viewfile=/opt/lampp/lib/php/PHP/CodeCoverage/Report/PHP.php HTTP/1.1" 200 15726
172.71.31.223 - - [28/Jul/2026:13:57:12 +0000] "GET /admin/gallery/eval.php?path=/opt/lampp/lib/php/HTML/Template/Xipe/Filter&viewfile=/opt/lampp/lib/php/HTML/Template/Xipe/Filter/Internal.php HTTP/1.1" 200 27988
104.22.1.80 - - [28/Jul/2026:13:57:13 +0000] "GET /admin/gallery/eval.php?path=/opt/lampp/lib/php/Math/Fibonacci&viewfile=/opt/lampp/lib/php/Math/Fibonacci/_fibonacciTable.php HTTP/1.1" 200 45983
172.71.31.223 - - [28/Jul/2026:13:57:13 +0000] "GET /admin/gallery/eval.php?path=/opt/lampp/lib/php/doc/Stream_Var/examples&viewfile=/opt/lampp/lib/php/doc/Stream_Var/examples/example_file.php HTTP/1.1" 200 13823
104.22.1.80 - - [28/Jul/2026:13:57:14 +0000] "GET /admin/gallery/eval.php?path=/opt/lampp/lib/php/doc/Auth/examples&viewfile=/opt/lampp/lib/php/doc/Auth/examples/logging.php HTTP/1.1" 200 14569
172.71.31.223 - - [28/Jul/2026:13:57:15 +0000] "GET /admin/gallery/eval.php?path=/opt/lampp/lib/php/HTML/Template/Xipe/Filter&viewfile=/opt/lampp/lib/php/HTML/Template/Xipe/Filter/Modifier.php HTTP/1.1" 200 28079
104.22.1.80 - - [28/Jul/2026:13:57:16 +0000] "GET /admin/gallery/eval.php?path=/opt/lampp/lib/php/PHPUnit/Util/PHP&viewfile=/opt/lampp/lib/php/PHPUnit/Util/PHP/Default.php HTTP/1.1" 200 15373
172.71.31.223 - - [28/Jul/2026:13:57:16 +0000] "GET /admin/gallery/eval.php?path=/opt/lampp/lib/php/test/XML_Serializer/tests&viewfile=/opt/lampp/lib/php/test/XML_Serializer/tests/Serializer_Option_ReturnResult_TestCase.php HTTP/1.1" 200 14807
104.22.1.80 - - [28/Jul/2026:13:57:17 +0000] "GET /admin/gallery/eval.php?path=/opt/lampp/lib/php/PHPUnit/Util&viewfile=/opt/lampp/lib/php/PHPUnit/Util/ErrorHandler.php HTTP/1.1" 200 17291
172.71.31.223 - - [28/Jul/2026:13:57:18 +0000] "GET /admin/gallery/eval.php?path=/opt/lampp/lib/php/test/HTML_Progress/tests&viewfile=/opt/lampp/lib/php/test/HTML_Progress/tests/HTML_Progress_TestCase_UI_getProgressAttributes.php HTTP/1.1" 200 15494
104.22.1.80 - - [28/Jul/2026:13:57:18 +0000] "GET /admin/gallery/eval.php?path=/opt/lampp/lib/php/Science/Chemistry&viewfile=/opt/lampp/lib/php/Science/Chemistry/Element.php HTTP/1.1" 200 16277
172.71.31.223 - - [28/Jul/2026:13:57:19 +0000] "GET /admin/gallery/eval.php?path=/opt/lampp/lib/php/test/XML_Serializer/tests&viewfile=/opt/lampp/lib/php/test/XML_Serializer/tests/Unserializer_Option_Whitespace_TestCase.php HTTP/1.1" 200 15797
104.22.1.80 - - [28/Jul/2026:13:57:19 +0000] "GET /admin/gallery/eval.php?path=/opt/lampp/lib/php/doc/Cache_Lite/docs&viewfile=/opt/lampp/lib/php/doc/Cache_Lite/docs/technical HTTP/1.1" 200 14070
172.71.31.223 - - [28/Jul/2026:13:57:20 +0000] "GET /admin/gallery/eval.php?path=/opt/lampp/lib/php/test/XML_Serializer/tests&viewfile=/opt/lampp/lib/php/test/XML_Serializer/tests/Unserializer_Option_GuessTypes_TestCase.php HTTP/1.1" 200 15848
104.22.1.80 - - [28/Jul/2026:13:57:21 +0000] "GET /admin/gallery/eval.php?path=/opt/lampp/lib/php/doc/Auth/examples&viewfile=/opt/lampp/lib/php/doc/Auth/examples/multi-container.php HTTP/1.1" 200 14821
172.71.31.223 - - [28/Jul/2026:13:57:22 +0000] "GET /admin/gallery/eval.php?path=/opt/lampp/lib/php/doc/Stream_Var/examples&viewfile=/opt/lampp/lib/php/doc/Stream_Var/examples/example_dir.php HTTP/1.1" 200 13573
104.22.1.80 - - [28/Jul/2026:13:57:22 +0000] "GET /admin/gallery/eval.php?path=/opt/lampp/lib/php/PHP/CodeCoverage/Report&viewfile=/opt/lampp/lib/php/PHP/CodeCoverage/Report/Node.php HTTP/1.1" 200 22442
104.22.1.80 - - [28/Jul/2026:13:57:23 +0000] "GET /admin/gallery/eval.php?path=/opt/lampp/lib/php/Image/GIS/Renderer&viewfile=/opt/lampp/lib/php/Image/GIS/Renderer/SVG.php HTTP/1.1" 200 16417
104.22.57.30 - - [28/Jul/2026:13:57:24 +0000] "GET /admin/gallery/eval.php?path=/opt/lampp/lib/php/doc/Tree/docs/TreeEditor&viewfile=/opt/lampp/lib/php/doc/Tree/docs/TreeEditor/folder.gif HTTP/1.1" 200 12822
172.71.31.223 - - [28/Jul/2026:13:57:25 +0000] "GET /admin/gallery/eval.php?path=/opt/lampp/lib/php/HTML/Template/Xipe/Filter&viewfile=/opt/lampp/lib/php/HTML/Template/Xipe/Filter/Basic.php HTTP/1.1" 200 32977
172.71.31.150 - - [28/Jul/2026:13:57:25 +0000] "GET /admin/gallery/eval.php?path=/opt/lampp/lib/php/doc/Tree/docs/TreeEditor&viewfile=/opt/lampp/lib/php/doc/Tree/docs/TreeEditor/copy.gif HTTP/1.1" 200 12816
104.22.1.80 - - [28/Jul/2026:13:57:27 +0000] "GET /admin/gallery/eval.php?path=/opt/lampp/lib/php/doc/FSM/examples&viewfile=/opt/lampp/lib/php/doc/FSM/examples/graphviz.php HTTP/1.1" 200 12887
104.23.245.9 - - [28/Jul/2026:13:57:27 +0000] "GET /admin/gallery/eval.php?path=/opt/lampp/lib/php/doc/Tree/docs/TreeEditor&viewfile=/opt/lampp/lib/php/doc/Tree/docs/TreeEditor/delete.gif HTTP/1.1" 200 12822
104.22.1.80 - - [28/Jul/2026:13:57:28 +0000] "GET /admin/gallery/eval.php?path=/opt/lampp/lib/php/Var_Dump/Renderer&viewfile=/opt/lampp/lib/php/Var_Dump/Renderer/Table.php HTTP/1.1" 200 24415
172.71.31.223 - - [28/Jul/2026:13:57:29 +0000] "GET /admin/gallery/eval.php?path=/opt/lampp/lib/php/doc/Tree/docs/TreeEditor&viewfile=/opt/lampp/lib/php/doc/Tree/docs/TreeEditor/treeClass.php HTTP/1.1" 200 15669
104.22.1.80 - - [28/Jul/2026:13:57:29 +0000] "GET /admin/gallery/eval.php?path=/opt/lampp/lib/php/doc/Cache_Lite/docs&viewfile=/opt/lampp/lib/php/doc/Cache_Lite/docs/examples HTTP/1.1" 200 17764
172.71.31.223 - - [28/Jul/2026:13:57:30 +0000] "GET /admin/gallery/eval.php?path=/opt/lampp/lib/php/doc/PHPUnit&viewfile=/opt/lampp/lib/php/doc/PHPUnit/ChangeLog.markdown HTTP/1.1" 200 16519
104.22.1.80 - - [28/Jul/2026:13:57:31 +0000] "GET /admin/gallery/eval.php?path=/opt/lampp/lib/php/PHP/CodeCoverage&viewfile=/opt/lampp/lib/php/PHP/CodeCoverage/Driver.php HTTP/1.1" 200 15388
104.22.1.80 - - [28/Jul/2026:13:57:32 +0000] "GET /admin/gallery/eval.php?path=/opt/lampp/lib/php/doc/Benchmark/doc&viewfile=/opt/lampp/lib/php/doc/Benchmark/doc/timer_example.php HTTP/1.1" 200 14307
172.71.31.223 - - [28/Jul/2026:13:57:32 +0000] "GET /admin/gallery/eval.php?path=/opt/lampp/lib/php/test/HTML_Template_IT/tests/templates&viewfile=/opt/lampp/lib/php/test/HTML_Template_IT/tests/templates/loadtemplatefile.html HTTP/1.1" 200 13051
104.22.1.80 - - [28/Jul/2026:13:57:33 +0000] "GET /admin/gallery/eval.php?path=/opt/lampp/lib/php/Science/Chemistry&viewfile=/opt/lampp/lib/php/Science/Chemistry/Atom.php HTTP/1.1" 200 18317
172.71.31.56 - - [28/Jul/2026:13:57:34 +0000] "GET /admin/gallery/eval.php?path=/opt/lampp/lib/php/doc/Tree/docs/TreeEditor&viewfile=/opt/lampp/lib/php/doc/Tree/docs/TreeEditor/closedFolder.gif HTTP/1.1" 200 12840
104.22.1.80 - - [28/Jul/2026:13:57:34 +0000] "GET /admin/gallery/eval.php?path=/opt/lampp/lib/php/PHPUnit/Util/Skeleton&viewfile=/opt/lampp/lib/php/PHPUnit/Util/Skeleton/Test.php HTTP/1.1" 200 26947
172.71.31.223 - - [28/Jul/2026:13:57:36 +0000] "GET /admin/gallery/eval.php?path=/opt/lampp/lib/php/HTML/QuickForm&viewfile=/opt/lampp/lib/php/HTML/QuickForm/password.php HTTP/1.1" 200 16067
104.22.1.80 - - [28/Jul/2026:13:57:36 +0000] "GET /admin/gallery/eval.php?path=/opt/lampp/lib/php/Image/GIS/Renderer&viewfile=/opt/lampp/lib/php/Image/GIS/Renderer/GD.php HTTP/1.1" 200 16213
172.71.31.223 - - [28/Jul/2026:13:57:37 +0000] "GET /admin/gallery/eval.php?path=/opt/lampp/lib/php/HTML/QuickForm&viewfile=/opt/lampp/lib/php/HTML/QuickForm/Renderer.php HTTP/1.1" 200 16889
104.22.1.80 - - [28/Jul/2026:13:57:37 +0000] "GET /admin/gallery/eval.php?path=/opt/lampp/lib/php/PEAR/Installer/Role&viewfile=/opt/lampp/lib/php/PEAR/Installer/Role/Php.php HTTP/1.1" 200 13493
172.71.31.223 - - [28/Jul/2026:13:57:38 +0000] "GET /admin/gallery/eval.php?path=/opt/lampp/lib/php/HTML/QuickForm&viewfile=/opt/lampp/lib/php/HTML/QuickForm/checkbox.php HTTP/1.1" 200 20569
104.22.1.80 - - [28/Jul/2026:13:57:38 +0000] "GET /admin/gallery/eval.php?path=/opt/lampp/lib/php/Structures/Graph&viewfile=/opt/lampp/lib/php/Structures/Graph/Node.php HTTP/1.1" 200 12602
172.71.31.223 - - [28/Jul/2026:13:57:40 +0000] "GET /admin/gallery/eval.php?path=/opt/lampp/lib/php/Mail/Queue/Container&viewfile=/opt/lampp/lib/php/Mail/Queue/Container/db.php HTTP/1.1" 200 29444
104.22.1.80 - - [28/Jul/2026:13:57:40 +0000] "GET /admin/gallery/eval.php?path=/opt/lampp/lib/php/test/PEAR_Info/tests/pear_dir/.registry/.channel.__uri&viewfile=/opt/lampp/lib/php/test/PEAR_Info/tests/pear_dir/.registry/.channel.__uri/empty_dir.txt HTTP/1.1" 200 13484
104.22.1.80 - - [28/Jul/2026:13:57:41 +0000] "GET /admin/gallery/eval.php?path=/opt/lampp/lib/php/PHPUnit/Util&viewfile=/opt/lampp/lib/php/PHPUnit/Util/Filesystem.php HTTP/1.1" 200 16463
172.71.31.223 - - [28/Jul/2026:13:57:41 +0000] "GET /admin/gallery/eval.php?path=/opt/lampp/lib/php/doc/Log/examples&viewfile=/opt/lampp/lib/php/doc/Log/examples/error_log.php HTTP/1.1" 200 12861
104.22.1.80 - - [28/Jul/2026:13:57:42 +0000] "GET /admin/gallery/eval.php?path=/opt/lampp/lib/php/Tree/Memory&viewfile=/opt/lampp/lib/php/Tree/Memory/MDBnested.php HTTP/1.1" 200 15545
172.71.31.223 - - [28/Jul/2026:13:57:42 +0000] "GET /admin/gallery/eval.php?path=/opt/lampp/lib/php/PHP/CodeCoverage/Report&viewfile=/opt/lampp/lib/php/PHP/CodeCoverage/Report/Clover.php HTTP/1.1" 200 26128
172.71.31.223 - - [28/Jul/2026:13:57:44 +0000] "GET /admin/gallery/eval.php?path=/opt/lampp/lib/php/Math/Fibonacci&viewfile=/opt/lampp/lib/php/Math/Fibonacci/_fibonacciTable.php HTTP/1.1" 200 45983
108.162.237.31 - - [28/Jul/2026:13:57:44 +0000] "GET /admin/gallery/eval.php?path=/opt/lampp/phpmyadmin/themes/pmahomme/img/pmd&viewfile=/opt/lampp/phpmyadmin/themes/pmahomme/img/pmd/grid.png HTTP/1.1" 200 12821
172.71.31.223 - - [28/Jul/2026:13:57:45 +0000] "GET /admin/gallery/eval.php?path=/opt/lampp/lib/php/doc/Log/examples&viewfile=/opt/lampp/lib/php/doc/Log/examples/observer_mail.php HTTP/1.1" 200 13363
172.68.71.52 - - [28/Jul/2026:13:57:46 +0000] "GET /admin/gallery/eval.php?path=/opt/lampp/phpmyadmin/themes/pmahomme/img/pmd&viewfile=/opt/lampp/phpmyadmin/themes/pmahomme/img/pmd/bord.png HTTP/1.1" 200 12821
172.71.31.223 - - [28/Jul/2026:13:57:47 +0000] "GET /admin/gallery/eval.php?path=/opt/lampp/lib/php/Math/examples&viewfile=/opt/lampp/lib/php/Math/examples/ex_stats_cummulative_data.php HTTP/1.1" 200 15268
104.22.24.99 - - [28/Jul/2026:13:57:48 +0000] "GET /admin/gallery/eval.php?path=/opt/lampp/phpmyadmin/themes/pmahomme/img/pmd&viewfile=/opt/lampp/phpmyadmin/themes/pmahomme/img/pmd/table.png HTTP/1.1" 200 12824
172.69.70.58 - - [28/Jul/2026:13:57:49 +0000] "GET /admin/gallery/eval.php?path=/opt/lampp/lib/php/doc/Tree/docs/TreeEditor&viewfile=/opt/lampp/lib/php/doc/Tree/docs/TreeEditor/paste.gif HTTP/1.1" 200 12819
172.71.31.223 - - [28/Jul/2026:13:57:50 +0000] "GET /admin/gallery/eval.php?path=/opt/lampp/lib/php/PHP/CodeCoverage/Report&viewfile=/opt/lampp/lib/php/PHP/CodeCoverage/Report/PHP.php HTTP/1.1" 200 15726
104.22.1.81 - - [28/Jul/2026:13:57:50 +0000] "GET /admin/gallery/eval.php?path=/opt/lampp/phpmyadmin/locale/uk/LC_MESSAGES&viewfile=/opt/lampp/phpmyadmin/locale/uk/LC_MESSAGES/phpmyadmin.mo HTTP/1.1" 200 12732
104.22.1.81 - - [28/Jul/2026:13:57:51 +0000] "GET /admin/gallery/eval.php?path=/opt/lampp/phpmyadmin/locale/bg/LC_MESSAGES&viewfile=/opt/lampp/phpmyadmin/locale/bg/LC_MESSAGES/phpmyadmin.mo HTTP/1.1" 200 12732
172.71.31.223 - - [28/Jul/2026:13:57:51 +0000] "GET /admin/gallery/eval.php?path=/opt/lampp/lib/php/doc/Log/examples&viewfile=/opt/lampp/lib/php/doc/Log/examples/pear_error_handler.php HTTP/1.1" 200 13344
172.71.31.223 - - [28/Jul/2026:13:57:53 +0000] "GET /admin/gallery/eval.php?path=/opt/lampp/lib/php/PHP/CodeCoverage&viewfile=/opt/lampp/lib/php/PHP/CodeCoverage/Util.php HTTP/1.1" 200 23079
104.22.1.81 - - [28/Jul/2026:13:57:53 +0000] "GET /admin/gallery/eval.php?path=/opt/lampp/phpmyadmin/locale/bn/LC_MESSAGES&viewfile=/opt/lampp/phpmyadmin/locale/bn/LC_MESSAGES/phpmyadmin.mo HTTP/1.1" 200 12732
172.71.31.223 - - [28/Jul/2026:13:57:54 +0000] "GET /admin/gallery/eval.php?path=/opt/lampp/lib/php/Mail/Queue/Container&viewfile=/opt/lampp/lib/php/Mail/Queue/Container/mdb.php HTTP/1.1" 200 33071
104.22.1.81 - - [28/Jul/2026:13:57:54 +0000] "GET /admin/gallery/eval.php?path=/opt/lampp/phpmyadmin/locale/nb/LC_MESSAGES&viewfile=/opt/lampp/phpmyadmin/locale/nb/LC_MESSAGES/phpmyadmin.mo HTTP/1.1" 200 12732
172.71.31.223 - - [28/Jul/2026:13:57:56 +0000] "GET /admin/gallery/eval.php?path=/opt/lampp/lib/php/doc/Log/examples&viewfile=/opt/lampp/lib/php/doc/Log/examples/firebug.php HTTP/1.1" 200 12959
104.22.1.81 - - [28/Jul/2026:13:57:56 +0000] "GET /admin/gallery/eval.php?path=/opt/lampp/phpmyadmin/locale/cs/LC_MESSAGES&viewfile=/opt/lampp/phpmyadmin/locale/cs/LC_MESSAGES/phpmyadmin.mo HTTP/1.1" 200 12732
172.71.31.223 - - [28/Jul/2026:13:57:57 +0000] "GET /admin/gallery/eval.php?path=/opt/lampp/lib/php/PHPUnit/Util&viewfile=/opt/lampp/lib/php/PHPUnit/Util/ErrorHandler.php HTTP/1.1" 200 17291
104.22.1.81 - - [28/Jul/2026:13:57:57 +0000] "GET /admin/gallery/eval.php?path=/opt/lampp/phpmyadmin/locale/sk/LC_MESSAGES&viewfile=/opt/lampp/phpmyadmin/locale/sk/LC_MESSAGES/phpmyadmin.mo HTTP/1.1" 200 12732
172.68.211.130 - - [28/Jul/2026:13:57:58 +0000] "GET / HTTP/1.1" 200 72236
172.71.31.223 - - [28/Jul/2026:13:57:58 +0000] "GET /admin/gallery/eval.php?path=/opt/lampp/lib/php/Science/Chemistry&viewfile=/opt/lampp/lib/php/Science/Chemistry/Element.php HTTP/1.1" 200 16277
104.22.1.81 - - [28/Jul/2026:13:57:58 +0000] "GET /admin/gallery/eval.php?path=/opt/lampp/phpmyadmin/locale/sq/LC_MESSAGES&viewfile=/opt/lampp/phpmyadmin/locale/sq/LC_MESSAGES/phpmyadmin.mo HTTP/1.1" 200 12732
172.71.31.223 - - [28/Jul/2026:13:58:00 +0000] "GET /admin/gallery/eval.php?path=/opt/lampp/lib/php/PHP/CodeCoverage&viewfile=/opt/lampp/lib/php/PHP/CodeCoverage/Filter.php HTTP/1.1" 200 22988
172.71.172.4 - - [28/Jul/2026:13:58:01 +0000] "GET / HTTP/1.1" 200 72236
172.70.242.89 - - [28/Jul/2026:13:58:01 +0000] "GET /config.js HTTP/1.1" 404 1043
172.71.164.190 - - [28/Jul/2026:13:58:01 +0000] "GET /.env.local HTTP/1.1" 404 1043
172.71.164.191 - - [28/Jul/2026:13:58:01 +0000] "GET /.env HTTP/1.1" 404 1043
172.71.164.190 - - [28/Jul/2026:13:58:01 +0000] "GET /config.json HTTP/1.1" 404 1043
172.71.172.4 - - [28/Jul/2026:13:58:01 +0000] "GET /.env.production HTTP/1.1" 404 1043
162.158.95.93 - - [28/Jul/2026:13:58:01 +0000] "GET /.env.example HTTP/1.1" 404 1043
172.68.70.112 - - [28/Jul/2026:13:58:00 +0000] "GET /admin/gallery/eval.php?path=/opt/lampp/phpmyadmin/js/jquery/src/jquery/core&viewfile=/opt/lampp/phpmyadmin/js/jquery/src/jquery/core/DOMEval.js HTTP/1.1" 200 13232
172.70.240.66 - - [28/Jul/2026:13:58:01 +0000] "GET /api/config HTTP/1.1" 404 1043
104.23.239.16 - - [28/Jul/2026:13:58:01 +0000] "GET /api/env HTTP/1.1" 404 1043
172.71.31.223 - - [28/Jul/2026:13:58:01 +0000] "GET /admin/gallery/eval.php?path=/opt/lampp/lib/php/PHPUnit/Util/PHP&viewfile=/opt/lampp/lib/php/PHPUnit/Util/PHP/Default.php HTTP/1.1" 200 15373
104.23.239.51 - - [28/Jul/2026:13:58:02 +0000] "GET /js/env.js HTTP/1.1" 404 1043
172.71.164.106 - - [28/Jul/2026:13:58:02 +0000] "GET /settings.js HTTP/1.1" 404 1043
172.71.31.223 - - [28/Jul/2026:13:58:02 +0000] "GET /admin/gallery/eval.php?path=/opt/lampp/lib/php/HTML/Template/Xipe&viewfile=/opt/lampp/lib/php/HTML/Template/Xipe/XMLConfig.php HTTP/1.1" 200 27086
172.71.144.129 - - [28/Jul/2026:13:58:03 +0000] "GET /magnific-popup/jquery.magnific-popup.js HTTP/1.1" 404 1043
104.23.245.78 - - [28/Jul/2026:13:58:03 +0000] "GET /admin/gallery/eval.php?path=/opt/lampp/phpmyadmin/js/jquery/src/jquery/ajax&viewfile=/opt/lampp/phpmyadmin/js/jquery/src/jquery/ajax/parseXML.js HTTP/1.1" 200 13532
172.71.31.223 - - [28/Jul/2026:13:58:04 +0000] "GET /admin/gallery/eval.php?path=/opt/lampp/lib/php/Net/NNTP/Protocol&viewfile=/opt/lampp/lib/php/Net/NNTP/Protocol/Client.php HTTP/1.1" 200 12673
::1 - - [28/Jul/2026:13:58:05 +0000] "OPTIONS * HTTP/1.0" 200 -
172.71.31.223 - - [28/Jul/2026:13:58:05 +0000] "GET /admin/gallery/eval.php?path=/opt/lampp/lib/php/doc/Cache_Lite/docs&viewfile=/opt/lampp/lib/php/doc/Cache_Lite/docs/technical HTTP/1.1" 200 14070
::1 - - [28/Jul/2026:13:58:06 +0000] "OPTIONS * HTTP/1.0" 200 -
104.22.1.230 - - [28/Jul/2026:13:58:06 +0000] "GET /admin/gallery/eval.php?path=/opt/lampp/phpmyadmin/js/jquery/src/jquery/core&viewfile=/opt/lampp/phpmyadmin/js/jquery/src/jquery/core/parseHTML.js HTTP/1.1" 200 14646
::1 - - [28/Jul/2026:13:58:07 +0000] "OPTIONS * HTTP/1.0" 200 -
172.71.31.223 - - [28/Jul/2026:13:58:06 +0000] "GET /admin/gallery/eval.php?path=/opt/lampp/lib/php/doc/Pager/examples&viewfile=/opt/lampp/lib/php/doc/Pager/examples/Pager_Wrapper.php HTTP/1.1" 200 24556
::1 - - [28/Jul/2026:13:58:08 +0000] "OPTIONS * HTTP/1.0" 200 -
172.71.31.223 - - [28/Jul/2026:13:58:08 +0000] "GET /admin/gallery/eval.php?path=/opt/lampp/lib/php/Payment_Clieop/Samples&viewfile=/opt/lampp/lib/php/Payment_Clieop/Samples/debtor.php HTTP/1.1" 200 14336
104.22.1.81 - - [28/Jul/2026:13:58:08 +0000] "GET /admin/gallery/eval.php?path=/opt/lampp/lib/php/HTML/Template&viewfile=/opt/lampp/lib/php/HTML/Template/IT_Error.php HTTP/1.1" 200 14868
::1 - - [28/Jul/2026:13:58:09 +0000] "OPTIONS * HTTP/1.0" 200 -
104.22.1.81 - - [28/Jul/2026:13:58:09 +0000] "GET /admin/gallery/eval.php?path=/opt/lampp/lib/php/HTML/Template&viewfile=/opt/lampp/lib/php/HTML/Template/PHPLIB.php HTTP/1.1" 200 34880
172.71.31.223 - - [28/Jul/2026:13:58:09 +0000] "GET /admin/gallery/eval.php?path=/opt/lampp/lib/php/HTML/Template/Xipe&viewfile=/opt/lampp/lib/php/HTML/Template/Xipe/Options.php HTTP/1.1" 200 18215
::1 - - [28/Jul/2026:13:58:10 +0000] "OPTIONS * HTTP/1.0" 200 -
::1 - - [28/Jul/2026:13:58:11 +0000] "OPTIONS * HTTP/1.0" 200 -
104.22.1.81 - - [28/Jul/2026:13:58:10 +0000] "GET /admin/gallery/eval.php?path=/opt/lampp/include/php/Zend&viewfile=/opt/lampp/include/php/Zend/zend_portability.h HTTP/1.1" 200 26711
172.71.31.223 - - [28/Jul/2026:13:58:10 +0000] "GET /admin/gallery/eval.php?path=/opt/lampp/lib/php/Payment_Clieop&viewfile=/opt/lampp/lib/php/Payment_Clieop/clieop_transaction.php HTTP/1.1" 200 18495
::1 - - [28/Jul/2026:13:58:12 +0000] "OPTIONS * HTTP/1.0" 200 -
104.22.1.81 - - [28/Jul/2026:13:58:12 +0000] "GET /admin/gallery/eval.php?path=/opt/lampp/lib/php/test/HTML_Template_IT/tests/templates&viewfile=/opt/lampp/lib/php/test/HTML_Template_IT/tests/templates/globals.html HTTP/1.1" 200 13344
172.71.31.223 - - [28/Jul/2026:13:58:12 +0000] "GET /admin/gallery/eval.php?path=/opt/lampp/lib/php/PHPUnit/Util/PHP&viewfile=/opt/lampp/lib/php/PHPUnit/Util/PHP/Windows.php HTTP/1.1" 200 16013
::1 - - [28/Jul/2026:13:58:13 +0000] "OPTIONS * HTTP/1.0" 200 -
172.71.31.223 - - [28/Jul/2026:13:58:13 +0000] "GET /admin/gallery/eval.php?path=/opt/lampp/lib/php/Mail/Queue/Container&viewfile=/opt/lampp/lib/php/Mail/Queue/Container/creole.php HTTP/1.1" 200 27942
104.22.1.81 - - [28/Jul/2026:13:58:13 +0000] "GET /admin/gallery/eval.php?path=/opt/lampp/lib/php/test/HTML_Template_IT/tests/templates&viewfile=/opt/lampp/lib/php/test/HTML_Template_IT/tests/templates/blocks.html HTTP/1.1" 200 13200
::1 - - [28/Jul/2026:13:58:14 +0000] "OPTIONS * HTTP/1.0" 200 -
::1 - - [28/Jul/2026:13:58:15 +0000] "OPTIONS * HTTP/1.0" 200 -
172.71.31.223 - - [28/Jul/2026:13:58:14 +0000] "GET /admin/gallery/eval.php?path=/opt/lampp/lib/php/doc/Auth/examples&viewfile=/opt/lampp/lib/php/doc/Auth/examples/logging.php HTTP/1.1" 200 14569
104.22.1.81 - - [28/Jul/2026:13:58:15 +0000] "GET /admin/gallery/eval.php?path=/opt/lampp/phpmyadmin/locale/ko/LC_MESSAGES&viewfile=/opt/lampp/phpmyadmin/locale/ko/LC_MESSAGES/phpmyadmin.mo HTTP/1.1" 200 12732
::1 - - [28/Jul/2026:13:58:16 +0000] "OPTIONS * HTTP/1.0" 200 -
104.22.1.81 - - [28/Jul/2026:13:58:16 +0000] "GET /admin/gallery/eval.php?path=/opt/lampp/phpmyadmin/locale/fi/LC_MESSAGES&viewfile=/opt/lampp/phpmyadmin/locale/fi/LC_MESSAGES/phpmyadmin.mo HTTP/1.1" 200 12732
::1 - - [28/Jul/2026:13:58:17 +0000] "OPTIONS * HTTP/1.0" 200 -
172.71.31.223 - - [28/Jul/2026:13:58:17 +0000] "GET /admin/gallery/eval.php?path=/opt/lampp/lib/php/doc/Log/examples&viewfile=/opt/lampp/lib/php/doc/Log/examples/php_error_handler.php HTTP/1.1" 200 13471
::1 - - [28/Jul/2026:13:58:18 +0000] "OPTIONS * HTTP/1.0" 200 -
104.22.1.81 - - [28/Jul/2026:13:58:17 +0000] "GET /admin/gallery/eval.php?path=/opt/lampp/phpmyadmin/locale/ar/LC_MESSAGES&viewfile=/opt/lampp/phpmyadmin/locale/ar/LC_MESSAGES/phpmyadmin.mo HTTP/1.1" 200 12732
172.71.31.223 - - [28/Jul/2026:13:58:18 +0000] "GET /admin/gallery/eval.php?path=/opt/lampp/lib/php/doc/Auth/examples&viewfile=/opt/lampp/lib/php/doc/Auth/examples/multi-container.php HTTP/1.1" 200 14821
104.22.1.81 - - [28/Jul/2026:13:58:19 +0000] "GET /admin/gallery/eval.php?path=/opt/lampp/phpmyadmin/locale/sl/LC_MESSAGES&viewfile=/opt/lampp/phpmyadmin/locale/sl/LC_MESSAGES/phpmyadmin.mo HTTP/1.1" 200 12732
172.68.70.21 - - [28/Jul/2026:13:58:20 +0000] "GET /admin/gallery/eval.php?path=/opt/lampp/lib/php/doc/Tree/docs/TreeEditor&viewfile=/opt/lampp/lib/php/doc/Tree/docs/TreeEditor/copy.gif HTTP/1.1" 200 12816
104.22.1.81 - - [28/Jul/2026:13:58:20 +0000] "GET /admin/gallery/eval.php?path=/opt/lampp/phpmyadmin/locale/be/LC_MESSAGES&viewfile=/opt/lampp/phpmyadmin/locale/be/LC_MESSAGES/phpmyadmin.mo HTTP/1.1" 200 12732
172.71.31.223 - - [28/Jul/2026:13:58:21 +0000] "GET /admin/gallery/eval.php?path=/opt/lampp/lib/php/PHP/CodeCoverage/Report&viewfile=/opt/lampp/lib/php/PHP/CodeCoverage/Report/Node.php HTTP/1.1" 200 22442
104.22.1.81 - - [28/Jul/2026:13:58:21 +0000] "GET /admin/gallery/eval.php?path=/opt/lampp/phpmyadmin/locale/ia/LC_MESSAGES&viewfile=/opt/lampp/phpmyadmin/locale/ia/LC_MESSAGES/phpmyadmin.mo HTTP/1.1" 200 12732
172.71.31.223 - - [28/Jul/2026:13:58:23 +0000] "GET /admin/gallery/eval.php?path=/opt/lampp/lib/php/PEAR/Installer/Role&viewfile=/opt/lampp/lib/php/PEAR/Installer/Role/Php.php HTTP/1.1" 200 13493
104.22.1.81 - - [28/Jul/2026:13:58:23 +0000] "GET /admin/gallery/eval.php?path=/opt/lampp/phpmyadmin/locale/hu/LC_MESSAGES&viewfile=/opt/lampp/phpmyadmin/locale/hu/LC_MESSAGES/phpmyadmin.mo HTTP/1.1" 200 12732
172.71.31.223 - - [28/Jul/2026:13:58:24 +0000] "GET /admin/gallery/eval.php?path=/opt/lampp/lib/php/PHP/CodeCoverage&viewfile=/opt/lampp/lib/php/PHP/CodeCoverage/Driver.php HTTP/1.1" 200 15388
104.22.1.81 - - [28/Jul/2026:13:58:24 +0000] "GET /admin/gallery/eval.php?path=/opt/lampp/phpmyadmin/locale/lt/LC_MESSAGES&viewfile=/opt/lampp/phpmyadmin/locale/lt/LC_MESSAGES/phpmyadmin.mo HTTP/1.1" 200 12732
172.71.31.223 - - [28/Jul/2026:13:58:25 +0000] "GET /admin/gallery/eval.php?path=/opt/lampp/lib/php/Var_Dump/Renderer&viewfile=/opt/lampp/lib/php/Var_Dump/Renderer/Table.php HTTP/1.1" 200 24415
104.22.1.81 - - [28/Jul/2026:13:58:26 +0000] "GET /admin/gallery/eval.php?path=/opt/lampp/phpmyadmin/locale/nl/LC_MESSAGES&viewfile=/opt/lampp/phpmyadmin/locale/nl/LC_MESSAGES/phpmyadmin.mo HTTP/1.1" 200 12732
172.71.31.223 - - [28/Jul/2026:13:58:27 +0000] "GET /admin/gallery/eval.php?path=/opt/lampp/lib/php/Image/GIS/Renderer&viewfile=/opt/lampp/lib/php/Image/GIS/Renderer/GD.php HTTP/1.1" 200 16213
104.22.1.81 - - [28/Jul/2026:13:58:27 +0000] "GET /admin/gallery/eval.php?path=/opt/lampp/phpmyadmin/locale/gl/LC_MESSAGES&viewfile=/opt/lampp/phpmyadmin/locale/gl/LC_MESSAGES/phpmyadmin.mo HTTP/1.1" 200 12732
172.71.31.223 - - [28/Jul/2026:13:58:28 +0000] "GET /admin/gallery/eval.php?path=/opt/lampp/lib/php/PHPUnit/Util/Skeleton&viewfile=/opt/lampp/lib/php/PHPUnit/Util/Skeleton/Test.php HTTP/1.1" 200 26947
104.22.1.80 - - [28/Jul/2026:13:58:29 +0000] "GET /admin/gallery/eval.php?path=/opt/lampp/phpmyadmin/locale/vi/LC_MESSAGES&viewfile=/opt/lampp/phpmyadmin/locale/vi/LC_MESSAGES/phpmyadmin.mo HTTP/1.1" 200 12732
172.71.31.223 - - [28/Jul/2026:13:58:29 +0000] "GET /admin/gallery/eval.php?path=/opt/lampp/lib/php/doc/FSM/examples&viewfile=/opt/lampp/lib/php/doc/FSM/examples/graphviz.php HTTP/1.1" 200 12887
104.22.1.80 - - [28/Jul/2026:13:58:30 +0000] "GET /admin/gallery/eval.php?path=/opt/lampp/phpmyadmin/locale/az/LC_MESSAGES&viewfile=/opt/lampp/phpmyadmin/locale/az/LC_MESSAGES/phpmyadmin.mo HTTP/1.1" 200 12732
172.71.31.223 - - [28/Jul/2026:13:58:31 +0000] "GET /admin/gallery/eval.php?path=/opt/lampp/lib/php/Structures/Graph&viewfile=/opt/lampp/lib/php/Structures/Graph/Node.php HTTP/1.1" 200 12602
104.22.1.80 - - [28/Jul/2026:13:58:31 +0000] "GET /admin/gallery/eval.php?path=/opt/lampp/phpmyadmin/locale/it/LC_MESSAGES&viewfile=/opt/lampp/phpmyadmin/locale/it/LC_MESSAGES/phpmyadmin.mo HTTP/1.1" 200 12732
172.71.31.223 - - [28/Jul/2026:13:58:32 +0000] "GET /admin/gallery/eval.php?path=/opt/lampp/lib/php/PEAR/Installer/Role&viewfile=/opt/lampp/lib/php/PEAR/Installer/Role/Data.php HTTP/1.1" 200 13498
104.22.1.80 - - [28/Jul/2026:13:58:33 +0000] "GET /admin/gallery/eval.php?path=/opt/lampp/phpmyadmin/locale/tr/LC_MESSAGES&viewfile=/opt/lampp/phpmyadmin/locale/tr/LC_MESSAGES/phpmyadmin.mo HTTP/1.1" 200 12732
172.71.31.223 - - [28/Jul/2026:13:58:34 +0000] "GET /admin/gallery/eval.php?path=/opt/lampp/lib/php/Science/Chemistry&viewfile=/opt/lampp/lib/php/Science/Chemistry/Atom.php HTTP/1.1" 200 18317
104.22.1.80 - - [28/Jul/2026:13:58:34 +0000] "GET /admin/gallery/eval.php?path=/opt/lampp/phpmyadmin/locale/ca/LC_MESSAGES&viewfile=/opt/lampp/phpmyadmin/locale/ca/LC_MESSAGES/phpmyadmin.mo HTTP/1.1" 200 12732
172.71.31.223 - - [28/Jul/2026:13:58:35 +0000] "GET /admin/gallery/eval.php?path=/opt/lampp/lib/php/doc/Benchmark/doc&viewfile=/opt/lampp/lib/php/doc/Benchmark/doc/timer_example.php HTTP/1.1" 200 14307
104.22.1.80 - - [28/Jul/2026:13:58:35 +0000] "GET /admin/gallery/eval.php?path=/opt/lampp/phpmyadmin/locale/ja/LC_MESSAGES&viewfile=/opt/lampp/phpmyadmin/locale/ja/LC_MESSAGES/phpmyadmin.mo HTTP/1.1" 200 12732
172.71.31.223 - - [28/Jul/2026:13:58:36 +0000] "GET /admin/gallery/eval.php?path=/opt/lampp/lib/php/Image/GIS/Renderer&viewfile=/opt/lampp/lib/php/Image/GIS/Renderer/SVG.php HTTP/1.1" 200 16417
104.22.1.80 - - [28/Jul/2026:13:58:37 +0000] "GET /admin/gallery/eval.php?path=/opt/lampp/phpmyadmin/locale/pl/LC_MESSAGES&viewfile=/opt/lampp/phpmyadmin/locale/pl/LC_MESSAGES/phpmyadmin.mo HTTP/1.1" 200 12732
172.71.31.223 - - [28/Jul/2026:13:58:38 +0000] "GET /admin/gallery/eval.php?path=/opt/lampp/lib/php/doc/Cache_Lite/docs&viewfile=/opt/lampp/lib/php/doc/Cache_Lite/docs/examples HTTP/1.1" 200 17764
104.22.1.80 - - [28/Jul/2026:13:58:38 +0000] "GET /admin/gallery/eval.php?path=/opt/lampp/phpmyadmin/locale/et/LC_MESSAGES&viewfile=/opt/lampp/phpmyadmin/locale/et/LC_MESSAGES/phpmyadmin.mo HTTP/1.1" 200 12732
172.71.31.223 - - [28/Jul/2026:13:58:39 +0000] "GET /admin/gallery/eval.php?path=/opt/lampp/lib/php/test/PEAR_Info/tests/pear_dir/.registry/.channel.__uri&viewfile=/opt/lampp/lib/php/test/PEAR_Info/tests/pear_dir/.registry/.channel.__uri/empty_dir.txt HTTP/1.1" 200 13484
104.22.1.80 - - [28/Jul/2026:13:58:39 +0000] "GET /admin/gallery/eval.php?path=/opt/lampp/phpmyadmin/locale/hy/LC_MESSAGES&viewfile=/opt/lampp/phpmyadmin/locale/hy/LC_MESSAGES/phpmyadmin.mo HTTP/1.1" 200 12732
172.71.31.223 - - [28/Jul/2026:13:58:40 +0000] "GET /admin/gallery/eval.php?path=/opt/lampp/lib/php/Tree/Memory&viewfile=/opt/lampp/lib/php/Tree/Memory/MDBnested.php HTTP/1.1" 200 15545
104.22.1.80 - - [28/Jul/2026:13:58:40 +0000] "GET /admin/gallery/eval.php?path=/opt/lampp/phpmyadmin/locale/ro/LC_MESSAGES&viewfile=/opt/lampp/phpmyadmin/locale/ro/LC_MESSAGES/phpmyadmin.mo HTTP/1.1" 200 12732
172.71.31.223 - - [28/Jul/2026:13:58:42 +0000] "GET /admin/gallery/eval.php?path=/opt/lampp/lib/php/PHPUnit/Util&viewfile=/opt/lampp/lib/php/PHPUnit/Util/Filesystem.php HTTP/1.1" 200 16463
104.22.1.80 - - [28/Jul/2026:13:58:42 +0000] "GET /admin/gallery/eval.php?path=/opt/lampp/phpmyadmin/locale/pt/LC_MESSAGES&viewfile=/opt/lampp/phpmyadmin/locale/pt/LC_MESSAGES/phpmyadmin.mo HTTP/1.1" 200 12732
172.71.31.223 - - [28/Jul/2026:13:58:43 +0000] "GET /admin/gallery/eval.php?path=/opt/lampp/lib/terminfo/v&viewfile=/opt/lampp/lib/terminfo/v/vip-H HTTP/1.1" 200 12416
104.22.1.80 - - [28/Jul/2026:13:58:43 +0000] "GET /admin/gallery/eval.php?path=/opt/lampp/phpmyadmin/locale/si/LC_MESSAGES&viewfile=/opt/lampp/phpmyadmin/locale/si/LC_MESSAGES/phpmyadmin.mo HTTP/1.1" 200 12732
172.71.31.223 - - [28/Jul/2026:13:58:44 +0000] "GET /admin/gallery/eval.php?path=/opt/lampp/lib/icu HTTP/1.1" 200 16985
104.22.1.107 - - [28/Jul/2026:13:58:45 +0000] "GET /admin/gallery/eval.php?path=/opt/lampp/phpmyadmin/js/openlayers/src/openlayers/lib/OpenLayers/Lang&viewfile=/opt/lampp/phpmyadmin/js/openlayers/src/openlayers/lib/OpenLayers/Lang/es.js HTTP/1.1" 200 17660
172.69.71.155 - - [28/Jul/2026:13:58:46 +0000] "GET /admin/gallery/eval.php?path=/opt/lampp/phpmyadmin/themes/pmahomme/img/pmd&viewfile=/opt/lampp/phpmyadmin/themes/pmahomme/img/pmd/pdf.png HTTP/1.1" 200 12818
104.22.1.80 - - [28/Jul/2026:13:58:46 +0000] "GET /admin/gallery/eval.php?path=/opt/lampp/phpmyadmin/templates/javascript&viewfile=/opt/lampp/phpmyadmin/templates/javascript/display.phtml HTTP/1.1" 200 13041
172.71.22.13 - - [28/Jul/2026:13:58:48 +0000] "GET /admin/gallery/eval.php?path=/opt/lampp/phpmyadmin/themes/pmahomme/img/pmd&viewfile=/opt/lampp/phpmyadmin/themes/pmahomme/img/pmd/save.png HTTP/1.1" 200 12821
104.22.24.28 - - [28/Jul/2026:13:58:49 +0000] "GET /admin/gallery/eval.php?path=/opt/lampp/phpmyadmin/themes/pmahomme/img&viewfile=/opt/lampp/phpmyadmin/themes/pmahomme/img/b_view_add.png HTTP/1.1" 200 12717
172.71.22.178 - - [28/Jul/2026:13:58:50 +0000] "GET /admin/gallery/eval.php?path=/opt/lampp/phpmyadmin/themes/pmahomme/img/pmd&viewfile=/opt/lampp/phpmyadmin/themes/pmahomme/img/pmd/bord.png HTTP/1.1" 200 12821
104.23.245.136 - - [28/Jul/2026:13:58:51 +0000] "GET /admin/gallery/eval.php?path=/opt/lampp/phpmyadmin/themes/pmahomme/img&viewfile=/opt/lampp/phpmyadmin/themes/pmahomme/img/left_nav_bg.png HTTP/1.1" 200 12720
172.71.31.77 - - [28/Jul/2026:13:58:52 +0000] "GET /admin/gallery/eval.php?path=/opt/lampp/phpmyadmin/themes/pmahomme/img/pmd&viewfile=/opt/lampp/phpmyadmin/themes/pmahomme/img/pmd/def.png HTTP/1.1" 200 12818
172.71.30.32 - - [28/Jul/2026:13:58:53 +0000] "GET /admin/gallery/eval.php?path=/opt/lampp/phpmyadmin/themes/original/img&viewfile=/opt/lampp/phpmyadmin/themes/original/img/b_inline_edit.png HTTP/1.1" 200 12726
172.71.31.223 - - [28/Jul/2026:13:58:54 +0000] "GET /admin/gallery/eval.php?path=/opt/lampp/phpmyadmin/locale/bg/LC_MESSAGES&viewfile=/opt/lampp/phpmyadmin/locale/bg/LC_MESSAGES/phpmyadmin.mo HTTP/1.1" 200 12732
104.23.245.133 - - [28/Jul/2026:13:58:55 +0000] "GET /admin/gallery/eval.php?path=/opt/lampp/phpmyadmin/themes/pmahomme/img&viewfile=/opt/lampp/phpmyadmin/themes/pmahomme/img/b_index_add.png HTTP/1.1" 200 12720
172.71.31.223 - - [28/Jul/2026:13:58:56 +0000] "GET /admin/gallery/eval.php?path=/opt/lampp/phpmyadmin/locale/sq/LC_MESSAGES&viewfile=/opt/lampp/phpmyadmin/locale/sq/LC_MESSAGES/phpmyadmin.mo HTTP/1.1" 200 12732
104.22.56.21 - - [28/Jul/2026:13:58:57 +0000] "GET /admin/gallery/eval.php?path=/opt/lampp/phpmyadmin/themes/pmahomme/img&viewfile=/opt/lampp/phpmyadmin/themes/pmahomme/img/b_column_add.png HTTP/1.1" 200 12723
172.71.31.223 - - [28/Jul/2026:13:58:57 +0000] "GET /admin/gallery/eval.php?path=/opt/lampp/phpmyadmin/locale/cs/LC_MESSAGES&viewfile=/opt/lampp/phpmyadmin/locale/cs/LC_MESSAGES/phpmyadmin.mo HTTP/1.1" 200 12732
172.71.31.223 - - [28/Jul/2026:13:58:58 +0000] "GET /admin/gallery/eval.php?path=/opt/lampp/phpmyadmin/locale/sk/LC_MESSAGES&viewfile=/opt/lampp/phpmyadmin/locale/sk/LC_MESSAGES/phpmyadmin.mo HTTP/1.1" 200 12732
172.71.22.154 - - [28/Jul/2026:13:58:59 +0000] "GET /admin/gallery/eval.php?path=/opt/lampp/phpmyadmin/themes/pmahomme/img&viewfile=/opt/lampp/phpmyadmin/themes/pmahomme/img/b_no_favorite.png HTTP/1.1" 200 12726
172.71.31.223 - - [28/Jul/2026:13:59:01 +0000] "GET /admin/gallery/eval.php?path=/opt/lampp/phpmyadmin/locale/uk/LC_MESSAGES&viewfile=/opt/lampp/phpmyadmin/locale/uk/LC_MESSAGES/phpmyadmin.mo HTTP/1.1" 200 12732
108.162.237.123 - - [28/Jul/2026:13:59:01 +0000] "GET /admin/gallery/eval.php?path=/opt/lampp/phpmyadmin/themes/pmahomme/img&viewfile=/opt/lampp/phpmyadmin/themes/pmahomme/img/b_routine_add.png HTTP/1.1" 200 12726
172.71.31.223 - - [28/Jul/2026:13:59:02 +0000] "GET /admin/gallery/eval.php?path=/opt/lampp/phpmyadmin/locale/nb/LC_MESSAGES&viewfile=/opt/lampp/phpmyadmin/locale/nb/LC_MESSAGES/phpmyadmin.mo HTTP/1.1" 200 12732
104.23.245.89 - - [28/Jul/2026:13:59:03 +0000] "GET /admin/gallery/eval.php?path=/opt/lampp/phpmyadmin/themes/pmahomme/img&viewfile=/opt/lampp/phpmyadmin/themes/pmahomme/img/b_inline_edit.png HTTP/1.1" 200 12726
172.71.31.223 - - [28/Jul/2026:13:59:03 +0000] "GET /admin/gallery/eval.php?path=/opt/lampp/lib/icu/4.8.1.1 HTTP/1.1" 200 14516
104.22.56.112 - - [28/Jul/2026:13:59:05 +0000] "GET /admin/gallery/eval.php?path=/opt/lampp/phpmyadmin/js/openlayers/img&viewfile=/opt/lampp/phpmyadmin/js/openlayers/img/panning-hand-on.png HTTP/1.1" 200 12702
172.71.31.223 - - [28/Jul/2026:13:59:05 +0000] "GET /admin/gallery/eval.php?path=/opt/lampp/lib/icu/current HTTP/1.1" 200 14516
172.71.31.223 - - [28/Jul/2026:13:59:06 +0000] "GET /admin/gallery/eval.php?path=/opt/lampp/phpmyadmin/locale/bn/LC_MESSAGES&viewfile=/opt/lampp/phpmyadmin/locale/bn/LC_MESSAGES/phpmyadmin.mo HTTP/1.1" 200 12732
104.23.245.55 - - [28/Jul/2026:13:59:07 +0000] "GET /admin/gallery/eval.php?path=/opt/lampp/phpmyadmin/themes/original/img&viewfile=/opt/lampp/phpmyadmin/themes/original/img/b_trigger_add.png HTTP/1.1" 200 12726
104.22.1.94 - - [28/Jul/2026:13:59:08 +0000] "GET /admin/gallery/eval.php?path=/opt/lampp/phpmyadmin/js/jquery/src/jquery/core&viewfile=/opt/lampp/phpmyadmin/js/jquery/src/jquery/core/DOMEval.js HTTP/1.1" 200 13232
104.22.24.197 - - [28/Jul/2026:13:59:09 +0000] "GET /admin/gallery/eval.php?path=/opt/lampp/phpmyadmin/themes/pmahomme/img&viewfile=/opt/lampp/phpmyadmin/themes/pmahomme/img/b_table_add.png HTTP/1.1" 200 12720
104.22.1.186 - - [28/Jul/2026:13:59:10 +0000] "GET /admin/gallery/eval.php?path=/opt/lampp/phpmyadmin/js/jquery/src/jquery/ajax&viewfile=/opt/lampp/phpmyadmin/js/jquery/src/jquery/ajax/parseXML.js HTTP/1.1" 200 13532
108.162.238.17 - - [28/Jul/2026:13:59:11 +0000] "GET /admin/gallery/eval.php?path=/opt/lampp/phpmyadmin/themes/pmahomme/img&viewfile=/opt/lampp/phpmyadmin/themes/pmahomme/img/b_trigger_add.png HTTP/1.1" 200 12726
104.22.57.21 - - [28/Jul/2026:13:59:12 +0000] "GET /admin/gallery/eval.php?path=/opt/lampp/phpmyadmin/js/jquery/src/jquery/core&viewfile=/opt/lampp/phpmyadmin/js/jquery/src/jquery/core/parseHTML.js HTTP/1.1" 200 14646
104.22.24.8 - - [28/Jul/2026:13:59:13 +0000] "GET /admin/gallery/eval.php?path=/opt/lampp/phpmyadmin/themes/pmahomme/img&viewfile=/opt/lampp/phpmyadmin/themes/pmahomme/img/b_event_add.png HTTP/1.1" 200 12720
172.71.31.224 - - [28/Jul/2026:13:59:14 +0000] "GET /admin/gallery/eval.php?path=/opt/lampp/lib/php/HTML/Template&viewfile=/opt/lampp/lib/php/HTML/Template/IT_Error.php HTTP/1.1" 200 14868
104.22.1.81 - - [28/Jul/2026:13:59:15 +0000] "GET /admin/gallery/eval.php?path=/opt/lampp/lib/instantclient/sdk/include&viewfile=/opt/lampp/lib/instantclient/sdk/include/occiObjects.h HTTP/1.1" 200 38966
172.71.31.224 - - [28/Jul/2026:13:59:15 +0000] "GET /admin/gallery/eval.php?path=/opt/lampp/include/php/Zend&viewfile=/opt/lampp/include/php/Zend/zend_portability.h HTTP/1.1" 200 26711
104.22.1.81 - - [28/Jul/2026:13:59:17 +0000] "GET /admin/gallery/eval.php?path=/opt/lampp/lib/instantclient/sdk/include&viewfile=/opt/lampp/lib/instantclient/sdk/include/occiCommon.h HTTP/1.1" 200 50021
172.71.31.224 - - [28/Jul/2026:13:59:17 +0000] "GET /admin/gallery/eval.php?path=/opt/lampp/lib/php/HTML/Template&viewfile=/opt/lampp/lib/php/HTML/Template/PHPLIB.php HTTP/1.1" 200 34880
172.71.31.224 - - [28/Jul/2026:13:59:18 +0000] "GET /admin/gallery/eval.php?path=/opt/lampp/lib/php/test/HTML_Template_IT/tests/templates&viewfile=/opt/lampp/lib/php/test/HTML_Template_IT/tests/templates/globals.html HTTP/1.1" 200 13344
108.162.238.150 - - [28/Jul/2026:13:59:19 +0000] "GET /admin/gallery/eval.php?path=/opt/lampp/phpmyadmin/themes/pmahomme/img&viewfile=/opt/lampp/phpmyadmin/themes/pmahomme/img/new_struct_selected.png HTTP/1.1" 200 12744
172.71.31.224 - - [28/Jul/2026:13:59:19 +0000] "GET /admin/gallery/eval.php?path=/opt/lampp/lib/php/test/HTML_Template_IT/tests/templates&viewfile=/opt/lampp/lib/php/test/HTML_Template_IT/tests/templates/blocks.html HTTP/1.1" 200 13200
172.71.31.224 - - [28/Jul/2026:13:59:21 +0000] "GET /admin/gallery/eval.php?path=/opt/lampp/phpmyadmin/locale/et/LC_MESSAGES&viewfile=/opt/lampp/phpmyadmin/locale/et/LC_MESSAGES/phpmyadmin.mo HTTP/1.1" 200 12732
104.23.245.85 - - [28/Jul/2026:13:59:21 +0000] "GET /admin/gallery/eval.php?path=/opt/lampp/phpmyadmin/themes/pmahomme/img&viewfile=/opt/lampp/phpmyadmin/themes/pmahomme/img/new_data_selected_hovered.png HTTP/1.1" 200 12762
172.71.31.224 - - [28/Jul/2026:13:59:22 +0000] "GET /admin/gallery/eval.php?path=/opt/lampp/phpmyadmin/locale/ca/LC_MESSAGES&viewfile=/opt/lampp/phpmyadmin/locale/ca/LC_MESSAGES/phpmyadmin.mo HTTP/1.1" 200 12732
104.22.56.37 - - [28/Jul/2026:13:59:23 +0000] "GET /admin/gallery/eval.php?path=/opt/lampp/phpmyadmin/themes/pmahomme/img&viewfile=/opt/lampp/phpmyadmin/themes/pmahomme/img/new_struct_hovered.png HTTP/1.1" 200 12741
172.71.31.224 - - [28/Jul/2026:13:59:23 +0000] "GET /admin/gallery/eval.php?path=/opt/lampp/phpmyadmin/locale/be/LC_MESSAGES&viewfile=/opt/lampp/phpmyadmin/locale/be/LC_MESSAGES/phpmyadmin.mo HTTP/1.1" 200 12732
172.71.31.224 - - [28/Jul/2026:13:59:24 +0000] "GET /admin/gallery/eval.php?path=/opt/lampp/phpmyadmin/locale/hu/LC_MESSAGES&viewfile=/opt/lampp/phpmyadmin/locale/hu/LC_MESSAGES/phpmyadmin.mo HTTP/1.1" 200 12732
104.23.245.106 - - [28/Jul/2026:13:59:25 +0000] "GET /admin/gallery/eval.php?path=/opt/lampp/phpmyadmin/themes/pmahomme/img&viewfile=/opt/lampp/phpmyadmin/themes/pmahomme/img/new_data_selected.png HTTP/1.1" 200 12738
172.71.31.224 - - [28/Jul/2026:13:59:26 +0000] "GET /admin/gallery/eval.php?path=/opt/lampp/phpmyadmin/locale/it/LC_MESSAGES&viewfile=/opt/lampp/phpmyadmin/locale/it/LC_MESSAGES/phpmyadmin.mo HTTP/1.1" 200 12732
172.71.31.224 - - [28/Jul/2026:13:59:27 +0000] "GET /admin/gallery/eval.php?path=/opt/lampp/phpmyadmin/locale/pl/LC_MESSAGES&viewfile=/opt/lampp/phpmyadmin/locale/pl/LC_MESSAGES/phpmyadmin.mo HTTP/1.1" 200 12732
104.22.56.198 - - [28/Jul/2026:13:59:27 +0000] "GET /admin/gallery/eval.php?path=/opt/lampp/phpmyadmin/themes/pmahomme/img/pmd&viewfile=/opt/lampp/phpmyadmin/themes/pmahomme/img/pmd/resizeright.png HTTP/1.1" 200 12842
172.71.31.224 - - [28/Jul/2026:13:59:28 +0000] "GET /admin/gallery/eval.php?path=/opt/lampp/phpmyadmin/locale/fi/LC_MESSAGES&viewfile=/opt/lampp/phpmyadmin/locale/fi/LC_MESSAGES/phpmyadmin.mo HTTP/1.1" 200 12732
